{"id":35109,"date":"2025-08-29T12:54:31","date_gmt":"2025-08-29T12:54:31","guid":{"rendered":"https:\/\/alfaomega.tv\/librarie\/?post_type=product&#038;p=35109"},"modified":"2025-09-02T07:31:42","modified_gmt":"2025-09-02T07:31:42","slug":"luptatorul-in-inchinare","status":"publish","type":"product","link":"https:\/\/alfaomega.tv\/librarie\/produse\/lauda-si-inchinare\/luptatorul-in-inchinare\/","title":{"rendered":"Lupt\u0103torul \u00een \u00eenchinare"},"content":{"rendered":"<p>&#8222;Luptatorul in inchinare&#8221; ofera o intelegere noua asupra relatiei dintre inchinare si lupta spirituala. In zilele care ne stau in fata, trebuie sa intelegem cum sa ne inaltam in primul rand in inchinare, primind intelepciune, putere si curaj, ca mai apoi sa coborim in batalie pentru a invinge portile iadului si a intemeia Imparatia lui Dumnezeu.<\/p>\n<p>Majoritatea cre\u015ftinilor se concentreaz\u0103 \u00een \u00eenchinare pe rela\u0163ie \u015fi adorare, am\u00e2ndou\u0103 fiind excelente \u015fi bune. Totu\u015fi, adora\u0163ia noastr\u0103 \u015fi dorin\u0163a de a-L cunoa\u015fte pe Dumnezeu trebuie s\u0103 \u00eenainteze c\u0103tre un nou nivel &#8211; acela de a experimenta Voia Lui pe p\u0103m\u00e2nt! Tr\u0103im vremuri importante! Ceea ce Dumnezeu face \u015fi spune \u00een ceruri trebuie s\u0103 se manifeste pe p\u0103m\u00e2nt.<\/p>\n<p>Duhul Domnului l\u0103rge\u015fte aceast\u0103 chemare credincio\u015filor. \u00cen schimb, aceast\u0103 chemare elibereaz\u0103 un sunet din ceruri care este \u00eembr\u0103\u0163i\u015fat de oameni pe \u00eentreg p\u0103m\u00e2ntul. Chemarea la \u00eenchinare ne duce la un nivel mai mare al intimit\u0103\u0163ii &#8211; \u015fi sunetul ei ne cheam\u0103 la r\u0103zboi. C\u00e2ndva, Lucifer a condus \u00een \u00eenchinare oastea angelic\u0103 la adresa Creatorului. Apoi el a decis s\u0103 nu mai fie \u00eenchin\u0103tor &#8211; ci a dorit s\u0103 fie venerat. R\u0102ZBOIUL \u00ceNCHIN\u0102RII a \u00eenceput \u00een acel moment &#8211; \u015fi continu\u0103 \u015fi ast\u0103zi \u00een Biseric\u0103, pe p\u0103m\u00e2nt \u015fi \u00een ceruri. C\u00e2nd ne \u00eenchin\u0103m, adorarea noastr\u0103 urc\u0103 la tronul S\u0103u; \u015fi prin acest proces putem apoi s\u0103 ne implic\u0103m eficient \u00een r\u0103zboi.<\/p>\n<p>Lupt\u0103tori \u00een \u00eenchinare, ridica\u0163i-v\u0103! Acum este timpul ca genera\u0163iile s\u0103 se str\u00e2ng\u0103 \u00een unitate! \u00cenchina\u0163i-v\u0103, intra\u0163i cu \u00eendr\u0103zneal\u0103 \u00een Camera Tronului, fi\u0163i \u00eembr\u0103ca\u0163i cu favoare \u015fi merge\u0163i la r\u0103zboi! R\u0103spunde\u0163i chem\u0103rii! Purta\u0163i r\u0103zboiul! Str\u00e2nge\u0163i seceri\u015ful!<\/p>\n<hr \/>\n<p>CHUCK D. PIERCE este vicepre\u015fedinte al Global Harvest Ministries \u015fi pre\u015fedintele Glory of Zion International Ministries. El este fostul director al Centrului Mondial de Rug\u0103ciune \u015fi co-autor al c\u0103r\u0163ilor The future War of the Church, Possessing Your Inheritance, Ridding Your Home of Spiritual Darkness, The Best Is Yet Ahead and Receiving the Word of the Lord. Chuck, so\u0163ia lui, Pam, \u015fi cei cinci copii ai lor tr\u0103iesc \u00een Denton, Texas.<\/p>\n<p>JOHN DICKSON a condus Trupul lui Cristos \u00een \u00eenchinare din timpul mi\u015fc\u0103rii \u201cJesus Movement\u201d de la \u00eenceputul anilor &#8217;70. \u00cen prezent el conduce \u00eenchinarea la Glory of Zion International care este cunoscut\u0103 pentru lucrarea ei \u00een ce prive\u015fte c\u00e2ntecele profetice \u015fi \u00eenchinarea care  p\u0103trunde.<\/p>\n<hr \/>\n","protected":false},"excerpt":{"rendered":"<p>Aceasta carte ofera o intelegere noua asupra relatiei dintre inchinare si lupta spirituala. In zilele care ne stau in fata, trebuie sa intelegem cum sa ne inaltam in inchinare, primind intelepciune, putere si curaj, ca apoi sa coborim in inchinare.<\/p>\n","protected":false},"featured_media":8644,"template":"","meta":{"_acf_changed":false},"product_brand":[],"product_cat":[20],"product_tag":[],"class_list":{"0":"post-35109","1":"product","2":"type-product","3":"status-publish","4":"has-post-thumbnail","6":"product_cat-lauda-si-inchinare","7":"pa_autori-chuck-d-pierce","8":"pa_format-carte-tiparita","10":"first","11":"instock","12":"shipping-taxable","13":"purchasable","14":"product-type-variable","15":"has-default-attributes"},"acf":[],"_links":{"self":[{"href":"https:\/\/alfaomega.tv\/librarie\/wp-json\/wp\/v2\/product\/35109","targetHints":{"allow":["GET"]}}],"collection":[{"href":"https:\/\/alfaomega.tv\/librarie\/wp-json\/wp\/v2\/product"}],"about":[{"href":"https:\/\/alfaomega.tv\/librarie\/wp-json\/wp\/v2\/types\/product"}],"wp:featuredmedia":[{"embeddable":true,"href":"https:\/\/alfaomega.tv\/librarie\/wp-json\/wp\/v2\/media\/8644"}],"wp:attachment":[{"href":"https:\/\/alfaomega.tv\/librarie\/wp-json\/wp\/v2\/media?parent=35109"}],"wp:term":[{"taxonomy":"product_brand","embeddable":true,"href":"https:\/\/alfaomega.tv\/librarie\/wp-json\/wp\/v2\/product_brand?post=35109"},{"taxonomy":"product_cat","embeddable":true,"href":"https:\/\/alfaomega.tv\/librarie\/wp-json\/wp\/v2\/product_cat?post=35109"},{"taxonomy":"product_tag","embeddable":true,"href":"https:\/\/alfaomega.tv\/librarie\/wp-json\/wp\/v2\/product_tag?post=35109"}],"curies":[{"name":"wp","href":"https:\/\/api.w.org\/{rel}","templated":true}]}}