{"id":35143,"date":"2025-08-29T12:54:44","date_gmt":"2025-08-29T12:54:44","guid":{"rendered":"https:\/\/alfaomega.tv\/librarie\/?post_type=product&#038;p=35143"},"modified":"2025-09-02T09:31:10","modified_gmt":"2025-09-02T09:31:10","slug":"autoritate-in-rugaciune","status":"publish","type":"product","link":"https:\/\/alfaomega.tv\/librarie\/produse\/rugaciune-mijlocire\/autoritate-in-rugaciune\/","title":{"rendered":"Autoritate \u00een rug\u0103ciune"},"content":{"rendered":"<\/p>\n<p>In aceasta carte, Dutch Sheets scoate la iveala un lucru pe care majoritatea dintre noi il vom recunoaste fara greutate, si anume ca o buna parte din timpul in care ne rugam, ne rugam ca niste neputinciosi! Cu mult inainte de a ajunge la sfarsitul cartii, m-am hotarat ca nu o sa ma mai rog ca un invins \u0093 ci ca un biruitor!<\/p>\n<p>Sunt multumitor pentru aceasta uriasa imbunatatire a vietii mele de rugaciune si stiu ca veti fi la fel de captivati ca si mine, cand veti citi Autoritate in rugaciune. C. Peter Wagner &#8211; Rector, Wagner Leadership Institute.<\/p>\n<p>Dutch Sheets le reaminteste credinciosilor ca Dumnezeu este raspunzator si ca El intentioneaza ca oamenii Lui sa fie biruitori. Tu nu trebuie sa permiti pacatului, Satanei sau circumstantelor vietii sa te tina departe de promisiunile uimitoare ale lui Dumnezeu. Cartea \u009eAutoritate in rugaciune\u009d iti arata cum poti sa beneficiezi de pe urma promisiunilor lui Dumnezeu si sa-ti schimbi lumea prin rugaciune.<\/p>\n<p>CUPRINS:<\/p>\n<p>CAPITOLUL 1: INTREBAREA<br \/>CAPITOLUL 2: AUTORUL <br \/>CAPITOLUL 3: POETUL <br \/>CAPITOLUL 4: INSARCINAREA <br \/>CAPITOLUL 5: COMPETITIA <br \/>CAPITOLUL 6: ECLESIA <br \/>CAPITOLUL 7: DINASTIA <br \/>CAPITOLUL 8: VOCEA <br \/>CAPITOLUL 9: SABIA <br \/>CAPITOLUL 10: CERURILE <br \/>CAPITOLUL 11: SALA <br \/>CAPITOLUL 12: INTRERUPEREA <br \/>CAPITOLUL 13: NIVELURILE <br \/>CAPITOLUL 14: GRADELE<\/p>\n<p><strong><img loading=\"lazy\" decoding=\"async\" src=\"images\/librarie_produse\/autori\/dutchsheets_lib.jpg\" alt=\"dutchsheets lib\" width=\"100\" height=\"125\" style=\"margin: 5px;float: left\" \/>DUTCH SHEETS<\/strong> sluje\u015fte ca pastor principal \u00een biserica Spring Harvest Fellowship din Colorado Springs, Colorado. El a primit o diplom\u0103 universitar\u0103 \u00een teologie la Christ for the Nations Institute din Dallas, Texas. Dutch a c\u0103l\u0103torit mult \u00een Statele Unite, Canada, America Central\u0103, Africa \u015fi \u00eentr-o mare parte a Europei, cu scopul de a preda. El, so\u0163ia sa, Ceci, \u015fi cele dou\u0103 fiice ale lor, Sarah \u015fi Hannah, locuiesc \u00een Colorado Springs.<\/p>\n<p>Autor: Dutch Sheets<\/p>\n<p>Editura: Alfa Omega Publishing<\/p>\n<p>Numar de pagini: 171<\/p>\n","protected":false},"excerpt":{"rendered":"<p>Dutch Sheets le reaminteste credinciosilor ca Dumnezeu este raspunzator si ca El intentioneaza ca oamenii Lui sa fie biruitori. Tu nu trebuie sa permiti pacatului, Satanei sau circumstantelor vietii sa te tina departe de promisiunile uimitoare ale lui Dumnezeu.<\/p>\n","protected":false},"featured_media":6099,"template":"","meta":{"_acf_changed":false},"product_brand":[],"product_cat":[22],"product_tag":[],"class_list":{"0":"post-35143","1":"product","2":"type-product","3":"status-publish","4":"has-post-thumbnail","6":"product_cat-rugaciune-mijlocire","7":"pa_autori-dutch-sheets","8":"pa_format-carte-tiparita","9":"pa_format-carte-electronica","11":"first","12":"instock","13":"shipping-taxable","14":"purchasable","15":"product-type-variable"},"acf":[],"_links":{"self":[{"href":"https:\/\/alfaomega.tv\/librarie\/wp-json\/wp\/v2\/product\/35143","targetHints":{"allow":["GET"]}}],"collection":[{"href":"https:\/\/alfaomega.tv\/librarie\/wp-json\/wp\/v2\/product"}],"about":[{"href":"https:\/\/alfaomega.tv\/librarie\/wp-json\/wp\/v2\/types\/product"}],"wp:featuredmedia":[{"embeddable":true,"href":"https:\/\/alfaomega.tv\/librarie\/wp-json\/wp\/v2\/media\/6099"}],"wp:attachment":[{"href":"https:\/\/alfaomega.tv\/librarie\/wp-json\/wp\/v2\/media?parent=35143"}],"wp:term":[{"taxonomy":"product_brand","embeddable":true,"href":"https:\/\/alfaomega.tv\/librarie\/wp-json\/wp\/v2\/product_brand?post=35143"},{"taxonomy":"product_cat","embeddable":true,"href":"https:\/\/alfaomega.tv\/librarie\/wp-json\/wp\/v2\/product_cat?post=35143"},{"taxonomy":"product_tag","embeddable":true,"href":"https:\/\/alfaomega.tv\/librarie\/wp-json\/wp\/v2\/product_tag?post=35143"}],"curies":[{"name":"wp","href":"https:\/\/api.w.org\/{rel}","templated":true}]}}