{"id":35225,"date":"2025-08-29T12:55:10","date_gmt":"2025-08-29T12:55:10","guid":{"rendered":"https:\/\/alfaomega.tv\/librarie\/?post_type=product&#038;p=35225"},"modified":"2025-08-29T12:55:20","modified_gmt":"2025-08-29T12:55:20","slug":"joni","status":"publish","type":"product","link":"https:\/\/alfaomega.tv\/librarie\/produse\/documentare-filme-artistice\/joni\/","title":{"rendered":"Joni"},"content":{"rendered":"<p><strong><i>Joni<\/i><\/strong> este povestea adev\u0103rat\u0103 a lui Joni Eareckson Tada. Avea doar 17 ani c\u00e2nd un accident la \u00eenot i-a fr\u00e2nt g\u00e2tul l\u0103s\u00e2nd-o paralizat\u0103. Lunile care au urmat \u00een via\u021ba ei au fost caracterizate de mari b\u0103t\u0103lii fizice, emo\u021bionale \u0219i spirituale. Joni reproduce bucuriile \u0219i triste\u021bile, temerile \u0219i biruin\u021bele sale, dar mai presus de orice, credin\u021ba \u00een \u00een\u021belepciunea \u0219i certitudinea binecuv\u00e2nt\u0103rilor \u00een iubirea Tat\u0103lui ceresc.<\/p>\n<p>O poveste adevarata care a cucerit inima a milioane de romani.<\/p>\n<p>Titlul original: Joni<\/p>\n<p>Producator: World Wide Pictures (1979)<\/p>\n<p>Durata: 110 minute<\/p>\n","protected":false},"excerpt":{"rendered":"<p>Joni Eareckson Tada reproduce bucuriile \u0219i triste\u021bile, temerile \u0219i biruin\u021bele sale, dar mai presus de orice, credin\u021ba \u00een \u00een\u021belepciunea \u0219i certitudinea binecuv\u00e2nt\u0103rilor \u00een iubirea Tat\u0103lui ceresc.<\/p>\n","protected":false},"featured_media":6637,"template":"","meta":{"_acf_changed":false},"product_brand":[],"product_cat":[33],"product_tag":[],"class_list":{"0":"post-35225","1":"product","2":"type-product","3":"status-publish","4":"has-post-thumbnail","6":"product_cat-documentare-filme-artistice","7":"pa_autori-alfa-omega-tv","8":"pa_format-dvd","10":"first","11":"instock","12":"shipping-taxable","13":"purchasable","14":"product-type-variable"},"acf":[],"_links":{"self":[{"href":"https:\/\/alfaomega.tv\/librarie\/wp-json\/wp\/v2\/product\/35225","targetHints":{"allow":["GET"]}}],"collection":[{"href":"https:\/\/alfaomega.tv\/librarie\/wp-json\/wp\/v2\/product"}],"about":[{"href":"https:\/\/alfaomega.tv\/librarie\/wp-json\/wp\/v2\/types\/product"}],"wp:featuredmedia":[{"embeddable":true,"href":"https:\/\/alfaomega.tv\/librarie\/wp-json\/wp\/v2\/media\/6637"}],"wp:attachment":[{"href":"https:\/\/alfaomega.tv\/librarie\/wp-json\/wp\/v2\/media?parent=35225"}],"wp:term":[{"taxonomy":"product_brand","embeddable":true,"href":"https:\/\/alfaomega.tv\/librarie\/wp-json\/wp\/v2\/product_brand?post=35225"},{"taxonomy":"product_cat","embeddable":true,"href":"https:\/\/alfaomega.tv\/librarie\/wp-json\/wp\/v2\/product_cat?post=35225"},{"taxonomy":"product_tag","embeddable":true,"href":"https:\/\/alfaomega.tv\/librarie\/wp-json\/wp\/v2\/product_tag?post=35225"}],"curies":[{"name":"wp","href":"https:\/\/api.w.org\/{rel}","templated":true}]}}