{"id":35251,"date":"2025-08-29T12:55:22","date_gmt":"2025-08-29T12:55:22","guid":{"rendered":"https:\/\/alfaomega.tv\/librarie\/?post_type=product&#038;p=35251"},"modified":"2025-09-01T10:13:59","modified_gmt":"2025-09-01T10:13:59","slug":"rugaciuni-care-rup-blestemele","status":"publish","type":"product","link":"https:\/\/alfaomega.tv\/librarie\/produse\/rugaciune-mijlocire\/rugaciuni-care-rup-blestemele\/","title":{"rendered":"Rug\u0103ciuni care rup blestemele"},"content":{"rendered":"<p>Via\u021ba ta e caracterizat\u0103 de un curs continuu de e\u0219ecuri \u0219i nenorociri? \u021ai se pare c\u0103, indiferent ce faci, nu po\u021bi avea parte de binecuv\u00e2ntarea lui Dumnezeu? S-ar putea s\u0103 tr\u0103ie\u0219ti sub influen\u021ba unui blestem.<\/p>\n<p>&#8222;Rug\u0103ciuni care Rup Blestemele&#8221; este manualul t\u0103u de referin\u021b\u0103 pentru a sta \u00eempotriva influen\u021belor demonice \u0219i pentru a le \u00eempiedica s\u0103 ac\u021bioneze \u00een via\u021ba ta. Combin\u00e2nd rug\u0103ciuni puternice cu declara\u021bii luate din Scriptur\u0103, ea te ajut\u0103 s\u0103 stai puternic \u00een credin\u021b\u0103, identific\u00e2nd domeniile din via\u021ba ta \u00een care s-ar putea s\u0103 fii vulnerabil la atacurile Satanei, domenii cum ar fi:<\/p>\n<p><strong>FINAN\u021aE \u2013 M\u00c2NDRIE \u2013 R\u0102ZVR\u0102TIRE \u2013 RELA\u021aII <\/strong><\/p>\n<p>Rug\u0103ciunea \u0219i m\u0103rturisirea Scripturii sunt dou\u0103 dintre cele mai puternice arme pe care le avem \u00een via\u021b\u0103. Rupe puterile \u00eentunericului \u0219i elibereaz\u0103 vindecare lui Dumnezeu \u00een via\u021ba ta chiar ast\u0103zi!<\/p>\n<p><strong><img loading=\"lazy\" decoding=\"async\" src=\"images\/librarie_produse\/autori\/johneckhardt_lib.jpg\" alt=\"johneckhardt lib\" width=\"100\" height=\"125\" style=\"margin: 5px;float: left\" \/>Apostolul John Eckhardt<\/strong> este supraveghetor al organiza\u021biei Crusaders Ministries, cu sediul \u00een Chicago, Illinois. Av\u00e2nd o puternic\u0103 chemare apostolic\u0103, el a slujit \u00een Statele Unite \u0219i peste ocean, \u00een mai bine de 70 de \u021b\u0103ri. El este un conferen\u021biar interna\u021bional foarte c\u0103utat, a scris peste 20 de c\u0103r\u021bi \u0219i produce zilnic o emisiune la radio. Programul s\u0103u de televiziune, Perfecting the Saints, este vizionat\u0103 s\u0103pt\u0103m\u00e2nal \u00een Statele Unite pe postul The Word Network. Eckhardt locui\u0219te \u00een zona ora\u0219ului Chicago, \u00eempreuna cu so\u021bia sa, Wanda, \u0219i cei cinci copii ai lor.<\/p>\n<p>Num\u0103r de pagini: 85<\/p>\n<p class=\"box-download\"><a href=\"images\/PDF\/fragmente-carti\/pagini_JE_-_rugaciuni_care_rup_blestemele_-_WEB.pdf\" target=\"_blank\" rel=\"noopener noreferrer\" dir=\"ltr\">Descarc\u0103 un fragment din cartea Rug\u0103ciuni care rup blestemele!<\/a><\/p>\n<p><strong>Cuprins:<\/strong><\/p>\n<p>Introducere: Izb\u0103vit de sub blestemul lui Belial<br \/>1. Blesteme cauzate de duhul de idolatrie<br \/>2. Blestemul din am\u0103girea Izabelei<br \/>3. Blestemul unui cuget \u00eensemnat<br \/>4. Blestemat de duhuri de neputin\u021b\u0103<br \/>5. Duhurile de alcool \u0219i de be\u021bie<br \/>6. Duhuri care aduc blesteme de viol \u0219i de abuz sexual<br \/>7. Blestemat de pornografie \u0219i pedofilie<br \/>8. Blestemat cu nelegiuire \u0219i r\u0103zvr\u0103tire<br \/>9. Blestemul leg\u0103turilor suflete\u0219ti p\u0103c\u0103toase \u0219i a necredin\u021bei<br \/>10. Planuri rele .mpotriva celor sfin\u021bi<br \/>11. Dezelag\u0103-te de blestemele lui Belial<br \/>12. La ad\u0103post de duhul lui Belial<\/p>\n<p>Editura: Alfa Omega Publishing<\/p>\n<p>Autor: John Eckhardt<\/p>\n<p>Numar pagini: 83<\/p><\/p>\n","protected":false},"excerpt":{"rendered":"<p>&#8222;Rug\u0103ciuni care Rup Blestemele&#8221; este manualul t\u0103u de referin\u021b\u0103 pentru a sta \u00eempotriva influen\u021belor demonice \u0219i pentru a le \u00eempiedica s\u0103 ac\u021bioneze \u00een via\u021ba ta. Combin\u00e2nd rug\u0103ciuni puternice cu declara\u021bii luate din Scriptur\u0103, ea te ajut\u0103 s\u0103 stai puternic \u00een credin\u021b\u0103, identific\u00e2nd domeniile din via\u021ba ta \u00een care s-ar putea s\u0103 fii vulnerabil la atacurile Satanei.<\/p>\n","protected":false},"featured_media":6733,"template":"","meta":{"_acf_changed":false},"product_brand":[],"product_cat":[22],"product_tag":[],"class_list":{"0":"post-35251","1":"product","2":"type-product","3":"status-publish","4":"has-post-thumbnail","6":"product_cat-rugaciune-mijlocire","7":"pa_autori-john-eckhardt","8":"pa_format-carte-tiparita","10":"first","11":"instock","12":"shipping-taxable","13":"purchasable","14":"product-type-variable","15":"has-default-attributes"},"acf":[],"_links":{"self":[{"href":"https:\/\/alfaomega.tv\/librarie\/wp-json\/wp\/v2\/product\/35251","targetHints":{"allow":["GET"]}}],"collection":[{"href":"https:\/\/alfaomega.tv\/librarie\/wp-json\/wp\/v2\/product"}],"about":[{"href":"https:\/\/alfaomega.tv\/librarie\/wp-json\/wp\/v2\/types\/product"}],"wp:featuredmedia":[{"embeddable":true,"href":"https:\/\/alfaomega.tv\/librarie\/wp-json\/wp\/v2\/media\/6733"}],"wp:attachment":[{"href":"https:\/\/alfaomega.tv\/librarie\/wp-json\/wp\/v2\/media?parent=35251"}],"wp:term":[{"taxonomy":"product_brand","embeddable":true,"href":"https:\/\/alfaomega.tv\/librarie\/wp-json\/wp\/v2\/product_brand?post=35251"},{"taxonomy":"product_cat","embeddable":true,"href":"https:\/\/alfaomega.tv\/librarie\/wp-json\/wp\/v2\/product_cat?post=35251"},{"taxonomy":"product_tag","embeddable":true,"href":"https:\/\/alfaomega.tv\/librarie\/wp-json\/wp\/v2\/product_tag?post=35251"}],"curies":[{"name":"wp","href":"https:\/\/api.w.org\/{rel}","templated":true}]}}