{"id":35263,"date":"2025-08-29T12:55:32","date_gmt":"2025-08-29T12:55:32","guid":{"rendered":"https:\/\/alfaomega.tv\/librarie\/?post_type=product&#038;p=35263"},"modified":"2025-09-03T12:12:01","modified_gmt":"2025-09-03T12:12:01","slug":"ridicarea-bisericii-in-dimensiunea-mesianica","status":"publish","type":"product","link":"https:\/\/alfaomega.tv\/librarie\/produse\/intelegerea-vremurilor-israel\/ridicarea-bisericii-in-dimensiunea-mesianica\/","title":{"rendered":"Ridicarea Bisericii \u00een dimensiunea Mesianic\u0103"},"content":{"rendered":"<p>Vremurile \u00een care tr\u0103im sunt deosebite! Isus \u00ce\u0219i preg\u0103te\u0219te Mireasa! Duhul lui Dumnezeu restaureaz\u0103 r\u0103d\u0103cinile leg\u0103m\u00e2ntlui \u00een Biserica Lui. Biserica se ridic\u0103 \u00eentr-o putere \u0219i o slav\u0103 cum nu am mai v\u0103zut din secolul \u00eent\u00e2i. Domnul te invit\u0103 s\u0103 iei parte la aceast\u0103 restaurare. \u00cen aceast\u0103 carte vei \u00eenv\u0103\u021ba&#8230;<\/p>\n<ul>\n<li>Secretul puterii Bisericii primare&#8230; \u0219i cum a murit aceasta.<\/li>\n<li>Cum opereaz\u0103 pe p\u0103m\u00e2nt planul de restaurare al lui Dumnezeu.<\/li>\n<li>Cum s\u0103 accesezi bog\u0103\u021biile pierdute ale binecuv\u00e2nt\u0103rilor prin leg\u0103m\u00e2nt.<\/li>\n<li>Cum s\u0103 recuperezi planul lui Dumnezeu pentru odihn\u0103 \u0219i refacere.<\/li>\n<li>Cum s\u0103 p\u0103trunzi \u00eentr-o via\u021b\u0103 de bel\u0219ug prin s\u0103rb\u0103torile biblice.<\/li>\n<li>Cum s\u0103 fi altoit \u00een planul d\u0103t\u0103tor de via\u021b\u0103 al lui Dumnezeu.<\/li>\n<li>Cum va ar\u0103ta \u00een viitor Trupul lui Hristos.<\/li>\n<\/ul>\n<p>Pe paginile acestei c\u0103r\u021bi scrie trezire spiritual\u0103! Te va \u00eenv\u0103\u021ba cum s\u0103-\u021bi recuperezi bog\u0103\u021biile mo\u0219tenirii tale pierdute. C\u00e2nd vei descoperi acele r\u0103d\u0103cini \u00een care ai fost altoit, puterea de Via\u021b\u0103 din ele se va rev\u0103rsa \u00een tine. Vei rodi!<\/p>\n<p>&#8211;<\/p>\n<p><strong>Robert Heidler<\/strong> este un \u00eenv\u0103\u021b\u0103tor apostolic care lucreaz\u0103 cu Glory of Zion International Ministries. El de\u021bine o diplom\u0103 de absolvire a Universit\u0103\u021bii din Florida de Sud, a studiat la Seminarul Teologic din Dallas \u0219i este doctor \u00een Slujire Practic\u0103, \u00een urma absolvirii cursurilor de la Wagner Leadership Institute. Robert a lucrat ca \u0219i coordonator al programei analitice pentru International Educational Fellowship \u0219i a slujit foarte mult \u00een Rusia \u0219i \u00een Europa de Est. De asemenea, sluje\u0219te cu regularitate \u00een Tailanda, Mongolia \u0219i Coreea. A fost profesor invitat la Messianic Jewish Institute, pred\u00e2nd \u00een Budapesta, Ungaria, Moscova, Rusia \u0219i Odesa, Ucraina. Robert \u0219i so\u021bia sa, Linda, au fost profesori invita\u021bi la centrul de preg\u0103tire Gateways Beyond Messianic, Cipru. Robert sluje\u0219te \u00een consiliul de conducere al lucr\u0103rii Shekinah Messianic Ministries \u0219i Glory of Zion International Ministries. Printre c\u0103r\u021bile lui Robert se num\u0103r\u0103 \u0219i Experiencing the Spirit, Restoring Your Shield of Faith, scris\u0103 \u00eempreun\u0103 cu Chuck Pierce \u0219i Fii liber!: Manual de Eliberare. Robert \u0219i so\u021bia lui, Linda, au trei copii adul\u021bi \u0219i locuiesc \u00een Denton, Texas.<\/p>\n","protected":false},"excerpt":{"rendered":"<p>Pe paginile acestei c\u0103r\u021bi scrie trezire spiritual\u0103! Te va \u00eenv\u0103\u021ba cum s\u0103-\u021bi recuperezi bog\u0103\u021biile mo\u0219tenirii tale pierdute. C\u00e2nd vei descoperi acele r\u0103d\u0103cini \u00een care ai fost altoit, puterea de Via\u021b\u0103 din ele se va rev\u0103rsa \u00een tine. Vei rodi!<\/p>\n","protected":false},"featured_media":6767,"template":"","meta":{"_acf_changed":false},"product_brand":[],"product_cat":[24],"product_tag":[],"class_list":{"0":"post-35263","1":"product","2":"type-product","3":"status-publish","4":"has-post-thumbnail","6":"product_cat-intelegerea-vremurilor-israel","7":"pa_autori-robert-d-heidler","8":"pa_format-carte-tiparita","9":"pa_format-carte-electronica","11":"first","12":"instock","13":"shipping-taxable","14":"purchasable","15":"product-type-variable"},"acf":[],"_links":{"self":[{"href":"https:\/\/alfaomega.tv\/librarie\/wp-json\/wp\/v2\/product\/35263","targetHints":{"allow":["GET"]}}],"collection":[{"href":"https:\/\/alfaomega.tv\/librarie\/wp-json\/wp\/v2\/product"}],"about":[{"href":"https:\/\/alfaomega.tv\/librarie\/wp-json\/wp\/v2\/types\/product"}],"wp:featuredmedia":[{"embeddable":true,"href":"https:\/\/alfaomega.tv\/librarie\/wp-json\/wp\/v2\/media\/6767"}],"wp:attachment":[{"href":"https:\/\/alfaomega.tv\/librarie\/wp-json\/wp\/v2\/media?parent=35263"}],"wp:term":[{"taxonomy":"product_brand","embeddable":true,"href":"https:\/\/alfaomega.tv\/librarie\/wp-json\/wp\/v2\/product_brand?post=35263"},{"taxonomy":"product_cat","embeddable":true,"href":"https:\/\/alfaomega.tv\/librarie\/wp-json\/wp\/v2\/product_cat?post=35263"},{"taxonomy":"product_tag","embeddable":true,"href":"https:\/\/alfaomega.tv\/librarie\/wp-json\/wp\/v2\/product_tag?post=35263"}],"curies":[{"name":"wp","href":"https:\/\/api.w.org\/{rel}","templated":true}]}}