{"id":35285,"date":"2025-08-29T12:55:34","date_gmt":"2025-08-29T12:55:34","guid":{"rendered":"https:\/\/alfaomega.tv\/librarie\/?post_type=product&#038;p=35285"},"modified":"2025-09-03T09:30:48","modified_gmt":"2025-09-03T09:30:48","slug":"puterea-supranaturala-a-iertarii","status":"publish","type":"product","link":"https:\/\/alfaomega.tv\/librarie\/produse\/slujind-trupul-lui-hristos\/puterea-supranaturala-a-iertarii\/","title":{"rendered":"Puterea supranatural\u0103 a iert\u0103rii"},"content":{"rendered":"<h3>ZDROBIREA INIMII FACE LOC PUTERII LUI DUMNEZEU<\/h3>\n<p>Jason Vallotton a crezut c\u0103 se d\u0103r\u00e2m\u0103 lumea \u00een jurul lui, c\u00e2nd a descoperit c\u0103 so\u0163ia sa, Heather, avea o leg\u0103tur\u0103 amoroas\u0103 \u015fi pl\u0103nuia s\u0103-l p\u0103r\u0103seasc\u0103. Folosind propria sa povestire drept o evocatoare \u015fi tulbur\u0103toare ilustrare a harului \u015fi vindec\u0103rii lui Dumnezeu, Jason, \u00eempreun\u0103 cu tat\u0103l s\u0103u, Kris Vallotton, v\u0103 invit\u0103 s\u0103 v\u0103 reajusta\u0163i \u00een\u0163elegerea asupra r\u0103scump\u0103r\u0103rii. \u00cempreun\u0103, ei ne arat\u0103 cum se pot gestiona cele mai dificile perioade \u015fi cele mai profunde dureri ale vie\u0163ii, astfel \u00eenc\u00e2t Dumnezeu s\u0103 poat\u0103 a\u015feza temelia pentru restaurarea complet\u0103 \u015fi \u00eemputernicirea viitorului vostru. De\u015fi poate p\u0103rea un lucru dificil s\u0103 consider\u0103m r\u0103nile emo\u0163ionale drept daruri, de vreme ce ele \u00eenc\u0103 dor at\u00e2t de profund, Puterea supranatural\u0103 a iert\u0103rii v\u0103 va ajuta s\u0103 descoperi\u0163i c\u0103 Dumnezeu nu poate numai s\u0103 v\u0103 vindece r\u0103nile, ci \u015fi s\u0103 foloseasc\u0103 procesul de vindecare pentru a v\u0103 echipa pentru o via\u0163\u0103 deplin\u0103, \u00eemplinit\u0103 \u015fi puternic\u0103!<\/p>\n<p><strong>\u201ePuterea supranatural\u0103 a iert\u0103rii ne ofer\u0103 exact ceea ce avem nevoie: sinceritate, inspira\u0163ie \u015fi discern\u0103m\u00e2nt, care s\u0103 ne permit\u0103 s\u0103 \u00een\u0163elegem procesul spre vindecare \u015fi \u00eens\u0103n\u0103to\u015fire.\u201d<\/strong> Bill Johnson, Lider senior la Biserica Betel, Redding, California<\/p>\n<p><strong>\u201ePuterea supranatural\u0103 a iert\u0103rii va aduce fiec\u0103rei inimi care \u00eembr\u0103\u0163i\u015feaz\u0103 acest mesaj, o intimitate mult mai mare cu Tat\u0103l.\u201d<\/strong> Kim Walker-Smith \u015fi Skyler Smith, Jesus Culture<\/p>\n<p><strong>Kris Vallotton<\/strong> este cofondator \u015fi supraveghetor senior la \u015ecoala Betel a Slujirii Supranaturale, fondatorul \u015fi pre\u015fedintele Revolu\u0163iei Morale, o organiza\u0163ie dedicat\u0103 transform\u0103rii culturale \u015fi lider senior asociat la Biserica Betel din Redding, California. Kris a scris mai multe c\u0103r\u0163i, inclusiv Heavy Rain [Ploaie puternic\u0103] \u015fi bestsellerul The Supernatural Ways of Royalty [C\u0103ile supranaturale ale regalit\u0103\u0163ii].<\/p>\n<p><strong>Jason Vallotton<\/strong> a dus o via\u0163\u0103 plin\u0103 de provoc\u0103ri, de la \u00eentre\u0163inerea unei familii tinere \u015fi lupta cu incendiile de pe dealurile situate \u00een nordul Californiei, p\u00e2n\u0103 la a dep\u0103\u0219i \u00eengrozitoarea lovitur\u0103 cauzat\u0103 de dizolvarea c\u0103s\u0103toriei sale \u00een 2008. \u00cen prezent supravegheaz\u0103 \u015ecoala de Slujire din cadrul Bisericii Betel din Redding, California, precum \u015fi un grup destinat b\u0103rba\u0163ilor, ce pune accent pe puritatea sexual\u0103.<\/p>\n<\/p>\n<p>Nr. pagini: 195<\/p>\n","protected":false},"excerpt":{"rendered":"<p>DESCOPER\u0102 CUM S\u0102 EVADEZI DIN PROPRIA TA \u00ceNCHISOARE A DURERII \u015eI S\u0102 DESCOPERI O VIA\u0162\u0102 A LIBERT\u0102\u0162II.<\/p>\n","protected":false},"featured_media":6813,"template":"","meta":{"_acf_changed":false},"product_brand":[],"product_cat":[19],"product_tag":[],"class_list":{"0":"post-35285","1":"product","2":"type-product","3":"status-publish","4":"has-post-thumbnail","6":"product_cat-slujind-trupul-lui-hristos","7":"pa_autori-kris-vallotton","8":"pa_format-carte-tiparita","9":"pa_format-carte-electronica","11":"first","12":"instock","13":"shipping-taxable","14":"purchasable","15":"product-type-variable"},"acf":[],"_links":{"self":[{"href":"https:\/\/alfaomega.tv\/librarie\/wp-json\/wp\/v2\/product\/35285","targetHints":{"allow":["GET"]}}],"collection":[{"href":"https:\/\/alfaomega.tv\/librarie\/wp-json\/wp\/v2\/product"}],"about":[{"href":"https:\/\/alfaomega.tv\/librarie\/wp-json\/wp\/v2\/types\/product"}],"wp:featuredmedia":[{"embeddable":true,"href":"https:\/\/alfaomega.tv\/librarie\/wp-json\/wp\/v2\/media\/6813"}],"wp:attachment":[{"href":"https:\/\/alfaomega.tv\/librarie\/wp-json\/wp\/v2\/media?parent=35285"}],"wp:term":[{"taxonomy":"product_brand","embeddable":true,"href":"https:\/\/alfaomega.tv\/librarie\/wp-json\/wp\/v2\/product_brand?post=35285"},{"taxonomy":"product_cat","embeddable":true,"href":"https:\/\/alfaomega.tv\/librarie\/wp-json\/wp\/v2\/product_cat?post=35285"},{"taxonomy":"product_tag","embeddable":true,"href":"https:\/\/alfaomega.tv\/librarie\/wp-json\/wp\/v2\/product_tag?post=35285"}],"curies":[{"name":"wp","href":"https:\/\/api.w.org\/{rel}","templated":true}]}}