{"id":35289,"date":"2025-08-29T12:55:43","date_gmt":"2025-08-29T12:55:43","guid":{"rendered":"https:\/\/alfaomega.tv\/librarie\/?post_type=product&#038;p=35289"},"modified":"2025-10-01T08:05:18","modified_gmt":"2025-10-01T08:05:18","slug":"casatoria-si-familia","status":"publish","type":"product","link":"https:\/\/alfaomega.tv\/librarie\/produse\/slujind-trupul-lui-hristos\/casatoria-si-familia\/","title":{"rendered":"C\u0103s\u0103toria \u0219i familia"},"content":{"rendered":"<p>Cursul Familia \u0219i c\u0103s\u0103toria, scris de Lucian Oniga, se adreseaz\u0103 \u00een special tinerilor ce urmeaz\u0103 s\u0103 se c\u0103s\u0103toreasc\u0103.<\/p>\n<p>Prima parte a cursului dezbate celibatul, a\u0219tept\u0103rile oamenilor cu privire la c\u0103s\u0103torie, principii pentru alegerea unui partener de via\u021b\u0103 \u0219i preg\u0103tirile pentru c\u0103s\u0103torie. A doua jum\u0103tate se aplic\u0103 oric\u0103rei familii c\u0103s\u0103torite, de orice v\u00e2rst\u0103. Sunt discutate rolul so\u021bului \u0219i so\u021biei \u00een familie, a\u0219tept\u0103rile reciproce, importan\u021ba comunic\u0103rii, precum \u0219i metode de rezolvare a conflictului. Este discutat\u0103 de asemenea sexualitatea \u00een cuplu. La final sunt trasate c\u00e2teva principii pentru o familie s\u0103n\u0103toas\u0103, \u0219i cum s\u0103 \u00eembini armonios lucrul cu familia.<\/p>\n<p>Acest material compilat serve\u0219te drept curs de folosin\u021b\u0103 intern\u0103 \u00een cadrul unor \u0219coli de profil cre\u0219tin, dar poate fi folosit \u0219i \u00een cadrul bisericilor care doresc s\u0103 preg\u0103teasc\u0103 tinerii \u00een vederea c\u0103s\u0103toriei.<\/p>\n<article><\/article>\n<p><strong>Lucian Oniga<\/strong> este fondator \u015fi pre\u015fedinte al organiza\u0163iei \u201cPeniel\u201d, lider de tineret in Biserica \u201cSf\u00e2nta Treime\u201d din Bistri\u0163a si pred\u0103 cursuri modulare \u00een 3 \u015fcoli biblice din Romania. A ob\u0163inut licen\u0163a \u00een teologie la Continental Theological Seminary din Bruxelles, iar masteratul la aceea\u015fi \u015fcoal\u0103, prin University of Wales. Este c\u0103s\u0103torit cu Veronica \u015fi \u00eempreun\u0103 au trei copii: Thea, Petra \u015fi Simon.<\/p>\n","protected":false},"excerpt":{"rendered":"<p>Cursul se adreseaz\u0103 \u00een special tinerilor ce urmeaz\u0103 s\u0103 se c\u0103s\u0103toreasc\u0103, dar \u0219i oric\u0103rei familii c\u0103s\u0103torite, de orice v\u00e2rst\u0103, datorit\u0103 diversit\u0103\u021bii subiectelor abordate.<\/p>\n","protected":false},"featured_media":6821,"template":"","meta":{"_acf_changed":false},"product_brand":[],"product_cat":[19],"product_tag":[],"class_list":{"0":"post-35289","1":"product","2":"type-product","3":"status-publish","4":"has-post-thumbnail","6":"product_cat-slujind-trupul-lui-hristos","7":"pa_autori-lucian-oniga","8":"pa_format-carte-tiparita","10":"first","11":"instock","12":"shipping-taxable","13":"purchasable","14":"product-type-variable","15":"has-default-attributes"},"acf":[],"_links":{"self":[{"href":"https:\/\/alfaomega.tv\/librarie\/wp-json\/wp\/v2\/product\/35289","targetHints":{"allow":["GET"]}}],"collection":[{"href":"https:\/\/alfaomega.tv\/librarie\/wp-json\/wp\/v2\/product"}],"about":[{"href":"https:\/\/alfaomega.tv\/librarie\/wp-json\/wp\/v2\/types\/product"}],"wp:featuredmedia":[{"embeddable":true,"href":"https:\/\/alfaomega.tv\/librarie\/wp-json\/wp\/v2\/media\/6821"}],"wp:attachment":[{"href":"https:\/\/alfaomega.tv\/librarie\/wp-json\/wp\/v2\/media?parent=35289"}],"wp:term":[{"taxonomy":"product_brand","embeddable":true,"href":"https:\/\/alfaomega.tv\/librarie\/wp-json\/wp\/v2\/product_brand?post=35289"},{"taxonomy":"product_cat","embeddable":true,"href":"https:\/\/alfaomega.tv\/librarie\/wp-json\/wp\/v2\/product_cat?post=35289"},{"taxonomy":"product_tag","embeddable":true,"href":"https:\/\/alfaomega.tv\/librarie\/wp-json\/wp\/v2\/product_tag?post=35289"}],"curies":[{"name":"wp","href":"https:\/\/api.w.org\/{rel}","templated":true}]}}