{"id":35291,"date":"2025-08-29T12:55:44","date_gmt":"2025-08-29T12:55:44","guid":{"rendered":"https:\/\/alfaomega.tv\/librarie\/?post_type=product&#038;p=35291"},"modified":"2025-09-02T09:29:46","modified_gmt":"2025-09-02T09:29:46","slug":"placerea-de-a-fi-in-compania-lui","status":"publish","type":"product","link":"https:\/\/alfaomega.tv\/librarie\/produse\/identitate-crestere-spirituala-revelatie\/placerea-de-a-fi-in-compania-lui\/","title":{"rendered":"Pl\u0103cerea de a fi \u00een compania Lui"},"content":{"rendered":"<p>CUM S\u0102 TE BUCURI DE PREZEN\u021aA LUI DUMNEZEU \u00ceNTR-UN MOD CU TOTUL NOU<\/p>\n<p>Oamenii care sunt apropia\u021bi de Dumnezeu au ceva special. Ei nu \u00ee\u0219i pierd speran\u021ba \u0219i siguran\u021ba de sine indiferent prin ce fel de situa\u021bii trec \u00een via\u021b\u0103. Dac\u0103 v\u0103 dori\u021bi s\u0103 ave\u021bi o via\u021b\u0103 spiritual\u0103 care s\u0103 v\u0103 ofere \u0219i mai mult\u0103 \u00eemplinire, dac\u0103 vre\u021bi s\u0103 v\u0103 bucura\u021bi de pl\u0103cerea de a-I cunoa\u0219te inima Creatorului vostru, atunci aceast\u0103 carte care v\u0103 va \u00een\u0103l\u021ba sufletul este exact ceea ce v\u0103 trebuie.<\/p>\n<p>Ve\u021bi afla, din lec\u021biile de via\u021b\u0103 ale lui Dutch Sheets, cum pute\u021bi avea o rela\u021bie intim\u0103 cu Dumnezeu. Fiecare dintre cele 30 de capitole scurte v\u0103 va dezv\u0103lui o practic\u0103 simpl\u0103 sau o mentalitate biblic\u0103 care v\u0103 vor ajuta s\u0103 v\u0103 \u00eendep\u0103rta\u021bi de zgomotul vie\u021bii pentru a putea p\u0103trunde \u00een prezen\u021ba plin\u0103 de lini\u0219te a lui Dumnezeu.<\/p>\n<p>Av\u00e2nd revela\u021bii profunde din Biblie \u0219i istorisiri pe care nu le ve\u021bi uita prea cur\u00e2nd, cartea Pl\u0103cerea de a fi \u00een compania Lui este un fel de mentor spiritual, oferindu-v\u0103 modalit\u0103\u021bi simple prin care v\u0103 ve\u021bi putea bucura mai mult de prezen\u021ba lui Dumnezeu.<\/p>\n<p>ACEAST\u0102 CARTE PUTERNIC\u0102 POATE FI FOLOSIT\u0102 \u0218I PENTRU MEDITA\u021aII ZILNICE<\/p><\/p>\n","protected":false},"excerpt":{"rendered":"<p>Ve\u021bi afla, din lec\u021biile de via\u021b\u0103 ale lui Dutch Sheets, cum pute\u021bi avea o rela\u021bie intim\u0103 cu Dumnezeu. Fiecare dintre cele 30 de capitole scurte v\u0103 va dezv\u0103lui o practic\u0103 simpl\u0103 sau o mentalitate biblic\u0103 care v\u0103 vor ajuta s\u0103 v\u0103 \u00eendep\u0103rta\u021bi de zgomotul vie\u021bii pentru a putea p\u0103trunde \u00een prezen\u021ba plin\u0103 de lini\u0219te a lui Dumnezeu.<\/p>\n","protected":false},"featured_media":6827,"template":"","meta":{"_acf_changed":false},"product_brand":[],"product_cat":[21],"product_tag":[],"class_list":{"0":"post-35291","1":"product","2":"type-product","3":"status-publish","4":"has-post-thumbnail","6":"product_cat-identitate-crestere-spirituala-revelatie","7":"pa_autori-dutch-sheets","8":"pa_format-carte-tiparita","10":"first","11":"instock","12":"shipping-taxable","13":"purchasable","14":"product-type-variable","15":"has-default-attributes"},"acf":[],"_links":{"self":[{"href":"https:\/\/alfaomega.tv\/librarie\/wp-json\/wp\/v2\/product\/35291","targetHints":{"allow":["GET"]}}],"collection":[{"href":"https:\/\/alfaomega.tv\/librarie\/wp-json\/wp\/v2\/product"}],"about":[{"href":"https:\/\/alfaomega.tv\/librarie\/wp-json\/wp\/v2\/types\/product"}],"wp:featuredmedia":[{"embeddable":true,"href":"https:\/\/alfaomega.tv\/librarie\/wp-json\/wp\/v2\/media\/6827"}],"wp:attachment":[{"href":"https:\/\/alfaomega.tv\/librarie\/wp-json\/wp\/v2\/media?parent=35291"}],"wp:term":[{"taxonomy":"product_brand","embeddable":true,"href":"https:\/\/alfaomega.tv\/librarie\/wp-json\/wp\/v2\/product_brand?post=35291"},{"taxonomy":"product_cat","embeddable":true,"href":"https:\/\/alfaomega.tv\/librarie\/wp-json\/wp\/v2\/product_cat?post=35291"},{"taxonomy":"product_tag","embeddable":true,"href":"https:\/\/alfaomega.tv\/librarie\/wp-json\/wp\/v2\/product_tag?post=35291"}],"curies":[{"name":"wp","href":"https:\/\/api.w.org\/{rel}","templated":true}]}}