{"id":35305,"date":"2025-08-29T12:55:45","date_gmt":"2025-08-29T12:55:45","guid":{"rendered":"https:\/\/alfaomega.tv\/librarie\/?post_type=product&#038;p=35305"},"modified":"2025-09-01T08:37:00","modified_gmt":"2025-09-01T08:37:00","slug":"volumul-1-biblia-este-cuvantul-lui-dumnezeu","status":"publish","type":"product","link":"https:\/\/alfaomega.tv\/librarie\/produse\/bazele-crestinismului-ucenicizare\/volumul-1-biblia-este-cuvantul-lui-dumnezeu\/","title":{"rendered":"Volumul 1 &#8211; Biblia este Cuv\u00e2ntul lui Dumnezeu"},"content":{"rendered":"<p>De la \u00eenceputul timpului, oamenii au pus acelea\u0219i \u00eentreb\u0103ri:<\/p>\n<ul>\n<li>Este Biblia cu adev\u0103rat Cuv\u00e2ntul lui Dumnezeu?<\/li>\n<li>Exist\u0103 dovezi?<\/li>\n<li>De ce a\u0219 crede?<\/li>\n<\/ul>\n<p>\u00cen aceast\u0103 carte ve\u021bi vedea c\u0103 r\u0103spunsurile la aceste \u00eentreb\u0103ri sunt date de exemple ale \u0219tiin\u021bei moderne \u0219i ale cercet\u0103rilor istorice care sus\u021bin c\u0103 Biblia este adev\u0103rat\u0103. <br \/> Biblia este Cuv\u00e2ntul lui Dumnezeu ne ofer\u0103 o \u00een\u021belegere a Noului Testament, care include \u00eenv\u0103\u021b\u0103turile lui Hristos \u0219i instruc\u021biunile lui Dumnezeu pentru Biseric\u0103 S\u0103, care-l ajut\u0103 pe orice credincios, t\u00e2n\u0103r sau \u00een v\u00e2rst\u0103, s\u0103 tr\u0103iasc\u0103 o via\u021b\u0103 cre\u0219tin\u0103 puternic\u0103, stabil\u0103 \u0219i victorioas\u0103. <\/p>\n<p> Ai \u00eentreb\u0103ri dificile cu privire la Biblie? Dup\u0103 ce vei citi aceast\u0103 carte, vei vedea c\u0103 fiecare cuv\u00e2nt scris \u00een Cuv\u00e2ntul lui Dumnezeu a fost cu adev\u0103rat inspirat de El. Este exact, este autentic. \u0218i tu vei fi convins c\u0103 Biblia este Cuv\u00e2ntul lui Dumnezeu.<\/p>\n<p>\u00a0<\/p>\n<p>Num\u0103r de pagini: 82<\/p>\n","protected":false},"excerpt":{"rendered":"<p>Ai \u00eentreb\u0103ri dificile cu privire la Biblie? Dup\u0103 ce vei citi aceast\u0103 carte, vei vedea c\u0103 fiecare cuv\u00e2nt scris \u00een Cuv\u00e2ntul lui Dumnezeu a fost cu adev\u0103rat inspirat de El. Este exact, este autentic. \u0218i tu vei fi convins c\u0103 Biblia este Cuv\u00e2ntul lui Dumnezeu.<\/p>\n","protected":false},"featured_media":6849,"template":"","meta":{"_acf_changed":false},"product_brand":[],"product_cat":[31],"product_tag":[],"class_list":{"0":"post-35305","1":"product","2":"type-product","3":"status-publish","4":"has-post-thumbnail","6":"product_cat-bazele-crestinismului-ucenicizare","7":"pa_autori-gordon-lindsay","8":"pa_format-carte-tiparita","9":"pa_format-carte-electronica","11":"first","12":"instock","13":"shipping-taxable","14":"purchasable","15":"product-type-variable"},"acf":[],"_links":{"self":[{"href":"https:\/\/alfaomega.tv\/librarie\/wp-json\/wp\/v2\/product\/35305","targetHints":{"allow":["GET"]}}],"collection":[{"href":"https:\/\/alfaomega.tv\/librarie\/wp-json\/wp\/v2\/product"}],"about":[{"href":"https:\/\/alfaomega.tv\/librarie\/wp-json\/wp\/v2\/types\/product"}],"wp:featuredmedia":[{"embeddable":true,"href":"https:\/\/alfaomega.tv\/librarie\/wp-json\/wp\/v2\/media\/6849"}],"wp:attachment":[{"href":"https:\/\/alfaomega.tv\/librarie\/wp-json\/wp\/v2\/media?parent=35305"}],"wp:term":[{"taxonomy":"product_brand","embeddable":true,"href":"https:\/\/alfaomega.tv\/librarie\/wp-json\/wp\/v2\/product_brand?post=35305"},{"taxonomy":"product_cat","embeddable":true,"href":"https:\/\/alfaomega.tv\/librarie\/wp-json\/wp\/v2\/product_cat?post=35305"},{"taxonomy":"product_tag","embeddable":true,"href":"https:\/\/alfaomega.tv\/librarie\/wp-json\/wp\/v2\/product_tag?post=35305"}],"curies":[{"name":"wp","href":"https:\/\/api.w.org\/{rel}","templated":true}]}}