{"id":35315,"date":"2025-08-29T12:55:46","date_gmt":"2025-08-29T12:55:46","guid":{"rendered":"https:\/\/alfaomega.tv\/librarie\/?post_type=product&#038;p=35315"},"modified":"2025-09-02T07:32:08","modified_gmt":"2025-09-02T07:32:08","slug":"ridicarea-bisericii-apostolice","status":"publish","type":"product","link":"https:\/\/alfaomega.tv\/librarie\/produse\/slujind-trupul-lui-hristos\/ridicarea-bisericii-apostolice\/","title":{"rendered":"Ridicarea Bisericii Apostolice"},"content":{"rendered":"<p>Ridicarea Bisericii Apostolice este esen\u021bial\u0103 pentru a \u00een\u021belege Biserica, \u00cemp\u0103r\u0103\u021bia, r\u0103zboiul care ne st\u0103 \u00eenainte, precum \u0219i poporul triumf\u0103tor care va intra \u00een promisiunile lui Dumnezeu!<\/p>\n<p>De la o genera\u021bie la alta \u0219i de la un sezon la altul, Domnul \u00ce\u0219i recl\u0103de\u0219te Biserica, astfel \u00eenc\u00e2t \u00cemp\u0103r\u0103\u021bia Lui s\u0103 poat\u0103 fi manifestat\u0103 mult mai bine pe p\u0103m\u00e2nt. La \u00eenceput, Biserica Primar\u0103 s-a mi\u0219cat \u00eentr-o continu\u0103 trezire spiritual\u0103 care a atins lumea unei genera\u021bii de oameni. Un element cheie al succesului lor a fost stabilirea centrelor apostolice. Ast\u0103zi, Biserica trebuie s\u0103 continue cu aceast\u0103 mo\u0219tenire \u0219i s\u0103 aduc\u0103 o mentalitate a \u00cemp\u0103r\u0103\u021biei pe acest p\u0103m\u00e2nt, mentalitate care va birui lumea.<\/p>\n<p>Ridicarea Bisericii Apostolice urm\u0103re\u0219te istoria centrelor apostolice ini\u021biale, despre care citim \u00een Noul Testament, p\u00e2n\u0103 la multiplicarea \u0219i existen\u021ba acestora \u201eacum\u201d, \u00een prezent. Cartea aceasta v\u0103 va ajuta s\u0103 \u00een\u021belege\u021bi mai bine prototipul apostolic pe care Domnul l-a creat pentru Biserica Sa cu scopul de a birui por\u021bile iadului. Al\u0103tura\u021bi-v\u0103 Rezervei Triumf\u0103toare care \u00eembr\u0103\u021bi\u0219eaz\u0103 administra\u021bia unei noi biserici apostolice, pline de putere \u0219i glorie! Citind aceast\u0103 carte, ve\u021bi sim\u021bi c\u0103 v\u0103 ridica\u021bi cu puterea \u0219i autoritatea \u00cemp\u0103r\u0103\u021biei. Deveni\u021bi unii din cei care demonstreaz\u0103 ast\u0103zi gloria Lui!<\/p>\n<\/p>\n<p>Num\u0103r de pagini: 207<\/p>\n","protected":false},"excerpt":{"rendered":"<p>Ridicarea Bisericii Apostolice este esen\u021bial\u0103 pentru a \u00een\u021belege Biserica, \u00cemp\u0103r\u0103\u021bia, r\u0103zboiul care ne st\u0103 \u00eenainte, precum \u0219i poporul triumf\u0103tor care va intra \u00een promisiunile lui Dumnezeu!<\/p>\n","protected":false},"featured_media":6859,"template":"","meta":{"_acf_changed":false},"product_brand":[],"product_cat":[19],"product_tag":[],"class_list":{"0":"post-35315","1":"product","2":"type-product","3":"status-publish","4":"has-post-thumbnail","6":"product_cat-slujind-trupul-lui-hristos","7":"pa_autori-chuck-d-pierce","8":"pa_format-carte-tiparita","9":"pa_format-carte-electronica","11":"first","12":"instock","13":"shipping-taxable","14":"purchasable","15":"product-type-variable"},"acf":[],"_links":{"self":[{"href":"https:\/\/alfaomega.tv\/librarie\/wp-json\/wp\/v2\/product\/35315","targetHints":{"allow":["GET"]}}],"collection":[{"href":"https:\/\/alfaomega.tv\/librarie\/wp-json\/wp\/v2\/product"}],"about":[{"href":"https:\/\/alfaomega.tv\/librarie\/wp-json\/wp\/v2\/types\/product"}],"wp:featuredmedia":[{"embeddable":true,"href":"https:\/\/alfaomega.tv\/librarie\/wp-json\/wp\/v2\/media\/6859"}],"wp:attachment":[{"href":"https:\/\/alfaomega.tv\/librarie\/wp-json\/wp\/v2\/media?parent=35315"}],"wp:term":[{"taxonomy":"product_brand","embeddable":true,"href":"https:\/\/alfaomega.tv\/librarie\/wp-json\/wp\/v2\/product_brand?post=35315"},{"taxonomy":"product_cat","embeddable":true,"href":"https:\/\/alfaomega.tv\/librarie\/wp-json\/wp\/v2\/product_cat?post=35315"},{"taxonomy":"product_tag","embeddable":true,"href":"https:\/\/alfaomega.tv\/librarie\/wp-json\/wp\/v2\/product_tag?post=35315"}],"curies":[{"name":"wp","href":"https:\/\/api.w.org\/{rel}","templated":true}]}}