{"id":35327,"date":"2025-08-29T12:55:56","date_gmt":"2025-08-29T12:55:56","guid":{"rendered":"https:\/\/alfaomega.tv\/librarie\/?post_type=product&#038;p=35327"},"modified":"2025-09-01T08:39:33","modified_gmt":"2025-09-01T08:39:33","slug":"volumul-8-principii-pentru-trairea-crestina","status":"publish","type":"product","link":"https:\/\/alfaomega.tv\/librarie\/produse\/bazele-crestinismului-ucenicizare\/volumul-8-principii-pentru-trairea-crestina\/","title":{"rendered":"Volumul 8 &#8211; Principii pentru tr\u0103irea cre\u0219tin\u0103"},"content":{"rendered":"<p class=\"p1\">Dup\u0103 ce lua\u021bi decizia s\u0103-L accepta\u021bi pe Hristos \u0219i s\u0103 tr\u0103i\u021bi pentru El, direc\u021bia \u0219i scopul\u00a0vostru \u00een via\u021b\u0103 vor fi schimbate. \u00cen acel moment v-a\u021bi pus complet \u00eencrederea \u00een Dumnezeu.\u00a0Apostolul Pavel spune c\u0103 via\u021ba cre\u0219tin\u0103 se aseam\u0103n\u0103 cu o curs\u0103, a\u0219a c\u0103 ar trebui s\u0103\u00a0ne alerg\u0103m cursa pentru a primi premiul \u0219i a ni-l \u00eensu\u0219i. Biblia spune: \u201ecursa nu este\u00a0pentru cei rapizi, nici b\u0103t\u0103lia nu este pentru cei puternici\u201d, ci pentru persoana care este\u00a0credincioas\u0103 \u0219i ascult\u0103 principiile care sunt date de Dumnezeu.<\/p>\n<p class=\"p1\">\u00cen aceast\u0103 carte, aceste chei importante vor fi explicate. Dac\u0103 le pune\u021bi \u00een aplicare,\u00a0v\u0103 ve\u021bi bucura zilnic de umblarea voastr\u0103 cu Hristos \u0219i ve\u021bi primi beneficiile pe care le-a\u00a0promis Cuv\u00e2ntul lui Dumnezeu.<\/p>\n<p class=\"p1\">Aceste chei (sau principii) au fost ob\u021binute de anumite persoane, ale c\u0103ror m\u0103rturii\u00a0sunt consemnate \u00een Biblie, pentru instruirea \u0219i beneficiul nostru, \u0219i au fost confirmate de\u00a0cercet\u0103tori de-a lungul secolelor. Oameni de \u0219tiin\u021b\u0103, academicieni, teologi \u0219i speciali\u0219ti\u00a0de orice fel continu\u0103 s\u0103 cerceteze tainele necunoscute, pentru a descoperi chei cu care\u00a0s\u0103 deschid\u0103 \u00een\u021belepciunea \u0219i \u00een\u021belegeri mai profunde pentru tr\u0103irea practic\u0103.<\/p>\n<p class=\"p1\">A\u0219a cum r\u0103sfoi\u021bi aceste pagini, zilele biblice vor prinde via\u021b\u0103 \u0219i ve\u021bi realiza c\u0103\u00a0aceasta nu este doar o alt\u0103 carte de istorie. Modul \u00een care am \u00eenv\u0103\u021bat din trecut ne ajut\u0103\u00a0s\u0103 evit\u0103m dificult\u0103\u021bile \u00een viitor. \u00cen aceste zile de pe urm\u0103, provoc\u0103rile par a fi tot mai\u00a0mari. Studierea Scripturilor v\u0103 ofer\u0103 strategii care s\u0103 v\u0103 ajute s\u0103 dep\u0103\u0219i\u021bi orice probleme\u00a0pe care le pute\u021bi \u00eent\u00e2mpina.<\/p>\n<p>\u00a0<\/p>\n<p>Nr de pagini: 134<\/p>\n","protected":false},"excerpt":{"rendered":"<p>\u00cen aceast\u0103 carte, aceste chei importante vor fi explicate. Dac\u0103 le pune\u021bi \u00een aplicare, v\u0103 ve\u021bi bucura zilnic de umblarea voastr\u0103 cu Hristos \u0219i ve\u021bi primi beneficiile pe care le-a promis Cuv\u00e2ntul lui Dumnezeu.<\/p>\n","protected":false},"featured_media":6871,"template":"","meta":{"_acf_changed":false},"product_brand":[],"product_cat":[31],"product_tag":[],"class_list":{"0":"post-35327","1":"product","2":"type-product","3":"status-publish","4":"has-post-thumbnail","6":"product_cat-bazele-crestinismului-ucenicizare","7":"pa_autori-gordon-lindsay","8":"pa_format-carte-tiparita","9":"pa_format-carte-electronica","11":"first","12":"instock","13":"shipping-taxable","14":"purchasable","15":"product-type-variable"},"acf":[],"_links":{"self":[{"href":"https:\/\/alfaomega.tv\/librarie\/wp-json\/wp\/v2\/product\/35327","targetHints":{"allow":["GET"]}}],"collection":[{"href":"https:\/\/alfaomega.tv\/librarie\/wp-json\/wp\/v2\/product"}],"about":[{"href":"https:\/\/alfaomega.tv\/librarie\/wp-json\/wp\/v2\/types\/product"}],"wp:featuredmedia":[{"embeddable":true,"href":"https:\/\/alfaomega.tv\/librarie\/wp-json\/wp\/v2\/media\/6871"}],"wp:attachment":[{"href":"https:\/\/alfaomega.tv\/librarie\/wp-json\/wp\/v2\/media?parent=35327"}],"wp:term":[{"taxonomy":"product_brand","embeddable":true,"href":"https:\/\/alfaomega.tv\/librarie\/wp-json\/wp\/v2\/product_brand?post=35327"},{"taxonomy":"product_cat","embeddable":true,"href":"https:\/\/alfaomega.tv\/librarie\/wp-json\/wp\/v2\/product_cat?post=35327"},{"taxonomy":"product_tag","embeddable":true,"href":"https:\/\/alfaomega.tv\/librarie\/wp-json\/wp\/v2\/product_tag?post=35327"}],"curies":[{"name":"wp","href":"https:\/\/api.w.org\/{rel}","templated":true}]}}