{"id":35329,"date":"2025-08-29T12:55:57","date_gmt":"2025-08-29T12:55:57","guid":{"rendered":"https:\/\/alfaomega.tv\/librarie\/?post_type=product&#038;p=35329"},"modified":"2025-12-17T11:26:19","modified_gmt":"2025-12-17T11:26:19","slug":"volumul-9-darurile-duhului-sfant","status":"publish","type":"product","link":"https:\/\/alfaomega.tv\/librarie\/produse\/bazele-crestinismului-ucenicizare\/volumul-9-darurile-duhului-sfant\/","title":{"rendered":"Volumul 9 &#8211; Darurile Duhului Sf\u00e2nt"},"content":{"rendered":"<p class=\"p1\">\u2022 AI AVUT VREODAT\u0102 \u00ceNTREB\u0102RI DESPRE DARURILE DUHULUI\u00a0SF\u00c2NT?<\/p>\n<p class=\"p1\">\u2022 SUNT DARURILE SPIRITUALE ACTIVE \u0218I AST\u0102ZI?<\/p>\n<p class=\"p1\">\u2022 CARE ESTE SCOPUL DARURILOR DUHULUI SF\u00c2NT?<\/p>\n<p class=\"p1\">Aceast\u0103 carte pune la dispozi\u021bie un studiu biblic detaliat al Darurilor Duhului\u00a0Sf\u00e2nt \u0219i al impactului pe care acestea \u00eel pot avea \u00een via\u021ba individului \u0219i a Bisericii.\u00a0Hristos, prin Duhul Sf\u00e2nt \u0219i prin puterea acestor daruri supranaturale, Se manifest\u0103\u00a0\u0219i \u00ee\u0219i conduce lucrarea \u00een fiecare col\u021b al lumii. Biserica devine cu adev\u0103rat Trupul lui\u00a0Hristos atunci c\u00e2nd \u00eempline\u0219te lucrarea Sa, slujind cu dragoste \u0219i compasiune pentru\u00a0cei afla\u021bi \u00een nevoie.<\/p>\n<p class=\"p1\">\u00cen timp ce vom descoperi importan\u021ba Darurilor Duhului Sf\u00e2nt, vom observa \u0219i cum\u00a0se manifest\u0103 ele ast\u0103zi \u00een Trupul lui Hristos, cum ajut\u0103 la evanghelizarea lumii, cum\u00a0zidesc Biserica, cum ofer\u0103 eliberare oamenilor \u0219i \u00een ce fel sunt ele necesare pentru\u00a0des\u0103v\u00e2r\u0219irea Bisericii. \u00cen acest studiu sunt incluse cuv\u00e2ntul despre \u00een\u021belepciune,\u00a0deosebirea duhurilor, darul credin\u021bei, darurile de vindecare, darul minunilor, darul\u00a0prorociei \u0219i vorbirea \u00een limbi.\u00a0\u00censemn\u0103rile biblice, scrise de istoricii antici, b\u0103rba\u021bi \u0219i femei ai lui Dumnezeu, au\u00a0fost confirmate de cercet\u0103tori de-a lungul veacurilor. Oameni de \u0219tiin\u021b\u0103, academicieni,\u00a0teologi \u0219i speciali\u0219ti \u00een felurite domenii continu\u0103 s\u0103 caute prin necunoscut anumite chei\u00a0care s\u0103 descuie \u00een\u021belepciunea precum \u0219i o cunoa\u0219tere mai ad\u00e2nc\u0103 a tr\u0103irii practice.<\/p>\n<p class=\"p1\">Pagin\u0103 cu pagin\u0103, vremurile biblice vor deveni tot mai vii \u0219i vom descoperi c\u0103\u00a0Scriptura nu este doar o simpl\u0103 carte. Ceea ce \u00eenv\u0103\u021b\u0103m din trecut ne va ajuta s\u0103 dep\u0103\u0219im\u00a0greut\u0103\u021bile viitorului.<\/p>\n<p class=\"p1\">\u00cen aceste vremuri de pe urm\u0103 avem parte de provoc\u0103ri tot mai mari. Studiul Bibliei\u00a0\u00ee\u021bi pune la dispozi\u021bie anumite strategii care te ajut\u0103 s\u0103 dep\u0103\u0219e\u0219ti orice problem\u0103 cu care\u00a0te-ai putea confrunta.<\/p>\n<p>Num\u0103r de pagini: 142<\/p>\n","protected":false},"excerpt":{"rendered":"<p>Aceast\u0103 carte pune la dispozi\u021bie un studiu biblic detaliat al Darurilor Duhului Sf\u00e2nt \u0219i al impactului pe care acestea \u00eel pot avea \u00een via\u021ba individului \u0219i a Bisericii.<\/p>\n","protected":false},"featured_media":6873,"template":"","meta":{"_acf_changed":false},"product_brand":[],"product_cat":[31],"product_tag":[],"class_list":{"0":"post-35329","1":"product","2":"type-product","3":"status-publish","4":"has-post-thumbnail","6":"product_cat-bazele-crestinismului-ucenicizare","7":"pa_autori-gordon-lindsay","8":"pa_format-carte-tiparita","9":"pa_format-carte-electronica","11":"first","12":"instock","13":"shipping-taxable","14":"purchasable","15":"product-type-variable"},"acf":[],"_links":{"self":[{"href":"https:\/\/alfaomega.tv\/librarie\/wp-json\/wp\/v2\/product\/35329","targetHints":{"allow":["GET"]}}],"collection":[{"href":"https:\/\/alfaomega.tv\/librarie\/wp-json\/wp\/v2\/product"}],"about":[{"href":"https:\/\/alfaomega.tv\/librarie\/wp-json\/wp\/v2\/types\/product"}],"wp:featuredmedia":[{"embeddable":true,"href":"https:\/\/alfaomega.tv\/librarie\/wp-json\/wp\/v2\/media\/6873"}],"wp:attachment":[{"href":"https:\/\/alfaomega.tv\/librarie\/wp-json\/wp\/v2\/media?parent=35329"}],"wp:term":[{"taxonomy":"product_brand","embeddable":true,"href":"https:\/\/alfaomega.tv\/librarie\/wp-json\/wp\/v2\/product_brand?post=35329"},{"taxonomy":"product_cat","embeddable":true,"href":"https:\/\/alfaomega.tv\/librarie\/wp-json\/wp\/v2\/product_cat?post=35329"},{"taxonomy":"product_tag","embeddable":true,"href":"https:\/\/alfaomega.tv\/librarie\/wp-json\/wp\/v2\/product_tag?post=35329"}],"curies":[{"name":"wp","href":"https:\/\/api.w.org\/{rel}","templated":true}]}}