{"id":35379,"date":"2025-08-29T12:56:20","date_gmt":"2025-08-29T12:56:20","guid":{"rendered":"https:\/\/alfaomega.tv\/librarie\/?post_type=product&#038;p=35379"},"modified":"2026-01-28T08:47:00","modified_gmt":"2026-01-28T08:47:00","slug":"razboiul-spiritual-manual","status":"publish","type":"product","link":"https:\/\/alfaomega.tv\/librarie\/produse\/restaurare-vindecare-eliberare\/razboiul-spiritual-manual\/","title":{"rendered":"R\u0103zboiul spiritual &#8211; manual"},"content":{"rendered":"<p style=\"text-align: center\">3 dintre cele mai v\u00e2ndute c\u0103r\u021bi \u00eentr-un singur volum!<\/p>\n<p style=\"text-align: center\"><strong>Nu pleca la lupt\u0103 neechipat.<\/strong><\/p>\n<p style=\"text-align: center\"><strong>Preg\u0103te\u0219te-te pentru lupt\u0103!<\/strong><\/p>\n<p>Chuck Pierce este un lider profetic interna\u021bional care ajut\u0103 la direc\u0163ionarea na\u021biunilor, a ora\u0219elor, bisericilor \u0219i indivizilor, pentru a \u00een\u021belege timpurile \u0219i sezoanele \u00een care tr\u0103im. Acest volum \u00eembin\u0103 trei dintre cele mai inovatoare c\u0103r\u021bi ale sale \u00eentr-un plan unitar garantat s\u0103 aduc\u0103 triumf asupra vr\u0103jma\u0219ului.<\/p>\n<p><em>C\u00e2nd Dumnezeu vorbe\u015fte<\/em> te preg\u0103te\u0219te pentru lupt\u0103 \u00eenv\u0103\u021b\u00e2ndu-te cum s\u0103 discerni vocea lui Dumnezeu. Vei \u00eencepe s\u0103 recuno\u0219ti \u0219i s\u0103 prime\u0219ti direc\u021bie prin Scriptur\u0103, vise, viziuni \u0219i g\u00e2nduri ale Duhului.<\/p>\n<p><em>Rug\u0103ciuni care prin \u00een\u0163elepciune \u00eenving vr\u0103jma\u015ful<\/em> te echipeaz\u0103 cu curaj \u0219i strategie pentru a contracara vr\u0103jma\u015ful sufletului t\u0103u. Vei \u00eenv\u0103\u021ba cum s\u0103 te rogi cu putere, specific \u0219i eficient &#8211; \u0219i cum s\u0103 opre\u0219ti planurile Satanei.<\/p>\n<p><em>Protejarea familiei tale de \u00eentuneric spiritual<\/em> \u00ee\u021bi arat\u0103 cum s\u0103 lup\u021bi cu Satana p\u00e2n\u0103 la final, pe cea mai intim\u0103 frontier\u0103: casa ta. Vei descoperi zece pa\u0219i pentru al scoate afar\u0103 pe Satana, transform\u00e2ndu-\u021bi casa \u00eentr-o fort\u0103rea\u021b\u0103 a luminii.<\/p>\n<p>\u201eNimeni nu este calificat s\u0103 scrie aceast\u0103 carte ca Chuck\u201d Dutch Sheets, autorul c\u0103r\u021bii \u201eIntercessory Prayer\u201d<\/p>\n<\/p>\n<p><strong>Charles D. \u201cChuck\u201d Pierce<\/strong> cunoscut pentru darul s\u0103u profetic, sluje\u015fte ca pre\u015fedinte al Global Spheres, Inc. (GSI) din Corinth, Texas. Chuck \u0219i so\u021bia sa, Pam, locuiesc \u00een Denton, Texas, \u0219i au \u0219ase copii \u0219i nou\u0103 nepo\u021bi.<\/p>\n<p><strong>Rebecca Wagner Sytsema<\/strong> ocup\u0103 \u00een prezent postul de director al \u201cChildren of Destiny\u201d [Copiii Destinului] \u0219i lucreaz\u0103, de asemenea, ca autor \u0219i editor independent. Ea \u0219i so\u021bul ei, Jack, locuiesc \u00een Florida cu cei trei fii ai lor, Nicholas, Samuel \u0219i Trey.<\/p>\n<\/p>\n<p>Numar de pagini: 431<\/p>\n","protected":false},"excerpt":{"rendered":"<p>Acest volum \u00eembin\u0103 trei dintre cele mai inovatoare c\u0103r\u021bi ale sale \u00eentr-un plan unitar garantat s\u0103 aduc\u0103 triumf asupra vr\u0103jma\u0219ului.<\/p>\n","protected":false},"featured_media":6955,"template":"","meta":{"_acf_changed":false},"product_brand":[],"product_cat":[25],"product_tag":[],"class_list":{"0":"post-35379","1":"product","2":"type-product","3":"status-publish","4":"has-post-thumbnail","6":"product_cat-restaurare-vindecare-eliberare","7":"pa_autori-chuck-d-pierce","8":"pa_format-carte-tiparita","9":"pa_format-carte-electronica","11":"first","12":"instock","13":"shipping-taxable","14":"purchasable","15":"product-type-variable"},"acf":[],"_links":{"self":[{"href":"https:\/\/alfaomega.tv\/librarie\/wp-json\/wp\/v2\/product\/35379","targetHints":{"allow":["GET"]}}],"collection":[{"href":"https:\/\/alfaomega.tv\/librarie\/wp-json\/wp\/v2\/product"}],"about":[{"href":"https:\/\/alfaomega.tv\/librarie\/wp-json\/wp\/v2\/types\/product"}],"wp:featuredmedia":[{"embeddable":true,"href":"https:\/\/alfaomega.tv\/librarie\/wp-json\/wp\/v2\/media\/6955"}],"wp:attachment":[{"href":"https:\/\/alfaomega.tv\/librarie\/wp-json\/wp\/v2\/media?parent=35379"}],"wp:term":[{"taxonomy":"product_brand","embeddable":true,"href":"https:\/\/alfaomega.tv\/librarie\/wp-json\/wp\/v2\/product_brand?post=35379"},{"taxonomy":"product_cat","embeddable":true,"href":"https:\/\/alfaomega.tv\/librarie\/wp-json\/wp\/v2\/product_cat?post=35379"},{"taxonomy":"product_tag","embeddable":true,"href":"https:\/\/alfaomega.tv\/librarie\/wp-json\/wp\/v2\/product_tag?post=35379"}],"curies":[{"name":"wp","href":"https:\/\/api.w.org\/{rel}","templated":true}]}}