{"id":35383,"date":"2025-08-29T12:56:20","date_gmt":"2025-08-29T12:56:20","guid":{"rendered":"https:\/\/alfaomega.tv\/librarie\/?post_type=product&#038;p=35383"},"modified":"2025-09-01T08:57:05","modified_gmt":"2025-09-01T08:57:05","slug":"postul-lui-isus","status":"publish","type":"product","link":"https:\/\/alfaomega.tv\/librarie\/produse\/rugaciune-mijlocire\/postul-lui-isus\/","title":{"rendered":"Postul lui Isus"},"content":{"rendered":"<h2 style=\"text-align: center\">\u00ceNAINTE S\u0102 FI FOST MI\u0218CAREA LUI ISUS, <br \/> A FOST POSTUL LUI ISUS<\/h2>\n<p>Cartea Postul lui Isus, at\u00e2t un manual de r\u0103zboi spiritual, c\u00e2t \u0219i o chemare la trezire spiritual\u0103, este ghidul care te va ajuta s\u0103 g\u0103se\u0219ti cea mai exploziv\u0103 arm\u0103 din arsenalul cre\u0219tinului: umilin\u021ba, exprimat\u0103 prin post combinat cu rug\u0103ciune. Av\u00e2ndu-L pe Isus ca exemplu de urmat, Lou Engle \u0219i Dean Briggs arat\u0103 cum postul prelungit de 40 de zile precede momentul str\u0103pungerii \u0219i al rev\u0103rs\u0103rii Duhului Sf\u00e2nt.<\/p>\n<h3>ESTE TIMPUL PENTRU O NOU\u0102 MI\u0218CARE A LUI ISUS<\/h3>\n<p>Suntem la un pas de o mare mi\u0219care spiritual\u0103. Poporul lui Dumnezeu va fi doar parte din istorie sau o va scrie? Pe m\u0103sur\u0103 ce c\u0103ut\u0103m \u00eempreun\u0103 fa\u021ba lui Dumnezeu, Biserica va putea realinia, \u00een mod semnificativ, p\u0103m\u00e2ntul cu cerul. Noi putem schimba cursul lucrurilor rele din \u021bara noastr\u0103, putem st\u00e2rni o trezire a na\u021biunilor spre slava lui Hristos \u0219i s\u0103 aducem speran\u021b\u0103 \u00een locul dezn\u0103dejdii.<\/p>\n<h3>ACEASTA ESTE CHEMAREA. TU CUM VEI R\u0102SPUNDE?<\/h3>\n<p>\u201eCartea Postul lui Isus este o carte periculoas\u0103.\u201d &#8211; Bill Johnson, pastor senior la Bethel Church Redding, California; autor al c\u0103r\u021bii \u201eC\u00e2nd cerul invadeaz\u0103 p\u0103m\u00e2ntul\u201d<\/p>\n<p>\u201eCartea Postul lui Isus va trezi \u00een\u0103untrul vostru o pasiune pentru a posti \u0219i a v\u0103 ruga&#8230; Eu, unul, nu m-am consumat pentru nimic altceva.\u201d &#8211; Banning Liebscher, director, Jesus Culture<\/p>\n<p>\u201ePreg\u0103ti\u021bi-v\u0103 ca via\u021ba s\u0103 vi se schimbe. Inima voastr\u0103 va arde cu o pasiune proasp\u0103t\u0103 pentru a visa visurile lui Dumnezeu \u0219i a vedea o trezire spiritual\u0103 la nivel global\u201d. &#8211; Karen Wheaton Towe, fondator \u0219i pre\u0219edinte, The Ramp<\/p>\n<p>\u201eCeea ce au scris Lou \u0219i Dean \u00een aceast\u0103 carte are poten\u021bialul, dac\u0103 este luat\u0103 \u00een serios, de a schimba cursul istoriei.\u201d &#8211; Brian Kim, pre\u0219edinte, Antioch Center for Training and Sending (ACTS)<\/p>\n<p>\u201ePrin Lou Engle \u0219i Dean Briggs, Dumnezeu preg\u0103te\u0219te o genera\u021bie pentru cea mai mare manifestare a gloriei lui Dumnezeu din istoria omenirii.\u201d &#8211; Eddie James, director, Eddie James Ministries<\/p>\n<p><strong>Lou Engle<\/strong> este o persoan\u0103 care mijloce\u0219te \u00een rug\u0103ciune pentru o trezire spiritual\u0103, dar \u0219i un vizionar \u0219i cofondator al mi\u0219c\u0103rii TheCall, o mi\u0219care de post \u0219i rug\u0103ciune, care str\u00e2nge sute de mii de oameni din toat\u0103 lumea. <\/p>\n<p><strong>Dean Briggs<\/strong> este un \u00eenv\u0103\u021b\u0103tor, strateg, vis\u0103tor \u0219i mijlocitor \u00een rug\u0103ciune, care a slujit \u00een toat\u0103 \u021bara, precum \u0219i \u00een multe \u021b\u0103ri de pe p\u0103m\u00e2nt.<\/p>\n<p>Num\u0103r de pagini: 219<\/p>\n","protected":false},"excerpt":{"rendered":"<p>Cartea Postul lui Isus, at\u00e2t un manual de r\u0103zboi spiritual, c\u00e2t \u0219i o chemare la trezire spiritual\u0103, este ghidul care te va ajuta s\u0103 g\u0103se\u0219ti cea mai exploziv\u0103 arm\u0103 din arsenalul cre\u0219tinului: umilin\u021ba, exprimat\u0103 prin post combinat cu rug\u0103ciune.<\/p>\n","protected":false},"featured_media":6961,"template":"","meta":{"_acf_changed":false},"product_brand":[],"product_cat":[22],"product_tag":[],"class_list":{"0":"post-35383","1":"product","2":"type-product","3":"status-publish","4":"has-post-thumbnail","6":"product_cat-rugaciune-mijlocire","7":"pa_autori-lou-engle","8":"pa_format-carte-tiparita","9":"pa_format-carte-electronica","11":"first","12":"instock","13":"shipping-taxable","14":"purchasable","15":"product-type-variable"},"acf":[],"_links":{"self":[{"href":"https:\/\/alfaomega.tv\/librarie\/wp-json\/wp\/v2\/product\/35383","targetHints":{"allow":["GET"]}}],"collection":[{"href":"https:\/\/alfaomega.tv\/librarie\/wp-json\/wp\/v2\/product"}],"about":[{"href":"https:\/\/alfaomega.tv\/librarie\/wp-json\/wp\/v2\/types\/product"}],"wp:featuredmedia":[{"embeddable":true,"href":"https:\/\/alfaomega.tv\/librarie\/wp-json\/wp\/v2\/media\/6961"}],"wp:attachment":[{"href":"https:\/\/alfaomega.tv\/librarie\/wp-json\/wp\/v2\/media?parent=35383"}],"wp:term":[{"taxonomy":"product_brand","embeddable":true,"href":"https:\/\/alfaomega.tv\/librarie\/wp-json\/wp\/v2\/product_brand?post=35383"},{"taxonomy":"product_cat","embeddable":true,"href":"https:\/\/alfaomega.tv\/librarie\/wp-json\/wp\/v2\/product_cat?post=35383"},{"taxonomy":"product_tag","embeddable":true,"href":"https:\/\/alfaomega.tv\/librarie\/wp-json\/wp\/v2\/product_tag?post=35383"}],"curies":[{"name":"wp","href":"https:\/\/api.w.org\/{rel}","templated":true}]}}