{"id":35397,"date":"2025-08-29T12:56:22","date_gmt":"2025-08-29T12:56:22","guid":{"rendered":"https:\/\/alfaomega.tv\/librarie\/?post_type=product&#038;p=35397"},"modified":"2025-09-01T11:53:52","modified_gmt":"2025-09-01T11:53:52","slug":"poti-fi-vindecat-prin-credinta-ta","status":"publish","type":"product","link":"https:\/\/alfaomega.tv\/librarie\/produse\/restaurare-vindecare-eliberare\/poti-fi-vindecat-prin-credinta-ta\/","title":{"rendered":"Po\u0163i fi vindecat prin credin\u021ba ta"},"content":{"rendered":"<p>Aceast\u0103 abordare a vindec\u0103rii prin credin\u021ba proprie se dore\u0219te a fi o provocare pentru credincio\u0219ii care au a\u0219teptat mult timp ca vindecarea sau biruin\u021ba s\u0103 vin\u0103 din exterior, s\u0103 se ating\u0103 Dumnezeu de ei \u0219i s\u0103 fie vindeca\u021bi. Dac\u0103 lucrul acesta nu s-a \u00eent\u00e2mplat \u00eenc\u0103, este timpul s\u0103 schimb\u0103m atitudinea \u0219i s\u0103 ne atingem noi de Domnul Isus, prin credin\u021b\u0103, \u0219i vom fi vindeca\u021bi asemenea femeii cu scurgerea de s\u00e2nge de 12 ani sau a celorlal\u021bi bolnavi care s-au atins de haina Lui.<\/p>\n<p>\u201e\u0218i, iat\u0103, o femeie, care de doisprezece ani avea o scurgere de s\u00e2nge, a venit pe dinapoi \u0219i s-a atins de poala hainei Lui. C\u0103ci \u00ee\u0219i zicea ea: \u2018Numai s\u0103 m\u0103 pot atinge de haina Lui, \u0219i m\u0103 voi t\u0103m\u0103dui.\u2019 Isus S-a \u00eentors, a v\u0103zut-o \u0219i i-a zis: \u2018\u00cendr\u0103zne\u0219te, fiic\u0103! Credin\u021ba ta te-a t\u0103m\u0103duit\u2019\u201d (Matei 9:20-22).<\/p>\n<p>\u201eBolnavii \u00cel rugau s\u0103 le dea voie numai s\u0103 se ating\u0103 de poala hainei Lui. \u0218i to\u021bi c\u00e2\u021bi s-au atins s-au vindecat\u201d (Matei 14:36).<\/p>\n<\/p>\n<p>Num\u0103r de pagini: 62<\/p>\n","protected":false},"excerpt":{"rendered":"<p>Este timpul s\u0103 schimb\u0103m atitudinea \u0219i s\u0103 ne atingem noi de Domnul Isus, prin credin\u021b\u0103, \u0219i vom fi vindeca\u021bi asemenea femeii cu scurgerea de s\u00e2nge de 12 ani sau a celorlal\u021bi bolnavi care s-au atins de haina Lui.<\/p>\n","protected":false},"featured_media":6975,"template":"","meta":{"_acf_changed":false},"product_brand":[],"product_cat":[25],"product_tag":[],"class_list":{"0":"post-35397","1":"product","2":"type-product","3":"status-publish","4":"has-post-thumbnail","6":"product_cat-restaurare-vindecare-eliberare","7":"pa_autori-aurelian-barbu","8":"pa_format-carte-tiparita","10":"first","11":"instock","12":"shipping-taxable","13":"purchasable","14":"product-type-variable","15":"has-default-attributes"},"acf":[],"_links":{"self":[{"href":"https:\/\/alfaomega.tv\/librarie\/wp-json\/wp\/v2\/product\/35397","targetHints":{"allow":["GET"]}}],"collection":[{"href":"https:\/\/alfaomega.tv\/librarie\/wp-json\/wp\/v2\/product"}],"about":[{"href":"https:\/\/alfaomega.tv\/librarie\/wp-json\/wp\/v2\/types\/product"}],"wp:featuredmedia":[{"embeddable":true,"href":"https:\/\/alfaomega.tv\/librarie\/wp-json\/wp\/v2\/media\/6975"}],"wp:attachment":[{"href":"https:\/\/alfaomega.tv\/librarie\/wp-json\/wp\/v2\/media?parent=35397"}],"wp:term":[{"taxonomy":"product_brand","embeddable":true,"href":"https:\/\/alfaomega.tv\/librarie\/wp-json\/wp\/v2\/product_brand?post=35397"},{"taxonomy":"product_cat","embeddable":true,"href":"https:\/\/alfaomega.tv\/librarie\/wp-json\/wp\/v2\/product_cat?post=35397"},{"taxonomy":"product_tag","embeddable":true,"href":"https:\/\/alfaomega.tv\/librarie\/wp-json\/wp\/v2\/product_tag?post=35397"}],"curies":[{"name":"wp","href":"https:\/\/api.w.org\/{rel}","templated":true}]}}