{"id":35473,"date":"2025-08-29T12:56:57","date_gmt":"2025-08-29T12:56:57","guid":{"rendered":"https:\/\/alfaomega.tv\/librarie\/?post_type=product&#038;p=35473"},"modified":"2025-09-04T10:13:50","modified_gmt":"2025-09-04T10:13:50","slug":"binecuvantarea-barak-a-lui-dumnezeu","status":"publish","type":"product","link":"https:\/\/alfaomega.tv\/librarie\/produse\/slujind-trupul-lui-hristos\/binecuvantarea-barak-a-lui-dumnezeu\/","title":{"rendered":"Binecuv\u00e2ntarea Barak a lui Dumnezeu"},"content":{"rendered":"<p>Seria Apostolic Live, pune \u00eempreun\u0103 \u00eenv\u0103\u021b\u0103tur\u0103 de baz\u0103 prezentat\u0103 \u00een direct, cu privire la viziunea apostolic\u0103. Seria a fost doar pu\u021bin editat\u0103 pentru a se p\u0103stra vie atmosfera.<\/p>\n<p>Barak a lui Dumnezeu este o for\u021b\u0103 ce cauzeaz\u0103 ca toate lucrurile s\u0103 prospere. Descoper\u0103 cum s\u0103 activezi binecuv\u00e2ntarea care a fost a\u0219ezat\u0103 \u00een tine pentru ca s\u0103 \u00eempline\u0219ti cu succes mandatul t\u0103u apostolic \u0219i s\u0103-\u021bi \u00eempline\u0219ti destinul. Descoper\u0103 cum:<\/p>\n<p>&#8211; S\u0103 fi binecuv\u00e2ntat \u00eempreun\u0103 cu Avraam cel credincios<br \/>\n&#8211; S\u0103 prime\u0219ti provizia din ceruri<br \/>\n&#8211; S\u0103 declan\u0219ezi cicluri de prosperitate<br \/>\n&#8211; S\u0103 devi o surs\u0103 de binecuv\u00e2ntare<br \/>\n&#8211; S\u0103 domne\u0219ti cu Isus Hristos<\/p>\n<p>Dumnezeu a stabilit un plan prin care s\u0103 te fac\u0103 s\u0103 prosperi, s\u0103 \u00ee\u021bi dea speran\u021b\u0103 \u0219i un viitor. Este planul lui Dumnezeu de a te face s\u0103 avansezi la un alt nivel.<\/p>\n<p>Este Barak a lui Dumnezeu pentru tine.<\/p>\n<p>Alain Caron sluje\u0219te ca lider al echipei apostolice de la Eglise Le Chemin, o expresie dinamic\u0103 a Trupului lui Hristos din Quebec. De asemenea, este fondatorul \u0219i directorul Hodos, o re\u021bea apostolic\u0103 \u0219i profetic\u0103, ce conecteaz\u0103 \u0219i aliniaz\u0103 centrele de viziune \u0219i credincio\u0219i cu acela\u0219i mod de g\u00e2ndire pentru avansarea \u00cemp\u0103r\u0103\u021biei lui Dumnezeu. Alain \u0219i so\u021bia lui, Marie, locuiesc \u00een Gatineau, Quebec, Canada.<\/p>\n<p>Num\u0103r de pagini: 42<\/p>\n","protected":false},"excerpt":{"rendered":"<p>Barak a lui Dumnezeu este o for\u021b\u0103 ce cauzeaz\u0103 ca toate lucrurile s\u0103 prospere. Descoper\u0103 cum s\u0103 activezi binecuv\u00e2ntarea care a fost a\u0219ezat\u0103 \u00een tine pentru ca s\u0103 \u00eempline\u0219ti cu succes mandatul t\u0103u apostolic \u0219i s\u0103-\u021bi \u00eempline\u0219ti destinul. Descoper\u0103 cum:<\/p>\n","protected":false},"featured_media":7075,"template":"","meta":{"_acf_changed":false},"product_brand":[],"product_cat":[19],"product_tag":[],"class_list":{"0":"post-35473","1":"product","2":"type-product","3":"status-publish","4":"has-post-thumbnail","6":"product_cat-slujind-trupul-lui-hristos","7":"pa_autori-alain-caron","8":"pa_format-carte-tiparita","9":"pa_format-carte-electronica","11":"first","12":"instock","13":"shipping-taxable","14":"purchasable","15":"product-type-variable"},"acf":[],"_links":{"self":[{"href":"https:\/\/alfaomega.tv\/librarie\/wp-json\/wp\/v2\/product\/35473","targetHints":{"allow":["GET"]}}],"collection":[{"href":"https:\/\/alfaomega.tv\/librarie\/wp-json\/wp\/v2\/product"}],"about":[{"href":"https:\/\/alfaomega.tv\/librarie\/wp-json\/wp\/v2\/types\/product"}],"wp:featuredmedia":[{"embeddable":true,"href":"https:\/\/alfaomega.tv\/librarie\/wp-json\/wp\/v2\/media\/7075"}],"wp:attachment":[{"href":"https:\/\/alfaomega.tv\/librarie\/wp-json\/wp\/v2\/media?parent=35473"}],"wp:term":[{"taxonomy":"product_brand","embeddable":true,"href":"https:\/\/alfaomega.tv\/librarie\/wp-json\/wp\/v2\/product_brand?post=35473"},{"taxonomy":"product_cat","embeddable":true,"href":"https:\/\/alfaomega.tv\/librarie\/wp-json\/wp\/v2\/product_cat?post=35473"},{"taxonomy":"product_tag","embeddable":true,"href":"https:\/\/alfaomega.tv\/librarie\/wp-json\/wp\/v2\/product_tag?post=35473"}],"curies":[{"name":"wp","href":"https:\/\/api.w.org\/{rel}","templated":true}]}}