{"id":35511,"date":"2025-08-29T12:57:10","date_gmt":"2025-08-29T12:57:10","guid":{"rendered":"https:\/\/alfaomega.tv\/librarie\/?post_type=product&#038;p=35511"},"modified":"2025-09-04T10:30:00","modified_gmt":"2025-09-04T10:30:00","slug":"ungerea-divina-in-lauda-si-inchinare","status":"publish","type":"product","link":"https:\/\/alfaomega.tv\/librarie\/produse\/lauda-si-inchinare\/ungerea-divina-in-lauda-si-inchinare\/","title":{"rendered":"Ungerea divin\u0103 \u00een laud\u0103 \u0219i \u00eenchinare"},"content":{"rendered":"<div class=\"page\" title=\"Page 3\">\n<div class=\"layoutArea\">\n<div class=\"column\">\n<p>CUPRINS<br \/>Capitolul 1: CREAREA S\u0326I DENATURAREA MUZICII<br \/>Capitolul 2: I\u0302NCHINAREA: ACCEPTATA\u0306 S\u0326I RESPINSA\u0306!<br \/>Capitolul 3: RESTAURAREA I\u0302NCHINA\u0306RII DE CA\u0306TRE DAVID<br \/>Capitolul 4: CUM SA\u0306 NE I\u0302NCHINA\u0306M \u201eI\u0302N DUH\u201d<br \/>Capitolul 5: CUM SA\u0306 NE I\u0302NCHINA\u0306M \u201eI\u0302N ADEVA\u0306R\u201d<br \/>Capitolul 6: MUZICA S\u0326I I\u0302NCHINAREA ECHILIBRATA\u0306<br \/>Capitolul 7: CUM SE CONDUC CA\u0302NTECELE<br \/>Capitolul 8: REPARAREA SPA\u0306RTURILOR<br \/>Capitolul 9: I\u0302NAINTE SPRE SION<\/p>\n<p>Anexa A: Sugestii pentru instrumentis\u0327ti<br \/>Anexa B: Sugestii pentru liderii de i\u0302nchinare<\/p>\n<p>Numar de pagini: 72 (A4)<\/p>\n<\/div>\n<\/div>\n<\/div>\n","protected":false},"excerpt":{"rendered":"<p>Numar de pagini: 72 (A4)<\/p>\n","protected":false},"featured_media":7117,"template":"","meta":{"_acf_changed":false},"product_brand":[],"product_cat":[20],"product_tag":[],"class_list":{"0":"post-35511","1":"product","2":"type-product","3":"status-publish","4":"has-post-thumbnail","6":"product_cat-lauda-si-inchinare","7":"pa_autori-norman-holmes","8":"pa_format-carte-tiparita","9":"pa_format-carte-electronica","11":"first","12":"instock","13":"shipping-taxable","14":"purchasable","15":"product-type-variable"},"acf":[],"_links":{"self":[{"href":"https:\/\/alfaomega.tv\/librarie\/wp-json\/wp\/v2\/product\/35511","targetHints":{"allow":["GET"]}}],"collection":[{"href":"https:\/\/alfaomega.tv\/librarie\/wp-json\/wp\/v2\/product"}],"about":[{"href":"https:\/\/alfaomega.tv\/librarie\/wp-json\/wp\/v2\/types\/product"}],"wp:featuredmedia":[{"embeddable":true,"href":"https:\/\/alfaomega.tv\/librarie\/wp-json\/wp\/v2\/media\/7117"}],"wp:attachment":[{"href":"https:\/\/alfaomega.tv\/librarie\/wp-json\/wp\/v2\/media?parent=35511"}],"wp:term":[{"taxonomy":"product_brand","embeddable":true,"href":"https:\/\/alfaomega.tv\/librarie\/wp-json\/wp\/v2\/product_brand?post=35511"},{"taxonomy":"product_cat","embeddable":true,"href":"https:\/\/alfaomega.tv\/librarie\/wp-json\/wp\/v2\/product_cat?post=35511"},{"taxonomy":"product_tag","embeddable":true,"href":"https:\/\/alfaomega.tv\/librarie\/wp-json\/wp\/v2\/product_tag?post=35511"}],"curies":[{"name":"wp","href":"https:\/\/api.w.org\/{rel}","templated":true}]}}