{"id":35513,"date":"2025-08-29T12:57:10","date_gmt":"2025-08-29T12:57:10","guid":{"rendered":"https:\/\/alfaomega.tv\/librarie\/?post_type=product&#038;p=35513"},"modified":"2025-09-04T10:20:30","modified_gmt":"2025-09-04T10:20:30","slug":"biruinta-la-locul-de-munca","status":"publish","type":"product","link":"https:\/\/alfaomega.tv\/librarie\/produse\/crestinul-si-societatea\/biruinta-la-locul-de-munca\/","title":{"rendered":"Biruin\u021b\u0103 la locul de munc\u0103"},"content":{"rendered":"<p>Intra\u021bi \u00een orice libr\u0103rie \u0219i ve\u021bi g\u0103si din abunden\u021b\u0103 c\u0103r\u021bi despre c\u0103s\u0103torie, despre cre\u0219terea copiilor, finan\u021be \u0219i alte subiecte importante. Totu\u0219i, exist\u0103 un domeniu al vie\u021bii care pare c\u0103 a fost uitat cu des\u0103v\u00e2r\u0219ire: cre\u0219tinul la locul de munc\u0103.<br \/>\u00cen realitate, mul\u021bi cre\u0219tini merg la serviciu pentru acelea\u0219i motive pentru care restul lumii merge. \u201eBiruin\u021b\u0103 la locul de munc\u0103\u201d te va ajuta s\u0103 descoperi cum experien\u021ba ta la locul de munc\u0103 poate fi radical diferit\u0103.<\/p>\n<p>\u00b7 E\u0219ti nemul\u021bumit \u0219i plictisit de ceea ce faci la serviciu \u00een fiecare zi?<br \/> \u00b7 A\u0219tep\u021bi cu ner\u0103bdare weekendul pentru o eliberare temporar\u0103 de rutina monoton\u0103 de la serviciu?<br \/> \u00b7 Acum po\u021bi fi biruitor chiar \u0219i la locul t\u0103u de munc\u0103!<\/p>\n<p>\u00a0<\/p>\n<p>Nate Belkstrom:<\/p>\n<p>Absolvent a Christ for the Nations Bible College, pastor, autor \u015fi conferen\u0163iar pe tema biruin\u0163ei la locul de munc\u0103, Nate Belkstrom str\u0103bate America \u015fi Europa de est din 1995 pentru a duce acest mesaj tuturor.<\/p>\n<p>\u00a0<\/p>\n<p>Numar de pagini: 95<\/p>\n","protected":false},"excerpt":{"rendered":"<p>\u201eBiruin\u021b\u0103 la locul de munc\u0103\u201d te va ajuta s\u0103 descoperi cum experien\u021ba ta la locul de munc\u0103 poate fi radical diferit\u0103.<\/p>\n","protected":false},"featured_media":7119,"template":"","meta":{"_acf_changed":false},"product_brand":[],"product_cat":[30],"product_tag":[],"class_list":{"0":"post-35513","1":"product","2":"type-product","3":"status-publish","4":"has-post-thumbnail","6":"product_cat-crestinul-si-societatea","7":"pa_autori-nate-belkstrom","8":"pa_format-carte-tiparita","9":"pa_format-carte-electronica","11":"first","12":"instock","13":"shipping-taxable","14":"purchasable","15":"product-type-variable"},"acf":[],"_links":{"self":[{"href":"https:\/\/alfaomega.tv\/librarie\/wp-json\/wp\/v2\/product\/35513","targetHints":{"allow":["GET"]}}],"collection":[{"href":"https:\/\/alfaomega.tv\/librarie\/wp-json\/wp\/v2\/product"}],"about":[{"href":"https:\/\/alfaomega.tv\/librarie\/wp-json\/wp\/v2\/types\/product"}],"wp:featuredmedia":[{"embeddable":true,"href":"https:\/\/alfaomega.tv\/librarie\/wp-json\/wp\/v2\/media\/7119"}],"wp:attachment":[{"href":"https:\/\/alfaomega.tv\/librarie\/wp-json\/wp\/v2\/media?parent=35513"}],"wp:term":[{"taxonomy":"product_brand","embeddable":true,"href":"https:\/\/alfaomega.tv\/librarie\/wp-json\/wp\/v2\/product_brand?post=35513"},{"taxonomy":"product_cat","embeddable":true,"href":"https:\/\/alfaomega.tv\/librarie\/wp-json\/wp\/v2\/product_cat?post=35513"},{"taxonomy":"product_tag","embeddable":true,"href":"https:\/\/alfaomega.tv\/librarie\/wp-json\/wp\/v2\/product_tag?post=35513"}],"curies":[{"name":"wp","href":"https:\/\/api.w.org\/{rel}","templated":true}]}}