{"id":35519,"date":"2025-08-29T12:57:11","date_gmt":"2025-08-29T12:57:11","guid":{"rendered":"https:\/\/alfaomega.tv\/librarie\/?post_type=product&#038;p=35519"},"modified":"2026-04-22T07:16:11","modified_gmt":"2026-04-22T07:16:11","slug":"renuntand-la-nevoia-de-a-avea-dreptate","status":"publish","type":"product","link":"https:\/\/alfaomega.tv\/librarie\/produse\/crestinul-si-societatea\/renuntand-la-nevoia-de-a-avea-dreptate\/","title":{"rendered":"Renun\u021b\u00e2nd la nevoia de a avea dreptate"},"content":{"rendered":"<p>\u201e\u00cemi pare r\u0103u c\u0103 sim\u021bi asta.\u201d<br \/>\n\u2022 Oricine a practicat pretextul scuzelor.<\/p>\n<p>Tuturor ne este greu s\u0103 ne accept\u0103m gre\u0219elile. Ne ap\u0103r\u0103m, vorbim mai mult dec\u00e2t ascult\u0103m, sau g\u0103sim defecte mesagerului doar pentru a-i respinge mesajul. Aceste obiceiuri ridic\u0103 ziduri \u0219i ne fac s\u0103 ne \u00eenstr\u0103in\u0103m \u0219i s\u0103 ne izol\u0103m.<br \/>\n\u201eRenun\u021b\u00e2nd la nevoia de a avea dreptate\u201d este o invita\u021bie la a recunoa\u0219te lucrurile care fr\u00e2neaz\u0103 dezvoltarea noastr\u0103 personal\u0103 \u0219i care \u00eempiedic\u0103 rela\u021biile. S\u0103 \u00eenv\u0103\u021b\u0103m cum:<\/p>\n<p>\u2022 s\u0103 urm\u0103rim ce este drept, nu cine are dreptate.<br \/>\n\u2022 s\u0103 fim con\u0219tien\u021bi de motiva\u021bia noastr\u0103.<br \/>\n\u2022 s\u0103 l\u0103s\u0103m spa\u021biu creativit\u0103\u021bii \u0219i colabor\u0103rii.<br \/>\n\u2022 s\u0103 ne bucur\u0103m cu al\u021bii \u00een loc s\u0103 ne acapar\u0103m noi meritele.<\/p>\n<p>Suntem chema\u021bi s\u0103 \u00eenv\u0103\u021b\u0103m \u0219i s\u0103 slujim toat\u0103 via\u021ba. Atunci c\u00e2nd renun\u021b\u0103m la nevoia de a avea dreptate, la presiunea de a cunoa\u0219te toate lucrurile, de a le avea pe toate, iar atunci c\u00e2nd nevoia de a fi de toate \u00ee\u0219i pierde puterea asupra noastr\u0103, suntem liberi s\u0103 ne \u00eemplinim chemarea dat\u0103 de Dumnezeu.<\/p>\n<p>JEFF DOLLAR este pastorul senior al bisericii Grace Center \u0219i cofondatorul \u0218colii de via\u021b\u0103 supranatural\u0103 \u00een Franklin, Tennessee. A petrecut peste dou\u0103zeci de ani conduc\u00e2nd oameni \u00een prezen\u021ba lui Dumnezeu. Jeff \u0219i so\u021bia sa, Becky, locuiesc \u00een apropierea ora\u0219ului Nashville, \u00eempreun\u0103 cu cei doi copii ai lor.<\/p>\n<p>&nbsp;<\/p>\n","protected":false},"excerpt":{"rendered":"<p>\u201eRenun\u021b\u00e2nd la nevoia de a avea dreptate\u201d este o invita\u021bie la a recunoa\u0219te lucrurile care fr\u00e2neaz\u0103 dezvoltarea noastr\u0103 personal\u0103 \u0219i care \u00eempiedic\u0103 rela\u021biile.<\/p>\n","protected":false},"featured_media":7125,"template":"","meta":{"_acf_changed":false},"product_brand":[],"product_cat":[30],"product_tag":[],"class_list":{"0":"post-35519","1":"product","2":"type-product","3":"status-publish","4":"has-post-thumbnail","6":"product_cat-crestinul-si-societatea","7":"pa_autori-jeff-dollar","8":"pa_format-carte-tiparita","9":"pa_format-carte-electronica","11":"first","12":"outofstock","13":"shipping-taxable","14":"purchasable","15":"product-type-variable"},"acf":[],"_links":{"self":[{"href":"https:\/\/alfaomega.tv\/librarie\/wp-json\/wp\/v2\/product\/35519","targetHints":{"allow":["GET"]}}],"collection":[{"href":"https:\/\/alfaomega.tv\/librarie\/wp-json\/wp\/v2\/product"}],"about":[{"href":"https:\/\/alfaomega.tv\/librarie\/wp-json\/wp\/v2\/types\/product"}],"wp:featuredmedia":[{"embeddable":true,"href":"https:\/\/alfaomega.tv\/librarie\/wp-json\/wp\/v2\/media\/7125"}],"wp:attachment":[{"href":"https:\/\/alfaomega.tv\/librarie\/wp-json\/wp\/v2\/media?parent=35519"}],"wp:term":[{"taxonomy":"product_brand","embeddable":true,"href":"https:\/\/alfaomega.tv\/librarie\/wp-json\/wp\/v2\/product_brand?post=35519"},{"taxonomy":"product_cat","embeddable":true,"href":"https:\/\/alfaomega.tv\/librarie\/wp-json\/wp\/v2\/product_cat?post=35519"},{"taxonomy":"product_tag","embeddable":true,"href":"https:\/\/alfaomega.tv\/librarie\/wp-json\/wp\/v2\/product_tag?post=35519"}],"curies":[{"name":"wp","href":"https:\/\/api.w.org\/{rel}","templated":true}]}}