{"id":35529,"date":"2025-08-29T12:57:21","date_gmt":"2025-08-29T12:57:21","guid":{"rendered":"https:\/\/alfaomega.tv\/librarie\/?post_type=product&#038;p=35529"},"modified":"2025-09-03T12:08:50","modified_gmt":"2025-09-03T12:08:50","slug":"israelul-conteaza","status":"publish","type":"product","link":"https:\/\/alfaomega.tv\/librarie\/produse\/intelegerea-vremurilor-israel\/israelul-conteaza\/","title":{"rendered":"Israelul conteaz\u0103!"},"content":{"rendered":"<div>\u201e\u00cen ceea ce prive\u0219te ecumenismului protestant, pe de o parte exist\u0103 prizonieratul ideologic al bisericilor care au fost &lt;&gt; c\u00e2ndva, \u0219i care \u00eempiedic\u0103 \u00een\u021belegerea chem\u0103rii unice a evreilor \u0219i a rolului teritoriului israelian. Pe de alt\u0103 parte, teologia evanghelic\u0103 dispensa\u021bionalist\u0103 \u00eei are \u00een vedere, dar sunt \u00eencadra\u021bi \u00eentr-o schem\u0103 considerat\u0103 de al\u021bi cre\u0219tini drept o pervertire bizar\u0103 a Scripturii. Cartea de fa\u021b\u0103 ar putea reprezenta o realizare istoric\u0103.\u201d &#8211; Robert W. Jenson, Center of Theological Inquiry<\/div>\n<div>\u201eMcDermott ofer\u0103 o interpretare echilibrat\u0103 a teologiei cre\u0219tine tradi\u021bionale privind iudaismul, precum \u0219i un studiu atent al Bibliei, care consolideaz\u0103 credin\u021ba cre\u0219tin\u0103; \u00een acela\u0219i timp, face loc \u0219i pentru evrei \u00een \u021bara leg\u0103m\u00e2ntului. To\u021bi credincio\u0219ii ar trebui s\u0103 o citeasc\u0103.\u201d &#8211; Rabin dr. Eugene Korn, Center for Jewish-Christian Understanding and cooperation, Israel<\/div>\n<div>\u201eCu o atitudine sceptic\u0103 fa\u021b\u0103 de sionismul dispensa\u021bionalist indulgent \u0219i fa\u021b\u0103 de anti-sionismul c\u00e2rcota\u0219 deopotriv\u0103, McDermott examineaz\u0103 inteligent \u0219i cu tact o mul\u021bime de texte biblice complexe, evenimente istorice, realit\u0103\u021bi politice \u0219i dileme teologice. \u00cempacheteaz\u0103 \u0219i livreaz\u0103 informa\u021biile sub forma unui argument coerent \u0219i conving\u0103tor \u00een favoarea unei aser\u021biuni radicale pe care Biserica a evitat-o prea mult timp \u2013 aceea c\u0103 Israelul, \u00een toate dimensiunile sale, e o component\u0103 esen\u021bial\u0103 a obiectivului lui Dumnezeu de a m\u00e2ntui lumea.\u201d &#8211; Mark S. Kinzer, autorul volumului Postmissionary Messianic Judaism: Redefining Christian Engagement with the Jewish People<\/div>\n<div>\u201eNefiind \u00eenc\u00e2ntat de teologia \u00eenlocuirii, McDermott rescrie teologia leg\u0103m\u00e2ntului, sus\u021bin\u00e2nd valabilitatea leg\u0103m\u00e2ntului cu Israelul, precum \u0219i faptul c\u0103 include p\u0103m\u00e2ntul \u00een sine; \u00een plus, demonstreaz\u0103 care sunt consecin\u021bele pentru doctrina cre\u0219tin\u0103 \u00een ansamblul ei. Evit\u0103 o perspectiv\u0103 romantic\u0103 asupra statului Israel modern, prefer\u00e2nd s\u0103-i admit\u0103 cusururile, recunosc\u00e2nd \u00een acela\u0219i timp importan\u021ba lui \u00een istorie. McDermott a a\u0219ezat sionismul cre\u0219tin pe o funda\u021bie biblic\u0103 \u0219i teologic\u0103 solid\u0103. Recomand din inim\u0103 citirea c\u0103r\u021bii de fa\u021b\u0103.\u201d &#8211; Dale Coulter, Regent University<\/div>\n<div>\u201eFiecare teolog \u2013 cu prec\u0103dere cei cu viziuni opuse celei prezentate \u2013 ar trebui s\u0103 citeasc\u0103 Israelul conteaz\u0103, deoarece e menit s\u0103 devin\u0103 textul fundamental pentru aceast\u0103 perspectiv\u0103. Recomand cu \u00eencredere.\u201d &#8211; Bruce Ashford, Southeastern Baptist Theological <\/div>\n<div>Gerald R. McDermott (cu doctorat la Universitatea din Iowa) e \u0219eful catedrei de teologie anglican\u0103 din cadrul Beeson Divinity School, \u0219i autor al unui num\u0103r considerabil de c\u0103r\u021bi.<\/div>\n<div> <\/div>\n<div>Num\u0103r de pagini: 168<\/div>\n","protected":false},"excerpt":{"rendered":"<p>\u00cempacheteaz\u0103 \u0219i livreaz\u0103 informa\u021biile sub forma unui argument coerent \u0219i conving\u0103tor \u00een favoarea unei aser\u021biuni radicale pe care Biserica a evitat-o prea mult timp \u2013 aceea c\u0103 Israelul, \u00een toate dimensiunile sale, e o component\u0103 esen\u021bial\u0103 a obiectivului lui Dumnezeu de a m\u00e2ntui lumea.<\/p>\n","protected":false},"featured_media":7143,"template":"","meta":{"_acf_changed":false},"product_brand":[],"product_cat":[24],"product_tag":[],"class_list":{"0":"post-35529","1":"product","2":"type-product","3":"status-publish","4":"has-post-thumbnail","6":"product_cat-intelegerea-vremurilor-israel","7":"pa_autori-gerald-r-mcdermott","8":"pa_format-carte-tiparita","10":"first","11":"instock","12":"shipping-taxable","13":"purchasable","14":"product-type-variable","15":"has-default-attributes"},"acf":[],"_links":{"self":[{"href":"https:\/\/alfaomega.tv\/librarie\/wp-json\/wp\/v2\/product\/35529","targetHints":{"allow":["GET"]}}],"collection":[{"href":"https:\/\/alfaomega.tv\/librarie\/wp-json\/wp\/v2\/product"}],"about":[{"href":"https:\/\/alfaomega.tv\/librarie\/wp-json\/wp\/v2\/types\/product"}],"wp:featuredmedia":[{"embeddable":true,"href":"https:\/\/alfaomega.tv\/librarie\/wp-json\/wp\/v2\/media\/7143"}],"wp:attachment":[{"href":"https:\/\/alfaomega.tv\/librarie\/wp-json\/wp\/v2\/media?parent=35529"}],"wp:term":[{"taxonomy":"product_brand","embeddable":true,"href":"https:\/\/alfaomega.tv\/librarie\/wp-json\/wp\/v2\/product_brand?post=35529"},{"taxonomy":"product_cat","embeddable":true,"href":"https:\/\/alfaomega.tv\/librarie\/wp-json\/wp\/v2\/product_cat?post=35529"},{"taxonomy":"product_tag","embeddable":true,"href":"https:\/\/alfaomega.tv\/librarie\/wp-json\/wp\/v2\/product_tag?post=35529"}],"curies":[{"name":"wp","href":"https:\/\/api.w.org\/{rel}","templated":true}]}}