{"id":35541,"date":"2025-08-29T12:57:23","date_gmt":"2025-08-29T12:57:23","guid":{"rendered":"https:\/\/alfaomega.tv\/librarie\/?post_type=product&#038;p=35541"},"modified":"2025-11-04T13:01:10","modified_gmt":"2025-11-04T13:01:10","slug":"pledoarie-pentru-vindecare","status":"publish","type":"product","link":"https:\/\/alfaomega.tv\/librarie\/produse\/restaurare-vindecare-eliberare\/pledoarie-pentru-vindecare\/","title":{"rendered":"Pledoarie pentru vindecare"},"content":{"rendered":"<p>\u201ePledoarie pentru vindecare\u201d arunc\u0103 o privire mai profund\u0103 asupra subiectului controversat al vindec\u0103rii. Ea prezint\u0103 lumea bolilor, dar nu dintr-o perspectiv\u0103 medical\u0103, ci din punct de vedere spiritual. Dac\u0103 \u00een\u0163elegem c\u0103 trecutul influen\u0163eaz\u0103 foarte mult prezentul \u015fi modeleaz\u0103 viitorul, putem determina tiparele \u015fi aplica remedii la ceea ce comunitatea medical\u0103 nu a putut dec\u00e2t s\u0103 observe.<\/p>\n<p>Dac\u0103 \u00een\u021belegem c\u0103 lumile fizice \u0219i spirituale sunt complet integrate \u0219i interactive, putem g\u0103si r\u0103spunsuri la \u00eentreb\u0103rile mereu prezente despre vindecarea divin\u0103 \u0219i ceea ce o determin\u0103.<\/p>\n<p>Marjorie Cole, fondatoare a programului \u201eLife Recovery\u201d, a lucrat timp de 30 de ani \u00een consiliere \u0219i eliberare \u00een calitate de \u00eenv\u0103\u021b\u0103toare \u0219i consilier\u0103. Are o diplom\u0103 de master \u00een Consiliere psihologic\u0103 \u0219i dependen\u021b\u0103 de substan\u021be chimice. Fiind o excelent\u0103 \u00eenv\u0103\u021b\u0103toare de studiu biblic \u0219i vorbitoare la conferin\u021be, Marjorie a c\u0103l\u0103torit la nivel na\u021bional \u0219i interna\u021bional \u0219i a ajutat mii de oameni s\u0103 aplice principiile biblice \u00een vie\u021bile lor, aduc\u00e2ndu-i la adev\u0103rul \u0219i libertatea nou\u0103 \u00een Hristos.<\/p>\n<p>Numar de pagini: 227<\/p>\n","protected":false},"excerpt":{"rendered":"<p>\u201ePledoarie pentru vindecare\u201d arunc\u0103 o privire mai profund\u0103 asupra subiectului controversat al vindec\u0103rii. Ea prezint\u0103 lumea bolilor, dar nu dintr-o perspectiv\u0103 medical\u0103, ci din punct de vedere spiritual.<\/p>\n","protected":false},"featured_media":7157,"template":"","meta":{"_acf_changed":false},"product_brand":[],"product_cat":[25],"product_tag":[],"class_list":{"0":"post-35541","1":"product","2":"type-product","3":"status-publish","4":"has-post-thumbnail","6":"product_cat-restaurare-vindecare-eliberare","7":"pa_autori-marjorie-cole","8":"pa_format-carte-tiparita","9":"pa_format-carte-electronica","11":"first","12":"instock","13":"shipping-taxable","14":"purchasable","15":"product-type-variable"},"acf":[],"_links":{"self":[{"href":"https:\/\/alfaomega.tv\/librarie\/wp-json\/wp\/v2\/product\/35541","targetHints":{"allow":["GET"]}}],"collection":[{"href":"https:\/\/alfaomega.tv\/librarie\/wp-json\/wp\/v2\/product"}],"about":[{"href":"https:\/\/alfaomega.tv\/librarie\/wp-json\/wp\/v2\/types\/product"}],"wp:featuredmedia":[{"embeddable":true,"href":"https:\/\/alfaomega.tv\/librarie\/wp-json\/wp\/v2\/media\/7157"}],"wp:attachment":[{"href":"https:\/\/alfaomega.tv\/librarie\/wp-json\/wp\/v2\/media?parent=35541"}],"wp:term":[{"taxonomy":"product_brand","embeddable":true,"href":"https:\/\/alfaomega.tv\/librarie\/wp-json\/wp\/v2\/product_brand?post=35541"},{"taxonomy":"product_cat","embeddable":true,"href":"https:\/\/alfaomega.tv\/librarie\/wp-json\/wp\/v2\/product_cat?post=35541"},{"taxonomy":"product_tag","embeddable":true,"href":"https:\/\/alfaomega.tv\/librarie\/wp-json\/wp\/v2\/product_tag?post=35541"}],"curies":[{"name":"wp","href":"https:\/\/api.w.org\/{rel}","templated":true}]}}