{"id":35573,"date":"2025-08-29T12:57:35","date_gmt":"2025-08-29T12:57:35","guid":{"rendered":"https:\/\/alfaomega.tv\/librarie\/?post_type=product&#038;p=35573"},"modified":"2025-11-06T13:16:06","modified_gmt":"2025-11-06T13:16:06","slug":"pana-cand","status":"publish","type":"product","link":"https:\/\/alfaomega.tv\/librarie\/produse\/intelegerea-vremurilor-israel\/pana-cand\/","title":{"rendered":"P\u00e2n\u0103 c\u00e2nd"},"content":{"rendered":"<p>P\u00c2N\u0102 este doar un mic cuv\u00e2nt. Dar are o semnifica\u021bie profetic\u0103 de mare anvergur\u0103. Toate evenimentele, tot ceea ce se \u00eent\u00e2mpl\u0103 \u00een lume, par s\u0103 continue la nesf\u00e2r\u0219it. Istoria pare s\u0103 avanseze \u00een cicluri. Sau \u00eentr-un lung \u0219ir, f\u0103r\u0103 sf\u00e2r\u0219it. Totul merge \u00eenainte&#8230; p\u00e2n\u0103! \u0218i apoi totul se schimb\u0103! \u00cen cele din urm\u0103, va fi o schimbare \u00een bine. C\u00e2t se poate de bine! Da, exist\u0103 speran\u021b\u0103! Biblia con\u021bine multe astfel de \u201ep\u00e2n\u0103\u201d dumnezeie\u0219ti \u0219i profetice.<br \/>\n\u00cen aceast\u0103 carte, Rev. Willem J.J. Glashouwer examineaz\u0103 \u00eendeaproape paisprezece dintre aceste \u201ep\u00e2n\u0103\u201d. Rezultatul este extrem de \u00eencurajator. Ne arat\u0103 c\u0103 istoria nu este un ciclu care continu\u0103 s\u0103 se repete la nesf\u00e2r\u0219it \u0219i constant. Istoria este o linie, cu un \u00eenceput \u0219i un sf\u00e2r\u0219it. Istoria se apropie de un punct culminant \u0219i de un scop final. De la prima crea\u021bie la a doua crea\u021bie. De la Paradis, la \u00cemp\u0103r\u0103\u021bia lui Dumnezeu. Unde suntem ast\u0103zi \u00een aceast\u0103 cronologie a istoriei? C\u00e2t de aproape suntem \u00een acest moment de realitatea izb\u0103virii divine a planetei \u0219i a omenirii?<br \/>\nRev. Willem J.J. Glashouwer este pre\u0219edintele organiza\u021biei Christians for Israel International. Este pastor ordinat al Bisericii Reformate Olandeze \u0219i fost director al Companiei de Radiodifuziune Evanghelic\u0103 din Olanda. Rev. Glashouwer a jucat un rol cheie \u00een \u00eenfiin\u021barea Institutului Olandez de Educa\u021bie Superioar\u0103 Evanghelic\u0103 \u0219i a \u0218colii Evanghelice de Jurnalism. Rev. Glashouwer a scris mai multe c\u0103r\u021bi de studiu biblic, printre care De ce Israel? (care a fost tradus\u0103 \u00een peste 40 de limbi), De ce Ierusalim?, De ce vremurile de pe urm\u0103? \u0219i Iat\u0103, El vine &#8211; un comentariu al c\u0103r\u021bii Apocalipsa, \u00een formatul unui material devo\u021bional zilnic, verset cu verset.<\/p>\n<p>Numar de pagini: 200<\/p>\n","protected":false},"excerpt":{"rendered":"<p>\u00cen aceast\u0103 carte, Rev. Willem J.J. Glashouwer examineaz\u0103 \u00eendeaproape paisprezece dintre aceste \u201ep\u00e2n\u0103\u201d. Rezultatul este extrem de \u00eencurajator. Ne arat\u0103 c\u0103 istoria nu este un ciclu care continu\u0103 s\u0103 se repete la nesf\u00e2r\u0219it \u0219i constant. Istoria este o linie, cu un \u00eenceput \u0219i un sf\u00e2r\u0219it.<\/p>\n","protected":false},"featured_media":7201,"template":"","meta":{"_acf_changed":false},"product_brand":[],"product_cat":[24],"product_tag":[],"class_list":{"0":"post-35573","1":"product","2":"type-product","3":"status-publish","4":"has-post-thumbnail","6":"product_cat-intelegerea-vremurilor-israel","7":"pa_autori-willem-j-j-glashouwer","8":"pa_format-carte-tiparita","9":"pa_format-carte-electronica","11":"first","12":"instock","13":"shipping-taxable","14":"purchasable","15":"product-type-variable"},"acf":[],"_links":{"self":[{"href":"https:\/\/alfaomega.tv\/librarie\/wp-json\/wp\/v2\/product\/35573","targetHints":{"allow":["GET"]}}],"collection":[{"href":"https:\/\/alfaomega.tv\/librarie\/wp-json\/wp\/v2\/product"}],"about":[{"href":"https:\/\/alfaomega.tv\/librarie\/wp-json\/wp\/v2\/types\/product"}],"wp:featuredmedia":[{"embeddable":true,"href":"https:\/\/alfaomega.tv\/librarie\/wp-json\/wp\/v2\/media\/7201"}],"wp:attachment":[{"href":"https:\/\/alfaomega.tv\/librarie\/wp-json\/wp\/v2\/media?parent=35573"}],"wp:term":[{"taxonomy":"product_brand","embeddable":true,"href":"https:\/\/alfaomega.tv\/librarie\/wp-json\/wp\/v2\/product_brand?post=35573"},{"taxonomy":"product_cat","embeddable":true,"href":"https:\/\/alfaomega.tv\/librarie\/wp-json\/wp\/v2\/product_cat?post=35573"},{"taxonomy":"product_tag","embeddable":true,"href":"https:\/\/alfaomega.tv\/librarie\/wp-json\/wp\/v2\/product_tag?post=35573"}],"curies":[{"name":"wp","href":"https:\/\/api.w.org\/{rel}","templated":true}]}}