{"id":35577,"date":"2025-08-29T12:57:35","date_gmt":"2025-08-29T12:57:35","guid":{"rendered":"https:\/\/alfaomega.tv\/librarie\/?post_type=product&#038;p=35577"},"modified":"2025-09-02T07:33:32","modified_gmt":"2025-09-02T07:33:32","slug":"recompensele-simplitatii","status":"publish","type":"product","link":"https:\/\/alfaomega.tv\/librarie\/produse\/identitate-crestere-spirituala-revelatie\/recompensele-simplitatii\/","title":{"rendered":"Recompensele simplit\u0103\u021bii"},"content":{"rendered":"<p>Elimin\u0103 haosul material \u0219i spiritual din via\u021ba ta. To\u021bi am avut momente c\u00e2nd ne-am dorit ca ziua s\u0103 aib\u0103 o or\u0103 sau dou\u0103 \u00een plus. Fugim de acas\u0103 la lucru, ne gr\u0103bim s\u0103 lu\u0103m copiii de la \u0219coal\u0103, apoi mergem \u00een goan\u0103 la biseric\u0103; avem prea pu\u021bin timp \u2013 sau energie \u2013 pentru a petrece timp acas\u0103. Lucrurile se adun\u0103 \u0219i tr\u0103im \u00eentr-o stare continu\u0103 de stres, confuzie \u0219i haos.<\/p>\n<p>\u0218i totu\u0219i, zilele simple la care t\u00e2njim nu sunt un vis \u00eendep\u0103rtat.<br \/>\u00cempletind \u00eenv\u0103\u021b\u0103turi biblice cu experien\u021ba personal\u0103 \u0219i sfaturi practice, pastorii \u0219i vorbitorii respecta\u021bi, Chuck \u0219i Pam Pierce, \u00ee\u021bi dezv\u0103luie \u00eentr-o manier\u0103 prietenoas\u0103 cum \u00ee\u021bi po\u021bi simplifica via\u021ba, casa \u0219i sufletul. Printre altele, vei afla:<br \/> \u2022 cum s\u0103 elimini haosul inutil din casa ta,<br \/> \u2022 cum s\u0103 te desprinzi, \u00eempreun\u0103 cu familia ta, de folosirea \u00een exces a tehnologiei \u0219i a divertismentului, <br \/> \u2022 cum s\u0103 \u00eenvingi anxietatea,<br \/> \u2022 cum s\u0103 r\u0103m\u00e2i \u00een odihna de sabat,<br \/> \u2022 cum s\u0103 te eliberezi de Mamona &#8211; \u00eent\u0103ritura materialismului &#8211; \u0219i de multe altele.<br \/>Nu trebuie s\u0103 fii stresat. Po\u021bi experimenta pacea \u0219i odihna. \u00cencepe azi s\u0103 beneficiezi de r\u0103spl\u0103tirile unei vie\u021bi tr\u0103ite simplu.<\/p>\n<p>Pam \u0219i Chuck D. Pierce sunt lucr\u0103tori ordina\u021bi \u0219i sunt c\u0103s\u0103tori\u021bi de 36 de ani. Chuck sluje\u0219te ca pre\u0219edite al Glory of Zion International Ministries \u00een Denton, statul Texas, \u0219i str\u0103jer al Global Harvest Ministries \u00een Colorado Springs, statul Colorado. Pam a slujit \u00een Trupul lui Hristos o mare parte din via\u021ba de adult. \u00cen prezent, pred\u0103 la clasele a IV-a \u0219i a V-a, av\u00e2nd grij\u0103 \u00een acela\u0219i timp de familia plin\u0103 de via\u021b\u0103, Pierce.<\/p>\n<\/p>\n<p>Numar de pagini: 197<\/p>\n","protected":false},"excerpt":{"rendered":"<p>Elimin\u0103 haosul material \u0219i spiritual din via\u021ba ta. To\u021bi am avut momente c\u00e2nd ne-am dorit ca ziua s\u0103 aib\u0103 o or\u0103 sau dou\u0103 \u00een plus. Fugim de acas\u0103 la lucru, ne gr\u0103bim s\u0103 lu\u0103m copiii de la \u0219coal\u0103, apoi mergem \u00een goan\u0103 la biseric\u0103; avem prea pu\u021bin timp \u2013 sau energie \u2013 pentru a petrece timp acas\u0103. Lucrurile se adun\u0103 \u0219i tr\u0103im \u00eentr-o stare continu\u0103 de stres, confuzie \u0219i haos.<\/p>\n","protected":false},"featured_media":7205,"template":"","meta":{"_acf_changed":false},"product_brand":[],"product_cat":[21],"product_tag":[],"class_list":{"0":"post-35577","1":"product","2":"type-product","3":"status-publish","4":"has-post-thumbnail","6":"product_cat-identitate-crestere-spirituala-revelatie","7":"pa_autori-chuck-d-pierce","8":"pa_format-carte-tiparita","10":"first","11":"instock","12":"shipping-taxable","13":"purchasable","14":"product-type-variable","15":"has-default-attributes"},"acf":[],"_links":{"self":[{"href":"https:\/\/alfaomega.tv\/librarie\/wp-json\/wp\/v2\/product\/35577","targetHints":{"allow":["GET"]}}],"collection":[{"href":"https:\/\/alfaomega.tv\/librarie\/wp-json\/wp\/v2\/product"}],"about":[{"href":"https:\/\/alfaomega.tv\/librarie\/wp-json\/wp\/v2\/types\/product"}],"wp:featuredmedia":[{"embeddable":true,"href":"https:\/\/alfaomega.tv\/librarie\/wp-json\/wp\/v2\/media\/7205"}],"wp:attachment":[{"href":"https:\/\/alfaomega.tv\/librarie\/wp-json\/wp\/v2\/media?parent=35577"}],"wp:term":[{"taxonomy":"product_brand","embeddable":true,"href":"https:\/\/alfaomega.tv\/librarie\/wp-json\/wp\/v2\/product_brand?post=35577"},{"taxonomy":"product_cat","embeddable":true,"href":"https:\/\/alfaomega.tv\/librarie\/wp-json\/wp\/v2\/product_cat?post=35577"},{"taxonomy":"product_tag","embeddable":true,"href":"https:\/\/alfaomega.tv\/librarie\/wp-json\/wp\/v2\/product_tag?post=35577"}],"curies":[{"name":"wp","href":"https:\/\/api.w.org\/{rel}","templated":true}]}}