{"id":35627,"date":"2025-08-29T12:57:59","date_gmt":"2025-08-29T12:57:59","guid":{"rendered":"https:\/\/alfaomega.tv\/librarie\/?post_type=product&#038;p=35627"},"modified":"2025-10-30T15:05:14","modified_gmt":"2025-10-30T15:05:14","slug":"revelatia-slavei-domnului","status":"publish","type":"product","link":"https:\/\/alfaomega.tv\/librarie\/produse\/identitate-crestere-spirituala-revelatie\/revelatia-slavei-domnului\/","title":{"rendered":"Revela\u0163ia Slavei Domnului"},"content":{"rendered":"<p>Aceasta este prima carte despre mi\u0219carea slavei Domnului din Pacific c\u0103tre Israel (1984-2017) scris\u0103 de profetul acestei mi\u0219c\u0103ri, reverendul Michael Maeliau din Insulele Solomon. Slava Domnului \u00eentotdeauna s-a \u00eentors \u00een Israel din R\u0103s\u0103rit (Ezechiel 43:1-4; Zaharia 14:4; Matei 24:27). \u0218i a\u0219a cum fra\u021bii no\u0219tri evrei din Israel ne-au \u00eemp\u0103rt\u0103\u0219it, ei v\u0103d insulele Pacificului fiind situate \u00een est.<br \/>\n\u201eViziunea curen\u021bilor de ap\u0103\u201d pe care reverendul Michael Maeliau a primit-o \u00een 1986, a confirmat c\u0103 locul de lansare a slavei \u00eenapoi spre Ierusalim este Pacificul, cap\u0103tul p\u0103m\u00e2ntului (Faptele apostolilor 1:8), ultima regiune locuit\u0103 de oameni \u0219i ultima regiune care a primit Evanghelia.<br \/>\nAceast\u0103 carte acoper\u0103 toate aceste subiecte \u0219i se concentreaz\u0103 \u00een special asupra revela\u021biei slavei Domnului pe P\u0103m\u00e2nt.<\/p>\n<p>&nbsp;<\/p>\n","protected":false},"excerpt":{"rendered":"<p>Aceasta este prima carte despre mi\u0219carea slavei Domnului din Pacific c\u0103tre Israel (1984-2017) scris\u0103 de profetul acestei mi\u0219c\u0103ri, reverendul Michael Maeliau din Insulele Solomon. Slava Domnului \u00eentotdeauna s-a \u00eentors \u00een Israel din R\u0103s\u0103rit (Ezechiel 43:1-4; Zaharia 14:4; Matei 24:27). \u0218i a\u0219a cum fra\u021bii no\u0219tri evrei din Israel ne-au \u00eemp\u0103rt\u0103\u0219it, ei v\u0103d insulele Pacificului fiind situate \u00een est.<\/p>\n","protected":false},"featured_media":7271,"template":"","meta":{"_acf_changed":false},"product_brand":[],"product_cat":[21],"product_tag":[],"class_list":{"0":"post-35627","1":"product","2":"type-product","3":"status-publish","4":"has-post-thumbnail","6":"product_cat-identitate-crestere-spirituala-revelatie","7":"pa_autori-michael-maeliau","8":"pa_format-carte-tiparita","9":"pa_format-carte-electronica","11":"first","12":"instock","13":"shipping-taxable","14":"purchasable","15":"product-type-variable"},"acf":[],"_links":{"self":[{"href":"https:\/\/alfaomega.tv\/librarie\/wp-json\/wp\/v2\/product\/35627","targetHints":{"allow":["GET"]}}],"collection":[{"href":"https:\/\/alfaomega.tv\/librarie\/wp-json\/wp\/v2\/product"}],"about":[{"href":"https:\/\/alfaomega.tv\/librarie\/wp-json\/wp\/v2\/types\/product"}],"wp:featuredmedia":[{"embeddable":true,"href":"https:\/\/alfaomega.tv\/librarie\/wp-json\/wp\/v2\/media\/7271"}],"wp:attachment":[{"href":"https:\/\/alfaomega.tv\/librarie\/wp-json\/wp\/v2\/media?parent=35627"}],"wp:term":[{"taxonomy":"product_brand","embeddable":true,"href":"https:\/\/alfaomega.tv\/librarie\/wp-json\/wp\/v2\/product_brand?post=35627"},{"taxonomy":"product_cat","embeddable":true,"href":"https:\/\/alfaomega.tv\/librarie\/wp-json\/wp\/v2\/product_cat?post=35627"},{"taxonomy":"product_tag","embeddable":true,"href":"https:\/\/alfaomega.tv\/librarie\/wp-json\/wp\/v2\/product_tag?post=35627"}],"curies":[{"name":"wp","href":"https:\/\/api.w.org\/{rel}","templated":true}]}}