{"id":35647,"date":"2025-08-29T12:58:02","date_gmt":"2025-08-29T12:58:02","guid":{"rendered":"https:\/\/alfaomega.tv\/librarie\/?post_type=product&#038;p=35647"},"modified":"2026-02-10T08:43:56","modified_gmt":"2026-02-10T08:43:56","slug":"declaratii-care-aduc-strapungere","status":"publish","type":"product","link":"https:\/\/alfaomega.tv\/librarie\/produse\/restaurare-vindecare-eliberare\/declaratii-care-aduc-strapungere\/","title":{"rendered":"Declaratii care aduc strapungere"},"content":{"rendered":"<p>\u00cen aceast\u0103 explorare bogat\u0103 din punct de vedere biblic a puterii decretelor, Jane Hamon, lider\u0103 apostolic\u0103 \u0219i profetes\u0103 te inspir\u0103 \u0219i te \u00eenva\u021b\u0103 cum s\u0103 fii \u00een parteneriat cu Dumnezeu pentru schimbare. Prin explorarea ei \u00een profunzime a tuturor c\u0103ilor prin care cuvintele Domnului aduc via\u021b\u0103, ea te ajut\u0103 s\u0103 activezi promisiuni pe care Dumnezeu t\u00e2nje\u0219te s\u0103 le \u00eemplineasc\u0103. Aceast\u0103 carte con\u021bine declara\u021biile personale specifice \u0219i dovedite ale lui Jane pe care s\u0103 le po\u021bi folosi, \u0219i ea descrie minunile la care a fost martor\u0103 \u00een timp ce ea \u0219i al\u021bii au ascultat inima lui Dumnezeu.<\/p>\n<p>Dumnezeu vrea s\u0103 pun\u0103 \u00een mi\u0219care str\u0103pungeri de care tu \u0219i familia ta ave\u021bi nevoie. Ia \u00een st\u0103p\u00e2nire ac\u021biunea transformatoare de via\u021b\u0103 de a rosti declara\u021biile lui Dumnezeu pentru credincio\u0219i!<\/p>\n<p>Nr. pagini &#8211; 190<\/p>\n","protected":false},"excerpt":{"rendered":"<p>DECLAR\u0102 PESTE VIA\u021aA TA CE ARE DUMNEZEU MAI BUN<br \/>\nC\u00e2nd Dumnezeu vorbe\u0219te, \u00eentunericul tremur\u0103 \u0219i moartea se cutremur\u0103! Vocea Lui este cea mai puternic\u0103 for\u021b\u0103 din univers. El le-a dat copiilor S\u0103i mandatul de a declara ceea ce vorbe\u0219te El, de a spune ce spune El. Este vremea ca credincio\u0219ii s\u0103 contracareze atacurile vr\u0103jma\u0219ului \u2013 care a fost \u00eentotdeauna un mincinos \u2013 prin cuvintele de adev\u0103r ale lui Dumnezeu pentru a aduce eliberare celor ce le aud.<\/p>\n","protected":false},"featured_media":7297,"template":"","meta":{"_acf_changed":false},"product_brand":[],"product_cat":[25],"product_tag":[],"class_list":{"0":"post-35647","1":"product","2":"type-product","3":"status-publish","4":"has-post-thumbnail","6":"product_cat-restaurare-vindecare-eliberare","7":"pa_autori-jane-hamon","8":"pa_format-carte-tiparita","10":"first","11":"instock","12":"shipping-taxable","13":"purchasable","14":"product-type-variable","15":"has-default-attributes"},"acf":[],"_links":{"self":[{"href":"https:\/\/alfaomega.tv\/librarie\/wp-json\/wp\/v2\/product\/35647","targetHints":{"allow":["GET"]}}],"collection":[{"href":"https:\/\/alfaomega.tv\/librarie\/wp-json\/wp\/v2\/product"}],"about":[{"href":"https:\/\/alfaomega.tv\/librarie\/wp-json\/wp\/v2\/types\/product"}],"wp:featuredmedia":[{"embeddable":true,"href":"https:\/\/alfaomega.tv\/librarie\/wp-json\/wp\/v2\/media\/7297"}],"wp:attachment":[{"href":"https:\/\/alfaomega.tv\/librarie\/wp-json\/wp\/v2\/media?parent=35647"}],"wp:term":[{"taxonomy":"product_brand","embeddable":true,"href":"https:\/\/alfaomega.tv\/librarie\/wp-json\/wp\/v2\/product_brand?post=35647"},{"taxonomy":"product_cat","embeddable":true,"href":"https:\/\/alfaomega.tv\/librarie\/wp-json\/wp\/v2\/product_cat?post=35647"},{"taxonomy":"product_tag","embeddable":true,"href":"https:\/\/alfaomega.tv\/librarie\/wp-json\/wp\/v2\/product_tag?post=35647"}],"curies":[{"name":"wp","href":"https:\/\/api.w.org\/{rel}","templated":true}]}}