{"id":35687,"date":"2025-08-29T12:58:23","date_gmt":"2025-08-29T12:58:23","guid":{"rendered":"https:\/\/alfaomega.tv\/librarie\/?post_type=product&#038;p=35687"},"modified":"2026-03-11T07:20:31","modified_gmt":"2026-03-11T07:20:31","slug":"dragostea-vorbeste","status":"publish","type":"product","link":"https:\/\/alfaomega.tv\/librarie\/produse\/identitate-crestere-spirituala-revelatie\/dragostea-vorbeste\/","title":{"rendered":"Dragostea vorbe\u0219te"},"content":{"rendered":"<p>Cum ar fi dac\u0103 auzirea vocii lui Dumnezeu \u00een moduri noi te-ar putea ajuta s\u0103 experimentezi \u00een mod continuu dragostea Lui, chiar \u0219i atunci c\u00e2nd c\u0103l\u0103toria vie\u021bii pare incert\u0103 \u0219i nu ai toate r\u0103spunsurile?<\/p>\n<p>Se poate! \u0218i este mai u\u0219or dec\u00e2t crezi.<\/p>\n<p>Indiferent de mediul de credin\u021b\u0103 din care provii, po\u021bi deveni mai puternic \u00een iubirea Sa ve\u0219nic\u0103 exprimat\u0103 prin vocea lui Dumnezeu Tat\u0103l, Fiul \u0219i Duhul Sf\u00e2nt. Aceast\u0103 carte este o invita\u021bie de a descoperi c\u0103 dragostea lui Dumnezeu este real\u0103. \u0218i dragostea Lui \u00ee\u021bi vorbe\u0219te. \u00cen mod personal.<\/p>\n<p>\u2022 \u00cenva\u021b\u0103 \u0219i recunoa\u0219te cele 21 de moduri \u00een care vocea lui Dumnezeu ia leg\u0103tura cu tine.<br \/>\n\u2022 Dezvolt\u0103-\u021bi capacitatea de a discerne vocea autentic\u0103 a lui Dumnezeu.<br \/>\n\u2022 Aplic\u0103 \u00een mod practic aceast\u0103 \u00eenv\u0103\u021b\u0103tur\u0103 pentru a te ajuta s\u0103 \u00eemp\u0103rt\u0103\u0219e\u0219ti dragostea lui Dumnezeu lumii.<\/p>\n","protected":false},"excerpt":{"rendered":"<p>Cum ar fi dac\u0103 auzirea vocii lui Dumnezeu \u00een moduri noi te-ar putea ajuta s\u0103 experimentezi \u00een mod continuu dragostea Lui, chiar \u0219i atunci c\u00e2nd c\u0103l\u0103toria vie\u021bii pare incert\u0103 \u0219i nu ai toate r\u0103spunsurile?<br \/>\nSe poate! \u0218i este mai u\u0219or dec\u00e2t crezi.<\/p>\n","protected":false},"featured_media":7341,"template":"","meta":{"_acf_changed":false},"product_brand":[],"product_cat":[21],"product_tag":[],"class_list":{"0":"post-35687","1":"product","2":"type-product","3":"status-publish","4":"has-post-thumbnail","6":"product_cat-identitate-crestere-spirituala-revelatie","7":"pa_autori-carl-wesley-anderson","8":"pa_format-carte-tiparita","9":"pa_format-carte-electronica","11":"first","12":"instock","13":"shipping-taxable","14":"purchasable","15":"product-type-variable"},"acf":[],"_links":{"self":[{"href":"https:\/\/alfaomega.tv\/librarie\/wp-json\/wp\/v2\/product\/35687","targetHints":{"allow":["GET"]}}],"collection":[{"href":"https:\/\/alfaomega.tv\/librarie\/wp-json\/wp\/v2\/product"}],"about":[{"href":"https:\/\/alfaomega.tv\/librarie\/wp-json\/wp\/v2\/types\/product"}],"wp:featuredmedia":[{"embeddable":true,"href":"https:\/\/alfaomega.tv\/librarie\/wp-json\/wp\/v2\/media\/7341"}],"wp:attachment":[{"href":"https:\/\/alfaomega.tv\/librarie\/wp-json\/wp\/v2\/media?parent=35687"}],"wp:term":[{"taxonomy":"product_brand","embeddable":true,"href":"https:\/\/alfaomega.tv\/librarie\/wp-json\/wp\/v2\/product_brand?post=35687"},{"taxonomy":"product_cat","embeddable":true,"href":"https:\/\/alfaomega.tv\/librarie\/wp-json\/wp\/v2\/product_cat?post=35687"},{"taxonomy":"product_tag","embeddable":true,"href":"https:\/\/alfaomega.tv\/librarie\/wp-json\/wp\/v2\/product_tag?post=35687"}],"curies":[{"name":"wp","href":"https:\/\/api.w.org\/{rel}","templated":true}]}}