{"id":35689,"date":"2025-08-29T12:58:24","date_gmt":"2025-08-29T12:58:24","guid":{"rendered":"https:\/\/alfaomega.tv\/librarie\/?post_type=product&#038;p=35689"},"modified":"2025-08-29T12:58:35","modified_gmt":"2025-08-29T12:58:35","slug":"biblie-073-aniversara-neagra","status":"publish","type":"product","link":"https:\/\/alfaomega.tv\/librarie\/produse\/biblii\/biblie-073-aniversara-neagra\/","title":{"rendered":"Biblie 073 aniversar\u0103 neagr\u0103"},"content":{"rendered":"<p>Culoare copert\u0103 Negru<br \/>Traducerea Dumitru Cornilescu editie revizuita ortografic<br \/>Anul Public\u0103rii 2016<br \/>Nr. de pagini 1223<br \/>Dimensiuni Fil\u0103 15 x 23 cm<br \/>Dimensiuni Copert\u0103 16,5 x 25 cm<br \/>Fermoar Da<br \/>Copert\u0103 Piele<br \/>Margine aurie<br \/>Index De C\u0103utare Da<br \/>Culoare H\u00e2rtie Galbena<br \/>Cuvintele Domnului Isus \u00cen Ro\u0219u Da<br \/>Editura Soc Biblica Interconfesionala (SBIR)<\/p>\n","protected":false},"excerpt":{"rendered":"<p>Biblia aniversara cu ocazia celor 90 de ani de la publicarea Bibliei \u00een traducerea D. Cornilescu<\/p>\n<p>Biblie mare, piele \u0219i fermoar, marginii aurii \u0219i index.<\/p>\n<p>Con\u021bine<br \/>\nExpresii uzuale care se reg\u0103sesc \u00een Biblie<\/p>\n","protected":false},"featured_media":7343,"template":"","meta":{"_acf_changed":false},"product_brand":[],"product_cat":[29],"product_tag":[],"class_list":{"0":"post-35689","1":"product","2":"type-product","3":"status-publish","4":"has-post-thumbnail","6":"product_cat-biblii","7":"pa_format-carte-tiparita","9":"first","10":"instock","11":"shipping-taxable","12":"purchasable","13":"product-type-variable"},"acf":[],"_links":{"self":[{"href":"https:\/\/alfaomega.tv\/librarie\/wp-json\/wp\/v2\/product\/35689","targetHints":{"allow":["GET"]}}],"collection":[{"href":"https:\/\/alfaomega.tv\/librarie\/wp-json\/wp\/v2\/product"}],"about":[{"href":"https:\/\/alfaomega.tv\/librarie\/wp-json\/wp\/v2\/types\/product"}],"wp:featuredmedia":[{"embeddable":true,"href":"https:\/\/alfaomega.tv\/librarie\/wp-json\/wp\/v2\/media\/7343"}],"wp:attachment":[{"href":"https:\/\/alfaomega.tv\/librarie\/wp-json\/wp\/v2\/media?parent=35689"}],"wp:term":[{"taxonomy":"product_brand","embeddable":true,"href":"https:\/\/alfaomega.tv\/librarie\/wp-json\/wp\/v2\/product_brand?post=35689"},{"taxonomy":"product_cat","embeddable":true,"href":"https:\/\/alfaomega.tv\/librarie\/wp-json\/wp\/v2\/product_cat?post=35689"},{"taxonomy":"product_tag","embeddable":true,"href":"https:\/\/alfaomega.tv\/librarie\/wp-json\/wp\/v2\/product_tag?post=35689"}],"curies":[{"name":"wp","href":"https:\/\/api.w.org\/{rel}","templated":true}]}}