{"id":35691,"date":"2025-08-29T12:58:24","date_gmt":"2025-08-29T12:58:24","guid":{"rendered":"https:\/\/alfaomega.tv\/librarie\/?post_type=product&#038;p=35691"},"modified":"2025-09-04T10:14:32","modified_gmt":"2025-09-04T10:14:32","slug":"tranzitia","status":"publish","type":"product","link":"https:\/\/alfaomega.tv\/librarie\/produse\/identitate-crestere-spirituala-revelatie\/tranzitia\/","title":{"rendered":"Tranzitia"},"content":{"rendered":"<p>Am avut un vis care anun\u021ba o perioad\u0103 de tranzi\u021bie pentru Biseric\u0103 ce avea s\u0103 dureze un an. Este o invita\u021bie de a trece de la muntele p\u0103m\u00e2ntesc la muntele ceresc. Isus spune:<\/p>\n<p>\u201eAlunga\u021bi descurajarea; alunga\u021bi \u00eengrijorarea; alunga\u021bi oboseala. Acestea nu sunt de la Mine. Acestea sunt ca ni\u0219te mantii pe care cineva a vrut s\u0103 vi le pun\u0103 pe umeri. Eu le smulg \u0219i le sf\u00e2\u0219ii. \u00cenl\u0103tur greutatea care v\u0103 cople\u0219e\u0219te. Respir o r\u0103suflare nou\u0103 de slav\u0103 \u00een via\u021ba voastr\u0103. Ridica\u021bi-v\u0103 \u0219i \u00eencepe\u021bi s\u0103 umbla\u021bi.  A\u021bi tr\u0103it suficient pe acel munte pe care Eu M-am ar\u0103tat mai demult. Ridica\u021bi-v\u0103 ochii \u0219i privi\u021bi c\u0103tre acel munte ceresc unde locuiesc Eu.\u201d<br \/>\u00cenv\u0103\u021ba\u021bi cum s\u0103 primi\u021bi provizia oferit\u0103 de Dumnezeu care v\u0103 va permite s\u0103 umbla\u021bi \u00eentr-o bucurie mai mare, \u00eentr-o pace mai mare, \u00eentr-o slav\u0103 mai mare. Cerurile sunt deschise, iar Isus v\u0103 invit\u0103 s\u0103 merge\u021bi cu El din slav\u0103 \u00een slav\u0103.<\/p>\n<p>Nr. pagini &#8211; 42<\/p>\n","protected":false},"excerpt":{"rendered":"<p>Am avut un vis care anun\u021ba o perioad\u0103 de tranzi\u021bie pentru Biseric\u0103 ce avea s\u0103 dureze un an. Este o invita\u021bie de a trece de la muntele p\u0103m\u00e2ntesc la muntele ceresc.<\/p>\n","protected":false},"featured_media":7355,"template":"","meta":{"_acf_changed":false},"product_brand":[],"product_cat":[21],"product_tag":[],"class_list":{"0":"post-35691","1":"product","2":"type-product","3":"status-publish","4":"has-post-thumbnail","6":"product_cat-identitate-crestere-spirituala-revelatie","7":"pa_autori-alain-caron","8":"pa_format-carte-tiparita","9":"pa_format-carte-electronica","11":"first","12":"instock","13":"shipping-taxable","14":"purchasable","15":"product-type-variable"},"acf":[],"_links":{"self":[{"href":"https:\/\/alfaomega.tv\/librarie\/wp-json\/wp\/v2\/product\/35691","targetHints":{"allow":["GET"]}}],"collection":[{"href":"https:\/\/alfaomega.tv\/librarie\/wp-json\/wp\/v2\/product"}],"about":[{"href":"https:\/\/alfaomega.tv\/librarie\/wp-json\/wp\/v2\/types\/product"}],"wp:featuredmedia":[{"embeddable":true,"href":"https:\/\/alfaomega.tv\/librarie\/wp-json\/wp\/v2\/media\/7355"}],"wp:attachment":[{"href":"https:\/\/alfaomega.tv\/librarie\/wp-json\/wp\/v2\/media?parent=35691"}],"wp:term":[{"taxonomy":"product_brand","embeddable":true,"href":"https:\/\/alfaomega.tv\/librarie\/wp-json\/wp\/v2\/product_brand?post=35691"},{"taxonomy":"product_cat","embeddable":true,"href":"https:\/\/alfaomega.tv\/librarie\/wp-json\/wp\/v2\/product_cat?post=35691"},{"taxonomy":"product_tag","embeddable":true,"href":"https:\/\/alfaomega.tv\/librarie\/wp-json\/wp\/v2\/product_tag?post=35691"}],"curies":[{"name":"wp","href":"https:\/\/api.w.org\/{rel}","templated":true}]}}