{"id":35703,"date":"2025-08-29T12:58:25","date_gmt":"2025-08-29T12:58:25","guid":{"rendered":"https:\/\/alfaomega.tv\/librarie\/?post_type=product&#038;p=35703"},"modified":"2026-03-10T12:00:52","modified_gmt":"2026-03-10T12:00:52","slug":"dincolo-de-barierele-mintii-vol-1","status":"publish","type":"product","link":"https:\/\/alfaomega.tv\/librarie\/produse\/slujind-trupul-lui-hristos\/dincolo-de-barierele-mintii-vol-1\/","title":{"rendered":"Dincolo de barierele min\u021bii &#8211; Vol. 1"},"content":{"rendered":"<p>Corneliu Pop, n\u0103scut \u00een perioada interbelic\u0103 \u00eentr-un s\u0103tuc, Ilva Mic\u0103 din jude\u021bul Bistri\u021ba-N\u0103s\u0103ud, \u00eentr-o familie modest\u0103 de cre\u0219tini penticostali cu mul\u021bi copii, este primul care va urma modelul mamei sale, o dedicat\u0103 cre\u0219tin\u0103, devenind la r\u00e2ndul s\u0103u un evanghelist devotat, cu o familie \u00eenchegat\u0103, format\u0103 \u0219i condus\u0103 dup\u0103 principiile Sfintei Scripturi.<\/p>\n<p>Absolvent al Liceului \u201cAndrei \u0218aguna\u201d din Bra\u0219ov, a urmat cursuri serale de maistru mecanic, fiind angajat p\u00e2n\u0103 aproape de pensionare al Uzinei \u201cTractorul\u201d Bra\u0219ov, \u00een diverse func\u021bii, ultima fiind cea de tehnician. Pasiunea sa pentru literatur\u0103 \u0219i pentru poezie \u00een mod special, l-a condus s\u0103 se \u00eenscrie \u00eentr-un Cenaclu literar ce se \u021binea la Libr\u0103ria Francez\u0103 din ora\u0219ul s\u0103u, pe care l-a frecventat pentru mul\u021bi ani, timp \u00een care \u0219i-a dezvoltat un stil precis \u0219i personal de scriere, de vorbire \u0219i de abordare a temelor principale legate de via\u021b\u0103 \u0219i moarte.<\/p>\n<p>Absolv\u0103 cu succes numeroase cursuri de consiliere cre\u0219tin\u0103 din cadrul Consor\u021biul de instruire \u201eBarnabas\u201d condus de Peter Garrratt, absolvind \u0219i cursurile de \u201eCuno\u0219tin\u021be biblice fundamentale\u201d din seria \u201eDescoperiri\u201d, cursurile \u201cPastoral Studies\u201d organizate de \u201eChristian Life College\u201d, cursurile \u201eBible Correspondence Course\u201d, precum \u0219i cursurile de \u201ePreg\u0103tire \u00een Evanghelizare, Ucenizare \u0219i Multiplicare Cre\u0219tin\u0103\u201d.<\/p>\n<p>\u00ce\u0219i dedic\u0103 toat\u0103 via\u021ba, timpul \u0219i finan\u021bele de care dispune \u00een evanghelizarea \u201ede strad\u0103\u201d \u0219i \u00een micu\u021bele biserici pe care el \u00eensu\u0219i le \u00eenfiin\u021ba \u0219i le conducea. Cere \u0219i prime\u0219te de la Dumnezeu un Har deosebit \u0219i daruri, pe care le pune la dispozi\u021bia total\u0103 a celor care credeau \u00een vindec\u0103rile venite prin credin\u021b\u0103, prin post \u0219i rug\u0103ciune.<\/p>\n<p>Mare parte din experien\u021ba sa \u0219i-a concentrat-o \u00een paginile aceste c\u0103r\u021bi ce cuprinde dou\u0103 volume, pe care o dedic\u0103 celor ce cred \u0219i ast\u0103zi \u00een minuni.<\/p>\n<p>Pagini: 214<\/p>\n","protected":false},"excerpt":{"rendered":"<p>\u00ce\u0219i dedic\u0103 toat\u0103 via\u021ba, timpul \u0219i finan\u021bele de care dispune \u00een evanghelizarea \u201ede strad\u0103\u201d \u0219i \u00een micu\u021bele biserici pe care el \u00eensu\u0219i le \u00eenfiin\u021ba \u0219i le conducea.<\/p>\n","protected":false},"featured_media":7367,"template":"","meta":{"_acf_changed":false},"product_brand":[],"product_cat":[19],"product_tag":[],"class_list":{"0":"post-35703","1":"product","2":"type-product","3":"status-publish","4":"has-post-thumbnail","6":"product_cat-slujind-trupul-lui-hristos","7":"pa_autori-corneliu-pop","8":"pa_format-carte-tiparita","9":"pa_format-carte-electronica","11":"first","12":"instock","13":"shipping-taxable","14":"purchasable","15":"product-type-variable"},"acf":[],"_links":{"self":[{"href":"https:\/\/alfaomega.tv\/librarie\/wp-json\/wp\/v2\/product\/35703","targetHints":{"allow":["GET"]}}],"collection":[{"href":"https:\/\/alfaomega.tv\/librarie\/wp-json\/wp\/v2\/product"}],"about":[{"href":"https:\/\/alfaomega.tv\/librarie\/wp-json\/wp\/v2\/types\/product"}],"wp:featuredmedia":[{"embeddable":true,"href":"https:\/\/alfaomega.tv\/librarie\/wp-json\/wp\/v2\/media\/7367"}],"wp:attachment":[{"href":"https:\/\/alfaomega.tv\/librarie\/wp-json\/wp\/v2\/media?parent=35703"}],"wp:term":[{"taxonomy":"product_brand","embeddable":true,"href":"https:\/\/alfaomega.tv\/librarie\/wp-json\/wp\/v2\/product_brand?post=35703"},{"taxonomy":"product_cat","embeddable":true,"href":"https:\/\/alfaomega.tv\/librarie\/wp-json\/wp\/v2\/product_cat?post=35703"},{"taxonomy":"product_tag","embeddable":true,"href":"https:\/\/alfaomega.tv\/librarie\/wp-json\/wp\/v2\/product_tag?post=35703"}],"curies":[{"name":"wp","href":"https:\/\/api.w.org\/{rel}","templated":true}]}}