{"id":35707,"date":"2025-08-29T12:58:25","date_gmt":"2025-08-29T12:58:25","guid":{"rendered":"https:\/\/alfaomega.tv\/librarie\/?post_type=product&#038;p=35707"},"modified":"2026-02-02T10:14:40","modified_gmt":"2026-02-02T10:14:40","slug":"deblocarea-bogatiei-din-instantele-cerului","status":"publish","type":"product","link":"https:\/\/alfaomega.tv\/librarie\/produse\/crestinul-si-societatea\/deblocarea-bogatiei-din-instantele-cerului\/","title":{"rendered":"Deblocarea bog\u0103\u021biei din instan\u021bele Cerului."},"content":{"rendered":"<p>Banii t\u0103i au o voce pe t\u0103r\u00e2mul ceresc. Ce spun ei?<\/p>\n<p>De ani de zile se vorbe\u015fte despre un \u201emare transfer de bog\u0103\u0163ie&#8221; care va veni \u00eenspre poporul lui Dumnezeu. \u00cen mijlocul controverselor \u015fi \u00eengrijor\u0103rii cu privire la excesele \u00eenv\u0103\u0163\u0103turii fire\u015fti despre prosperitate, r\u0103m\u00e2ne realitatea c\u0103, credincio\u015fii au nevoie de resurse financiare pentru a finan\u0163a \u00eenaintarea \u00cemp\u0103r\u0103\u0163iei. Pentru ca cre\u015ftinii s\u0103 aib\u0103 impact asupra culturii, ei trebuie s\u0103 \u00een\u0163eleag\u0103 puterea transpunerii bog\u0103\u0163iei financiare \u00een influen\u0163\u0103 \u00een \u00cemp\u0103r\u0103\u0163ie. Problema? Acest nivel de bog\u0103\u0163ie \u015fi influen\u0163\u0103 continu\u0103 s\u0103 ne scape, at\u00e2t personal, c\u00e2t \u015fi colectiv. De ce?<\/p>\n<p>Este timpul s\u0103 reneg\u0103m \u015fi s\u0103 revoc\u0103m drepturile legale ale inamicului asupra finan\u0163elor noastre \u015fi s\u0103 eliber\u0103m abunden\u0163a supranatural\u0103 din Instan\u0163ele Cerului.<\/p>\n<p>Robert Henderson c\u0103l\u0103tore\u015fte pe tot globul, \u00eenv\u0103\u0163\u00e2ndu-i pe oameni conceptele din seria sa de bestseller-uri Instan\u0163ele Cerului. C\u00e2nd sunt aplicate, aceste adev\u0103ruri ale \u00cemp\u0103r\u0103\u0163iei \u00eei ajut\u0103 pe credincio\u015fi s\u0103 demoleze barierele din calea str\u0103pungerii \u015fi s\u0103 intre \u00een destinul divin \u00een fiecare domeniu al vie\u0163ii. \u00cen aceast\u0103 nou\u0103 oper\u0103 de actualitate, Henderson \u00ee\u0163i arat\u0103 cum se intr\u0103 \u00een aceast\u0103 dimensiune spiritual\u0103 \u015fi s\u0103 \u00cel implici pe Dumnezeu ca Judec\u0103tor Drept \u00een beneficiul finan\u0163elor tale.<\/p>\n<p>Nr. pagini: 212<\/p>\n","protected":false},"excerpt":{"rendered":"<p>Banii t\u0103i au o voce pe t\u0103r\u00e2mul ceresc. Ce spun ei?<\/p>\n","protected":false},"featured_media":7371,"template":"","meta":{"_acf_changed":false},"product_brand":[],"product_cat":[30],"product_tag":[],"class_list":{"0":"post-35707","1":"product","2":"type-product","3":"status-publish","4":"has-post-thumbnail","6":"product_cat-crestinul-si-societatea","7":"pa_autori-robert-henderson","8":"pa_format-carte-tiparita","10":"first","11":"outofstock","12":"shipping-taxable","13":"purchasable","14":"product-type-variable","15":"has-default-attributes"},"acf":[],"_links":{"self":[{"href":"https:\/\/alfaomega.tv\/librarie\/wp-json\/wp\/v2\/product\/35707","targetHints":{"allow":["GET"]}}],"collection":[{"href":"https:\/\/alfaomega.tv\/librarie\/wp-json\/wp\/v2\/product"}],"about":[{"href":"https:\/\/alfaomega.tv\/librarie\/wp-json\/wp\/v2\/types\/product"}],"wp:featuredmedia":[{"embeddable":true,"href":"https:\/\/alfaomega.tv\/librarie\/wp-json\/wp\/v2\/media\/7371"}],"wp:attachment":[{"href":"https:\/\/alfaomega.tv\/librarie\/wp-json\/wp\/v2\/media?parent=35707"}],"wp:term":[{"taxonomy":"product_brand","embeddable":true,"href":"https:\/\/alfaomega.tv\/librarie\/wp-json\/wp\/v2\/product_brand?post=35707"},{"taxonomy":"product_cat","embeddable":true,"href":"https:\/\/alfaomega.tv\/librarie\/wp-json\/wp\/v2\/product_cat?post=35707"},{"taxonomy":"product_tag","embeddable":true,"href":"https:\/\/alfaomega.tv\/librarie\/wp-json\/wp\/v2\/product_tag?post=35707"}],"curies":[{"name":"wp","href":"https:\/\/api.w.org\/{rel}","templated":true}]}}