{"id":35733,"date":"2025-08-29T12:58:38","date_gmt":"2025-08-29T12:58:38","guid":{"rendered":"https:\/\/alfaomega.tv\/librarie\/?post_type=product&#038;p=35733"},"modified":"2025-10-24T07:56:56","modified_gmt":"2025-10-24T07:56:56","slug":"actionand-impreuna-cu-cerul-vol-1","status":"publish","type":"product","link":"https:\/\/alfaomega.tv\/librarie\/produse\/lauda-si-inchinare\/actionand-impreuna-cu-cerul-vol-1\/","title":{"rendered":"Ac\u021bion\u00e2nd \u00eempreun\u0103 cu cerul &#8211; Vol. 1"},"content":{"rendered":"<p>E\u0219ti preg\u0103tit s\u0103 conduci \u00eenchinarea c\u0103tre un nou nivel? Ai privit mereu la al\u021bi lideri de \u00eenchinare profetic\u0103 \u0219i te-ai \u00eentrebat cum reu\u0219esc s\u0103 fac\u0103 ceea ce fac? Ac\u021bion\u00e2nd \u00eempreun\u0103 cu Cerul: Manualul \u00eenchin\u0103torului profetic explic\u0103 \u0219i pune bazele intr\u0103rii \u00een aceast\u0103 dimensiune a func\u021bionalit\u0103\u021bii eficiente \u00een \u00cemp\u0103r\u0103\u021bia lui Dumnezeu. At\u00e2t pentru \u00eencep\u0103tori, c\u00e2t \u0219i pentru lideri profetici cu experien\u021b\u0103, prin aceast\u0103 carte pute\u021bi descoperi o nou\u0103 perspectiv\u0103 a \u00eenchin\u0103rii, rug\u0103ciunii \u0219i evangheliz\u0103rii puternice.<\/p>\n<p>&nbsp;<\/p>\n","protected":false},"excerpt":{"rendered":"<p>Manualul \u00eenchin\u0103torului profetic<\/p>\n","protected":false},"featured_media":7397,"template":"","meta":{"_acf_changed":false},"product_brand":[],"product_cat":[20],"product_tag":[],"class_list":{"0":"post-35733","1":"product","2":"type-product","3":"status-publish","4":"has-post-thumbnail","6":"product_cat-lauda-si-inchinare","7":"pa_autori-james-vincent","8":"pa_format-carte-tiparita","9":"pa_format-carte-electronica","11":"first","12":"instock","13":"shipping-taxable","14":"purchasable","15":"product-type-variable"},"acf":[],"_links":{"self":[{"href":"https:\/\/alfaomega.tv\/librarie\/wp-json\/wp\/v2\/product\/35733","targetHints":{"allow":["GET"]}}],"collection":[{"href":"https:\/\/alfaomega.tv\/librarie\/wp-json\/wp\/v2\/product"}],"about":[{"href":"https:\/\/alfaomega.tv\/librarie\/wp-json\/wp\/v2\/types\/product"}],"wp:featuredmedia":[{"embeddable":true,"href":"https:\/\/alfaomega.tv\/librarie\/wp-json\/wp\/v2\/media\/7397"}],"wp:attachment":[{"href":"https:\/\/alfaomega.tv\/librarie\/wp-json\/wp\/v2\/media?parent=35733"}],"wp:term":[{"taxonomy":"product_brand","embeddable":true,"href":"https:\/\/alfaomega.tv\/librarie\/wp-json\/wp\/v2\/product_brand?post=35733"},{"taxonomy":"product_cat","embeddable":true,"href":"https:\/\/alfaomega.tv\/librarie\/wp-json\/wp\/v2\/product_cat?post=35733"},{"taxonomy":"product_tag","embeddable":true,"href":"https:\/\/alfaomega.tv\/librarie\/wp-json\/wp\/v2\/product_tag?post=35733"}],"curies":[{"name":"wp","href":"https:\/\/api.w.org\/{rel}","templated":true}]}}