{"id":35771,"date":"2025-08-29T12:59:01","date_gmt":"2025-08-29T12:59:01","guid":{"rendered":"https:\/\/alfaomega.tv\/librarie\/?post_type=product&#038;p=35771"},"modified":"2026-03-13T14:11:05","modified_gmt":"2026-03-13T14:11:05","slug":"cand-generatiile-alearga-impreuna","status":"publish","type":"product","link":"https:\/\/alfaomega.tv\/librarie\/produse\/identitate-crestere-spirituala-revelatie\/cand-generatiile-alearga-impreuna\/","title":{"rendered":"C\u00e2nd genera\u021biile alearg\u0103 \u00eempreun\u0103"},"content":{"rendered":"<p class=\"p1\">\u00cen cartea Geneza, Dumnezeu Se identific\u0103 drept Dumnezeul a trei genera\u021bii \u00eentr-una: Dumnezeul lui Avraam, Isaac \u0219i Iacov. Eu cred c\u0103 se poate afirma, f\u0103r\u0103 riscul de a gre\u0219i, c\u0103, atunci c\u00e2nd exist\u0103 o mi\u0219care sus\u021binut\u0103 a Duhului Sf\u00e2nt, Dumnezeu Se manifest\u0103 ca Dumnezeul a trei genera\u021bii \u00eentr-una singur\u0103. \u00cen cartea lui Ioel, \u00een pasajul referitor la rev\u0103rsarea global\u0103 a Duhului Sf\u00e2nt, ni se spune c\u0103 \u201eb\u0103tr\u00e2nii vo\u0219tri vor avea vise, tinerii vo\u0219tri vor avea vedenii.\u201d Este nevoie de viziunea unui t\u00e2n\u0103r pentru a \u00eemplini visul unui b\u0103tr\u00e2n \u2013 din nou, o referire la sinergia genera\u021biilor.<\/p>\n<p class=\"p3\">De fapt, aceast\u0103 tem\u0103 a unit\u0103\u021bii dintre genera\u021bii se reg\u0103se\u0219te \u00een tot cuprinsul Scripturilor. Am afirmat adesea c\u0103, pentru a avea roade de durat\u0103, este nevoie de conlucrarea dintre \u00een\u021belepciunea v\u00e2rstnicilor, resursele genera\u021biei mijlocii \u0219i r\u00e2vna genera\u021biei mai tinere.<\/p>\n<p>Mamele \u0219i ta\u021bii spirituali pe care Dumnezeu \u00eei ridic\u0103 \u00een aceast\u0103 or\u0103 sunt cei care \u00eembr\u0103\u021bi\u0219eaz\u0103 crucea \u2013 moartea fa\u021b\u0103 de ambi\u021biile \u0219i motiva\u021biile personale. Ace\u0219tia investesc \u00een oamenii genera\u021biei urm\u0103toare pentru c\u0103 \u00eei iubesc. &#8211; <strong>PATRICIA KING <\/strong><\/p>\n<p>Elizabeth Tiam-Fook este o profetes\u0103 de o categorie nou\u0103, cu o dorin\u021b\u0103 de a vedea ridic\u00e2ndu-se contopirea genera\u021biilor \u0219i a echipei de profe\u021bi. &#8211; <strong>IVAN ROMAN <\/strong><\/p>\n<p>Fiecare capitol este scris de cineva care a f\u0103cut lucrul greu de a-\u0219i \u00eentoarce inimile spre copiii sprirituali sau spre p\u0103rin\u021bii spirituali. &#8211; <strong>JIM AND BECKY HENNESY <\/strong><\/p>\n<p>A fi un tat\u0103 spiritual sau o mam\u0103 spiritual\u0103 pentru genera\u021bia urm\u0103toare este parte din chemarea noastr\u0103 de a fi sare \u0219i lumin\u0103 pentru o lume care t\u00e2nje\u0219te dup\u0103 adev\u0103rul lui Isus Hristos. &#8211; <strong>CH\u00c9 AHN<\/strong><\/p>\n<p>Nr. pagini: 146<\/p>\n","protected":false},"excerpt":{"rendered":"<p>Istorisiri despre Ilie \u0219i Elisei.<\/p>\n","protected":false},"featured_media":7435,"template":"","meta":{"_acf_changed":false},"product_brand":[],"product_cat":[21],"product_tag":[],"class_list":{"0":"post-35771","1":"product","2":"type-product","3":"status-publish","4":"has-post-thumbnail","6":"product_cat-identitate-crestere-spirituala-revelatie","7":"pa_autori-elizabeth-tiam-fook","8":"pa_format-carte-tiparita","9":"pa_format-carte-electronica","11":"first","12":"outofstock","13":"shipping-taxable","14":"purchasable","15":"product-type-variable"},"acf":[],"_links":{"self":[{"href":"https:\/\/alfaomega.tv\/librarie\/wp-json\/wp\/v2\/product\/35771","targetHints":{"allow":["GET"]}}],"collection":[{"href":"https:\/\/alfaomega.tv\/librarie\/wp-json\/wp\/v2\/product"}],"about":[{"href":"https:\/\/alfaomega.tv\/librarie\/wp-json\/wp\/v2\/types\/product"}],"wp:featuredmedia":[{"embeddable":true,"href":"https:\/\/alfaomega.tv\/librarie\/wp-json\/wp\/v2\/media\/7435"}],"wp:attachment":[{"href":"https:\/\/alfaomega.tv\/librarie\/wp-json\/wp\/v2\/media?parent=35771"}],"wp:term":[{"taxonomy":"product_brand","embeddable":true,"href":"https:\/\/alfaomega.tv\/librarie\/wp-json\/wp\/v2\/product_brand?post=35771"},{"taxonomy":"product_cat","embeddable":true,"href":"https:\/\/alfaomega.tv\/librarie\/wp-json\/wp\/v2\/product_cat?post=35771"},{"taxonomy":"product_tag","embeddable":true,"href":"https:\/\/alfaomega.tv\/librarie\/wp-json\/wp\/v2\/product_tag?post=35771"}],"curies":[{"name":"wp","href":"https:\/\/api.w.org\/{rel}","templated":true}]}}