{"id":35775,"date":"2025-08-29T12:59:01","date_gmt":"2025-08-29T12:59:01","guid":{"rendered":"https:\/\/alfaomega.tv\/librarie\/?post_type=product&#038;p=35775"},"modified":"2025-09-03T10:43:34","modified_gmt":"2025-09-03T10:43:34","slug":"a-inceput-necazul-cel-mare","status":"publish","type":"product","link":"https:\/\/alfaomega.tv\/librarie\/produse\/intelegerea-vremurilor-israel\/a-inceput-necazul-cel-mare\/","title":{"rendered":"A \u00eenceput necazul cel mare?"},"content":{"rendered":"<p>Cum evenimentele, \u0219tirile locale \u0219i interna\u021bionale devin tot mai nelini\u0219titoare, interesul pentru profe\u021biile biblice continu\u0103 s\u0103 creasc\u0103. \u00cengrijorarea legat\u0103 de riscul de a ne pierde identitatea \u0219i mo\u0219tenirea cultural\u0103 atinge culmi f\u0103r\u0103 precedent \u0219i mul\u021bi cre\u0219tini au \u00eenceput s\u0103 se \u00eentrebe dac\u0103 nu cumva Necazul cel Mare descris \u00een Apocalipsa a venit deja peste noi.<\/p>\n<p>Autorul israelian de succes, Amir Tsarfati, descrie ce se va \u00eent\u00e2mpla \u00een timpul Necazului celui Mare \u0219i explic\u0103 locul pe care \u00eel ocup\u0103 acesta \u00een succesiunea evenimentelor din ve\u0219nicie \u00een ve\u0219nicie. Bogatele sale cuno\u0219tin\u021be biblice \u0219i perspectiva sa unic\u0103 asupra evenimentelor actuale, \u00eel abiliteaz\u0103 s\u0103 ne ajute s\u0103 \u00een\u021belegem modul \u00een care:<\/p>\n<ul>\n<li>pot fi corelate semnele biblice ale vremurilor cu evenimentele globale actuale<\/li>\n<li>putem evita senza\u021bionalismul, ancor\u00e2ndu-ne doar \u00een Cuv\u00e2nt<\/li>\n<li>concentr\u00e2ndu-ne pe cele ve\u0219nice, primim n\u0103dejde \u0219i putere de a persevera \u00een lumea temporal\u0103 de acum<\/li>\n<li>\u00eenv\u0103\u021b\u0103turile Scripturii despre Vremea Sf\u00e2r\u0219itului sunt mai relevante dec\u00e2t oric\u00e2nd altc\u00e2ndva<\/li>\n<li>trebuie s\u0103 ne amintim s\u0103 ne \u00eendeplinim misiunea dat\u0103 de Dumnezeu cu un sim\u021b al urgen\u021bei mai accentuat.<\/li>\n<\/ul>\n<p>C\u00e2nd ne \u00eentreb\u0103m dac\u0103 Vremea Sf\u00e2r\u0219itului este chiar at\u00e2t de aproape, trebuie s\u0103 ne \u00eentoarcem la Cuv\u00e2ntul lui Dumnezeu pentru claritate \u0219i \u00een\u021belepciune. A \u00eenceput Necazul cel Mare? ne aduce adev\u0103rul biblic l\u0103muritor, precum \u0219i o puternic\u0103 \u00eencurajare de a tr\u0103i ast\u0103zi pentru Domnul.<\/p>\n<\/p>\n<p>Nr. pagini: 244<\/p>\n","protected":false},"excerpt":{"rendered":"<p>Cum s\u0103 evit\u0103m confuzia \u0219i<br \/>\ns\u0103 r\u0103scump\u0103r\u0103m vremea<br \/>\n\u00een aceste zile de pe urm\u0103<\/p>\n","protected":false},"featured_media":7439,"template":"","meta":{"_acf_changed":false},"product_brand":[],"product_cat":[24],"product_tag":[],"class_list":{"0":"post-35775","1":"product","2":"type-product","3":"status-publish","4":"has-post-thumbnail","6":"product_cat-intelegerea-vremurilor-israel","7":"pa_autori-amir-tsarfati","8":"pa_format-carte-tiparita","10":"first","11":"instock","12":"shipping-taxable","13":"purchasable","14":"product-type-variable","15":"has-default-attributes"},"acf":[],"_links":{"self":[{"href":"https:\/\/alfaomega.tv\/librarie\/wp-json\/wp\/v2\/product\/35775","targetHints":{"allow":["GET"]}}],"collection":[{"href":"https:\/\/alfaomega.tv\/librarie\/wp-json\/wp\/v2\/product"}],"about":[{"href":"https:\/\/alfaomega.tv\/librarie\/wp-json\/wp\/v2\/types\/product"}],"wp:featuredmedia":[{"embeddable":true,"href":"https:\/\/alfaomega.tv\/librarie\/wp-json\/wp\/v2\/media\/7439"}],"wp:attachment":[{"href":"https:\/\/alfaomega.tv\/librarie\/wp-json\/wp\/v2\/media?parent=35775"}],"wp:term":[{"taxonomy":"product_brand","embeddable":true,"href":"https:\/\/alfaomega.tv\/librarie\/wp-json\/wp\/v2\/product_brand?post=35775"},{"taxonomy":"product_cat","embeddable":true,"href":"https:\/\/alfaomega.tv\/librarie\/wp-json\/wp\/v2\/product_cat?post=35775"},{"taxonomy":"product_tag","embeddable":true,"href":"https:\/\/alfaomega.tv\/librarie\/wp-json\/wp\/v2\/product_tag?post=35775"}],"curies":[{"name":"wp","href":"https:\/\/api.w.org\/{rel}","templated":true}]}}