{"id":35779,"date":"2025-08-29T12:59:02","date_gmt":"2025-08-29T12:59:02","guid":{"rendered":"https:\/\/alfaomega.tv\/librarie\/?post_type=product&#038;p=35779"},"modified":"2025-08-29T12:59:12","modified_gmt":"2025-08-29T12:59:12","slug":"smerenie-versus-mandrie","status":"publish","type":"product","link":"https:\/\/alfaomega.tv\/librarie\/produse\/derek-prince\/smerenie-versus-mandrie\/","title":{"rendered":"Smerenie versus m\u00e2ndrie"},"content":{"rendered":"<p>Dac\u0103 duci o lupt\u0103 zilnic\u0103 pentru a \u00eenvinge influen\u021ba m\u00e2ndriei din via\u021ba ta, nu e\u0219ti singurul care trece prin a\u0219a ceva. M\u00e2ndria este o problem\u0103 omniprezent\u0103, care afecteaz\u0103 fiecare persoan\u0103 existent\u0103. \u00cencurajarea biblic\u0103 profund\u0103 \u0219i practic\u0103 a lui Derek Prince ne aduce fiec\u0103ruia dintre noi o veste foarte \u00eencurajatoare: la aceast\u0103 problem\u0103 universal\u0103 exist\u0103 o solu\u021bie spiritual\u0103 universal\u0103.<\/p>\n<\/p>\n<p>Nr. pagini: 94<\/p>\n","protected":false},"excerpt":{"rendered":"<p>\u00cenvinge influen\u021ba m\u00e2ndriei din via\u021ba ta.<\/p>\n","protected":false},"featured_media":7443,"template":"","meta":{"_acf_changed":false},"product_brand":[],"product_cat":[42],"product_tag":[],"class_list":{"0":"post-35779","1":"product","2":"type-product","3":"status-publish","4":"has-post-thumbnail","6":"product_cat-derek-prince","7":"pa_autori-derek-prince","8":"pa_format-carte-tiparita","10":"first","11":"outofstock","12":"shipping-taxable","13":"purchasable","14":"product-type-variable","15":"has-default-attributes"},"acf":[],"_links":{"self":[{"href":"https:\/\/alfaomega.tv\/librarie\/wp-json\/wp\/v2\/product\/35779","targetHints":{"allow":["GET"]}}],"collection":[{"href":"https:\/\/alfaomega.tv\/librarie\/wp-json\/wp\/v2\/product"}],"about":[{"href":"https:\/\/alfaomega.tv\/librarie\/wp-json\/wp\/v2\/types\/product"}],"wp:featuredmedia":[{"embeddable":true,"href":"https:\/\/alfaomega.tv\/librarie\/wp-json\/wp\/v2\/media\/7443"}],"wp:attachment":[{"href":"https:\/\/alfaomega.tv\/librarie\/wp-json\/wp\/v2\/media?parent=35779"}],"wp:term":[{"taxonomy":"product_brand","embeddable":true,"href":"https:\/\/alfaomega.tv\/librarie\/wp-json\/wp\/v2\/product_brand?post=35779"},{"taxonomy":"product_cat","embeddable":true,"href":"https:\/\/alfaomega.tv\/librarie\/wp-json\/wp\/v2\/product_cat?post=35779"},{"taxonomy":"product_tag","embeddable":true,"href":"https:\/\/alfaomega.tv\/librarie\/wp-json\/wp\/v2\/product_tag?post=35779"}],"curies":[{"name":"wp","href":"https:\/\/api.w.org\/{rel}","templated":true}]}}