{"id":35875,"date":"2025-08-29T12:59:46","date_gmt":"2025-08-29T12:59:46","guid":{"rendered":"https:\/\/alfaomega.tv\/librarie\/?post_type=product&#038;p=35875"},"modified":"2025-10-20T11:18:18","modified_gmt":"2025-10-20T11:18:18","slug":"esti-uns-cu-foc","status":"publish","type":"product","link":"https:\/\/alfaomega.tv\/librarie\/produse\/identitate-crestere-spirituala-revelatie\/esti-uns-cu-foc\/","title":{"rendered":"E\u0219ti uns cu foc"},"content":{"rendered":"<p>Tu ai o ungere cu foc!<\/p>\n<p>Ce \u00eenseamn\u0103 asta pentru via\u021ba ta?<\/p>\n<p>\u00cen Biblie, prezen\u021ba \u0219i puterea lui Dumnezeu au fost demonstrate prin foc.<\/p>\n<p>Puterea Lui este eliberat\u0103 atunci c\u00e2nd El distruge atacurile vr\u0103jma\u0219ului \u0219i \u00eei unge pe oamenii S\u0103i cu focul Duhului S\u0103u. Dumnezeu are un scop plin de putere pentru via\u021ba ta. Acest scop include abilitatea de a demonstra o ungere de foc \u00een orice sfer\u0103 a vie\u021bii.<\/p>\n<p>Cartea \u201eE\u0219ti uns cu foc\u201d se adreseaz\u0103 fiec\u0103rui credincios.<\/p>\n<p>Tu te-ai n\u0103scut pentru acest moment!<\/p>\n<p>Prime\u0219te darul plin de putere, supranatural, din partea Domnului!<\/p>\n<p>Nr. pagini: 212<\/p>\n","protected":false},"excerpt":{"rendered":"<p>Aprinz\u00e2nd puterea supranatural\u0103<\/p>\n","protected":false},"featured_media":7547,"template":"","meta":{"_acf_changed":false},"product_brand":[],"product_cat":[21],"product_tag":[],"class_list":{"0":"post-35875","1":"product","2":"type-product","3":"status-publish","4":"has-post-thumbnail","6":"product_cat-identitate-crestere-spirituala-revelatie","7":"pa_autori-barbara-wentroble","8":"pa_format-carte-tiparita","9":"pa_format-carte-electronica","11":"first","12":"instock","13":"shipping-taxable","14":"purchasable","15":"product-type-variable","16":"has-default-attributes"},"acf":[],"_links":{"self":[{"href":"https:\/\/alfaomega.tv\/librarie\/wp-json\/wp\/v2\/product\/35875","targetHints":{"allow":["GET"]}}],"collection":[{"href":"https:\/\/alfaomega.tv\/librarie\/wp-json\/wp\/v2\/product"}],"about":[{"href":"https:\/\/alfaomega.tv\/librarie\/wp-json\/wp\/v2\/types\/product"}],"wp:featuredmedia":[{"embeddable":true,"href":"https:\/\/alfaomega.tv\/librarie\/wp-json\/wp\/v2\/media\/7547"}],"wp:attachment":[{"href":"https:\/\/alfaomega.tv\/librarie\/wp-json\/wp\/v2\/media?parent=35875"}],"wp:term":[{"taxonomy":"product_brand","embeddable":true,"href":"https:\/\/alfaomega.tv\/librarie\/wp-json\/wp\/v2\/product_brand?post=35875"},{"taxonomy":"product_cat","embeddable":true,"href":"https:\/\/alfaomega.tv\/librarie\/wp-json\/wp\/v2\/product_cat?post=35875"},{"taxonomy":"product_tag","embeddable":true,"href":"https:\/\/alfaomega.tv\/librarie\/wp-json\/wp\/v2\/product_tag?post=35875"}],"curies":[{"name":"wp","href":"https:\/\/api.w.org\/{rel}","templated":true}]}}