{"id":35945,"date":"2025-08-29T13:00:14","date_gmt":"2025-08-29T13:00:14","guid":{"rendered":"https:\/\/alfaomega.tv\/librarie\/?post_type=product&#038;p=35945"},"modified":"2025-10-22T13:59:41","modified_gmt":"2025-10-22T13:59:41","slug":"slujba-fiecarui-credincios","status":"publish","type":"product","link":"https:\/\/alfaomega.tv\/librarie\/produse\/identitate-crestere-spirituala-revelatie\/slujba-fiecarui-credincios\/","title":{"rendered":"Slujba fiec\u0103rui credincios"},"content":{"rendered":"<p class=\"p1\">Av\u00e2nd fundamentul corect, oricine poate umbla \u00een voia des\u0103v\u00e2r\u0219it\u0103 a lui Dumnezeu. <\/p>\n<p class=\"p1\">\u00cen cei 43 de ani de slujire pot s\u0103 v\u0103 spun care este cea mai frecvent pus\u0103 \u00eentrebare, p\u00e2n\u0103 \u00een prezent. De obicei, conversa\u021bia merge cam a\u0219a: \u201ePastore, \u0219tiu c\u0103 Dumnezeu are un plan pentru mine. M-am rugat \u0219i I-am cerut lui Dumnezeu s\u0103 \u00eemi arate care este acel lucru, dar se pare c\u0103 nu \u00eel g\u0103sesc. De ce?\u201d Sindromul de \u201ea \u0219ti dar a nu g\u0103si niciodat\u0103\u201d, poate determina pe cineva s\u0103 se simt\u0103 disperat pe m\u0103sur\u0103 ce anii trec \u0219i pare c\u0103 nu poate avansa s\u0103 se apropie de \u201eacel lucru\u201d. \u0218i de fapt chiar te \u00eendep\u0103rtezi din ce \u00een ce mai mult.<\/p>\n<\/p>\n<p>Nr. pagini: 72<\/p>\n","protected":false},"excerpt":{"rendered":"<p>Care este slujba credinciosului?<\/p>\n","protected":false},"featured_media":7631,"template":"","meta":{"_acf_changed":false},"product_brand":[],"product_cat":[21],"product_tag":[],"class_list":{"0":"post-35945","1":"product","2":"type-product","3":"status-publish","4":"has-post-thumbnail","6":"product_cat-identitate-crestere-spirituala-revelatie","7":"pa_autori-paul-d-troquille","8":"pa_format-carte-tiparita","9":"pa_format-carte-electronica","11":"first","12":"instock","13":"shipping-taxable","14":"purchasable","15":"product-type-variable"},"acf":[],"_links":{"self":[{"href":"https:\/\/alfaomega.tv\/librarie\/wp-json\/wp\/v2\/product\/35945","targetHints":{"allow":["GET"]}}],"collection":[{"href":"https:\/\/alfaomega.tv\/librarie\/wp-json\/wp\/v2\/product"}],"about":[{"href":"https:\/\/alfaomega.tv\/librarie\/wp-json\/wp\/v2\/types\/product"}],"wp:featuredmedia":[{"embeddable":true,"href":"https:\/\/alfaomega.tv\/librarie\/wp-json\/wp\/v2\/media\/7631"}],"wp:attachment":[{"href":"https:\/\/alfaomega.tv\/librarie\/wp-json\/wp\/v2\/media?parent=35945"}],"wp:term":[{"taxonomy":"product_brand","embeddable":true,"href":"https:\/\/alfaomega.tv\/librarie\/wp-json\/wp\/v2\/product_brand?post=35945"},{"taxonomy":"product_cat","embeddable":true,"href":"https:\/\/alfaomega.tv\/librarie\/wp-json\/wp\/v2\/product_cat?post=35945"},{"taxonomy":"product_tag","embeddable":true,"href":"https:\/\/alfaomega.tv\/librarie\/wp-json\/wp\/v2\/product_tag?post=35945"}],"curies":[{"name":"wp","href":"https:\/\/api.w.org\/{rel}","templated":true}]}}