{"id":35949,"date":"2025-08-29T13:00:24","date_gmt":"2025-08-29T13:00:24","guid":{"rendered":"https:\/\/alfaomega.tv\/librarie\/?post_type=product&#038;p=35949"},"modified":"2025-10-23T08:01:43","modified_gmt":"2025-10-23T08:01:43","slug":"pastratorul-cheilor","status":"publish","type":"product","link":"https:\/\/alfaomega.tv\/librarie\/produse\/identitate-crestere-spirituala-revelatie\/pastratorul-cheilor\/","title":{"rendered":"P\u0103str\u0103torul cheilor"},"content":{"rendered":"<p>Noi t\u00e2njim ca Domnul s\u0103 ne viziteze, s\u0103 ne schimbe, s\u0103 ne \u00eennoiasc\u0103, s\u0103 ne m\u00e2ntuiasc\u0103, s\u0103 ne transforme \u0219i s\u0103 ne vindece. \u00cen \u201eP\u0103str\u0103torul cheilor\u201d, Tom Schlueter ne \u00eemp\u0103rt\u0103\u0219e\u0219te c\u0103 t\u00e2nje\u0219te cu ardoare dup\u0103 mult mai mult dec\u00e2t o vizit\u0103 din partea Lui. El \u00ee\u0219i dore\u0219te ca Domnul s\u0103 r\u0103m\u00e2n\u0103 \u00eentronat \u00een mijlocul nostru. Dac\u0103 aceasta este \u0219i dorin\u021ba ta, atunci ridic\u0103-te, Neemia! Caut\u0103 fa\u021ba Domnului. Caut\u0103-L cu \u00eenfl\u0103c\u0103rare \u00een rug\u0103ciune \u0219i \u00eenchinare. Reconstruie\u0219te zidurile. Pune por\u021bile la loc. Deschide-le larg \u0219i declar\u0103: \u201eRege al Slavei, intr\u0103!\u201d Domnul caut\u0103 un loc \u00een care s\u0103 locuiasc\u0103. De ce s\u0103 nu fie printre noi? El caut\u0103 pe cineva care s\u0103 deschid\u0103 u\u0219a. De ce s\u0103 nu fii tu? El nu are nevoie dec\u00e2t de un Neemia \u2013 un paznic \u2013 un p\u0103str\u0103tor al cheilor!<\/p>\n<p>Este uimitor faptul c\u0103 Neemia, un om aflat \u00een exil, putea avea o rela\u021bie at\u00e2t de intim\u0103 \u0219i de personal\u0103 cu Dumnezeu. \u00cen mijlocul \u00eentunericului, Dumnezeu a adus lumin\u0103 pentru Neemia. Este vorba de un om n\u0103scut \u00een exil, n\u0103scut \u00een \u00eentunericul unuia dintre cele mai negre momente ale Israelului, dar care are o rela\u021bie intim\u0103, puternic\u0103 cu inima lui Dumnezeu: astfel c\u0103, \u00een cele mai \u00eentunecate momente ale sale, Dumnezeu a adus credin\u021ba lui Neemia, declararea sa, destinul s\u0103u de a ridica din nou por\u021bile \u0219i zidurile ora\u0219ului sf\u00e2nt al lui Dumnezeu. Pastorul Schlueter te \u00eendeamn\u0103 s\u0103 intri \u00een chemarea lui Neemia. Adopt-o! Dumnezeu dore\u0219te s\u0103 transforme lumea \u00een care tr\u0103ie\u0219ti. El te cheam\u0103 \u00een acela\u0219i mod \u00een care l-a chemat pe un paharnic, pe Neemia.<\/p>\n<p>Dumnezeu deschide u\u0219i astfel ca \u00cemp\u0103r\u0103\u021bia Sa s\u0103 poat\u0103 veni pe p\u0103m\u00e2nt. Dar El are nevoie de paznici \u2013 de cei care vor deschide u\u0219ile puterii Sale, prezen\u021bei Sale \u0219i vie\u021bii Sale transformatoare care s\u0103 vin\u0103 peste familii, locuri de munc\u0103, ora\u0219, stat \u0219i na\u021biune. \u00cen aceste pagini vei descoperi c\u0103 e\u0219ti un P\u0103str\u0103tor de chei. El te-a \u00eemputernicit pentru a fi paznic. La fel ca Neemia \u0219i ca Petru, \u0219i tu ai primit chei care vor debloca slava Domnului \u00een regiunea ta.<\/p>\n<p>Inima pastorului Schlueter pentru \u00eenchinare \u0219i viziunea sa pentru mijlocirea cu autoritate \u00ee\u0219i las\u0103 amprenta asupra predicilor \u0219i \u00eenv\u0103\u021b\u0103turilor sale. El are darul de a folosi experien\u021bele vie\u021bii de zi cu zi pentru a ilustra principiile \u00cemp\u0103r\u0103\u021biei. Citind aceast\u0103 carte, ve\u021bi dob\u00e2ndi o nou\u0103 \u00een\u021belegere a autorit\u0103\u021bii pe care v-a dat-o Dumnezeu \u0219i o sete mai profund\u0103 pentru inima \u0219i voia Tat\u0103lui.<\/p>\n<p>Nr. pagini: 258<\/p>\n","protected":false},"excerpt":{"rendered":"<p>C\u00e2nd poporul lui Dumnezeu este \u00eenfl\u0103c\u0103rat pentru a produce transformare cultural\u0103<\/p>\n","protected":false},"featured_media":7637,"template":"","meta":{"_acf_changed":false},"product_brand":[],"product_cat":[21],"product_tag":[],"class_list":{"0":"post-35949","1":"product","2":"type-product","3":"status-publish","4":"has-post-thumbnail","6":"product_cat-identitate-crestere-spirituala-revelatie","7":"pa_autori-dr-thomas-schlueter","8":"pa_format-carte-tiparita","9":"pa_format-carte-electronica","11":"first","12":"instock","13":"shipping-taxable","14":"purchasable","15":"product-type-variable"},"acf":[],"_links":{"self":[{"href":"https:\/\/alfaomega.tv\/librarie\/wp-json\/wp\/v2\/product\/35949","targetHints":{"allow":["GET"]}}],"collection":[{"href":"https:\/\/alfaomega.tv\/librarie\/wp-json\/wp\/v2\/product"}],"about":[{"href":"https:\/\/alfaomega.tv\/librarie\/wp-json\/wp\/v2\/types\/product"}],"wp:featuredmedia":[{"embeddable":true,"href":"https:\/\/alfaomega.tv\/librarie\/wp-json\/wp\/v2\/media\/7637"}],"wp:attachment":[{"href":"https:\/\/alfaomega.tv\/librarie\/wp-json\/wp\/v2\/media?parent=35949"}],"wp:term":[{"taxonomy":"product_brand","embeddable":true,"href":"https:\/\/alfaomega.tv\/librarie\/wp-json\/wp\/v2\/product_brand?post=35949"},{"taxonomy":"product_cat","embeddable":true,"href":"https:\/\/alfaomega.tv\/librarie\/wp-json\/wp\/v2\/product_cat?post=35949"},{"taxonomy":"product_tag","embeddable":true,"href":"https:\/\/alfaomega.tv\/librarie\/wp-json\/wp\/v2\/product_tag?post=35949"}],"curies":[{"name":"wp","href":"https:\/\/api.w.org\/{rel}","templated":true}]}}