{"id":35977,"date":"2025-08-29T13:00:27","date_gmt":"2025-08-29T13:00:27","guid":{"rendered":"https:\/\/alfaomega.tv\/librarie\/?post_type=product&#038;p=35977"},"modified":"2025-10-20T10:20:16","modified_gmt":"2025-10-20T10:20:16","slug":"vine-un-rege","status":"publish","type":"product","link":"https:\/\/alfaomega.tv\/librarie\/produse\/lauda-si-inchinare\/vine-un-rege\/","title":{"rendered":"Vine un rege"},"content":{"rendered":"<p class=\"western\" align=\"left\">Ce-ar fi dac\u0103 \u021bi-a\u0219 spune c\u0103 exist\u0103 un motiv pentru cre\u0219terea terorismului, antisemitismului \u0219i a climatului anti-Dumnezeu din zilele noastre? Exist\u0103 vreo leg\u0103tur\u0103 \u00eentre aceste evenimente \u0219i schimb\u0103rile culturale prin care trecem? Cum putem s\u0103 trecem prin toat\u0103 corectitudinea politic\u0103 care polueaz\u0103 lumea noastr\u0103 \u0219i s\u0103 ne ridic\u0103m pentru ceea ce este corect din punct de vedere biblic?<\/p>\n<p class=\"western\" align=\"left\">Prin toat\u0103 aceast\u0103 confuzie, unde este speran\u021ba? Cum ne \u00eenchin\u0103m \u00een aceste vremuri periculoase? Toate semnele duc la un singur adev\u0103r.<\/p>\n<p class=\"western\" align=\"left\"><strong>Vine un Rege!<\/strong><\/p>\n<p class=\"western\" align=\"left\">Dup\u0103 ce a str\u0103b\u0103tut lumea timp de patruzeci de ani \u0219i a condus \u00eenchinarea \u00een peste \u0219aptezeci \u0219i cinci de na\u021biuni, Paul Wilbur aduce o perspectiv\u0103 unic\u0103 asupra modului \u00een care se schimb\u0103 lumea \u0219i de ce aceasta tot mai mult ignor\u0103 \u0219i dispre\u021buie\u0219te \u00eenv\u0103\u021b\u0103turile biblice. Vino s\u0103 descoperi:<\/p>\n<ul>\n<li class=\"western\" align=\"left\">R\u0103zboiul care se duce asupra min\u021bilor noastre \u0219i asupra Israelului<\/li>\n<li class=\"western\" align=\"left\">Cum s\u0103 navig\u0103m \u00eentr-o lume antisemitic\u0103 \u0219i anticre\u0219tin\u0103<\/li>\n<li class=\"western\" align=\"left\">Teologia \u00eenlocuirii \u0219i calea sa distrug\u0103toare<\/li>\n<li class=\"western\" align=\"left\">Cum s\u0103 ne \u00eenchin\u0103m \u00een mijlocul crizei<\/li>\n<li class=\"western\" align=\"left\">Strategii esen\u021biale pentru a tr\u0103i o via\u021b\u0103 rodnic\u0103 \u0219i victorioas\u0103<\/li>\n<li class=\"western\" align=\"left\">\u0218i multe altele!<\/li>\n<\/ul>\n<p>Nr. pagini: 166<\/p>\n","protected":false},"excerpt":{"rendered":"<p>O perspectiv\u0103 unic\u0103 asupra modului \u00een care se schimb\u0103 lumea<\/p>\n","protected":false},"featured_media":7665,"template":"","meta":{"_acf_changed":false},"product_brand":[],"product_cat":[20],"product_tag":[],"class_list":{"0":"post-35977","1":"product","2":"type-product","3":"status-publish","4":"has-post-thumbnail","6":"product_cat-lauda-si-inchinare","7":"pa_autori-paul-wilbur","8":"pa_format-carte-tiparita","9":"pa_format-carte-electronica","11":"first","12":"instock","13":"shipping-taxable","14":"purchasable","15":"product-type-variable"},"acf":[],"_links":{"self":[{"href":"https:\/\/alfaomega.tv\/librarie\/wp-json\/wp\/v2\/product\/35977","targetHints":{"allow":["GET"]}}],"collection":[{"href":"https:\/\/alfaomega.tv\/librarie\/wp-json\/wp\/v2\/product"}],"about":[{"href":"https:\/\/alfaomega.tv\/librarie\/wp-json\/wp\/v2\/types\/product"}],"wp:featuredmedia":[{"embeddable":true,"href":"https:\/\/alfaomega.tv\/librarie\/wp-json\/wp\/v2\/media\/7665"}],"wp:attachment":[{"href":"https:\/\/alfaomega.tv\/librarie\/wp-json\/wp\/v2\/media?parent=35977"}],"wp:term":[{"taxonomy":"product_brand","embeddable":true,"href":"https:\/\/alfaomega.tv\/librarie\/wp-json\/wp\/v2\/product_brand?post=35977"},{"taxonomy":"product_cat","embeddable":true,"href":"https:\/\/alfaomega.tv\/librarie\/wp-json\/wp\/v2\/product_cat?post=35977"},{"taxonomy":"product_tag","embeddable":true,"href":"https:\/\/alfaomega.tv\/librarie\/wp-json\/wp\/v2\/product_tag?post=35977"}],"curies":[{"name":"wp","href":"https:\/\/api.w.org\/{rel}","templated":true}]}}