{"id":35991,"date":"2025-08-29T13:00:38","date_gmt":"2025-08-29T13:00:38","guid":{"rendered":"https:\/\/alfaomega.tv\/librarie\/?post_type=product&#038;p=35991"},"modified":"2025-08-29T13:00:49","modified_gmt":"2025-08-29T13:00:49","slug":"povestirile-biblice-prind-viata-card-stick-usb-seria-5-6","status":"publish","type":"product","link":"https:\/\/alfaomega.tv\/librarie\/produse\/resurse-pentru-copii\/povestirile-biblice-prind-viata-card-stick-usb-seria-5-6\/","title":{"rendered":"Povestirile biblice prind via\u021b\u0103 &#8211; Card stick USB &#8211; Seria 5-6"},"content":{"rendered":"<p>\u00ce\u021bi oferim o colec\u021bie unic\u0103 de povestiri biblice, aduse la via\u021b\u0103 \u00eentr-un mod captivant \u0219i accesibil, printr-un stick USB care \u00ee\u021bi va transforma modul \u00een care \u00een\u021belegi \u0219i te raportezi la \u00eenv\u0103\u021b\u0103turile Bibliei. Acest stick USB con\u021bine o serie de pove\u0219ti emblematice din Vechiul \u0219i Noul Testament, care ilustreaz\u0103 momente cheie din via\u021ba unor figuri biblice legendare.<\/p>\n<p>Descoper\u0103 o colec\u021bie captivant\u0103 de pove\u0219ti biblice din Vechiul \u0219i Noul Testament pe un stick USB. Printre povestirile seriei 5 \u0219i 6 se num\u0103r\u0103 drama lui Samson \u0219i Dalila, curajul Anei care \u00eel dedic\u0103 pe fiul s\u0103u, Samuel, lui Dumnezeu, \u0219i chemarea lui Samuel ca profet. Vei \u00eenv\u0103\u021ba despre alegerea lui Saul ca \u00cemp\u0103rat, victoria lui David asupra lui Goliat, prietenia dintre David \u0219i Ionatan \u0219i regatul lui Solomon. De asemenea, vei descoperi pove\u0219ti despre profe\u021bi ca Ilie \u0219i Elisei. Acest stick USB \u00ee\u021bi aduce lec\u021bii spirituale \u0219i inspira\u021bionale din via\u021ba unor personaje biblice remarcabile.<\/p>\n<p>Emisiune pentru copii. Card stick-ul USB con\u021bine 26 de episoade a c\u00e2te 10-14 minute fiecare.<\/p>\n<p>Episoade seria 5 \u0219i 6:<\/p>\n<p>5.1 \u2013 C\u0103s\u0103toria lui Samson<br \/>5.2 \u2013 Dalila \u0219i moartea lui Samson<br \/>5.3 \u2013 Naomi \u0219i Rut <br \/>5.4 \u2013 Boaz \u0219i Rut <br \/>5.5 \u2013 Rug\u0103ciunea Anei <br \/>5.6 \u2013 Chemarea lui Samuel <br \/>5.7 \u2013 Israel cere un rege <br \/>5.8 \u2013 Saul ales \u00cemp\u0103rat<br \/>5.9 \u2013 David uns ca \u00cemp\u0103rat <br \/>5.11 \u2013 David \u0219i Ionatan  <br \/>5.12 \u2013 Credincio\u0219ia lui David<br \/>5.13 \u2013 David, Nabal, Abigail <br \/>6.1 \u2013 Moartea lui Saul \u0219i Ionatan<br \/>6.2 \u2013 David \u2013 regele Israelului<br \/>6.3 \u2013 Chivotul adus la Ierusalim<br \/>6.4 \u2013 David \u0219i Mefibo\u0219et<br \/>6.5 \u2013 David \u0219i Bat\u0219eba<br \/>6.6 \u2013 Absalom \u2013 fiul neascult\u0103tor<br \/>6.7 \u2013 Solomon \u00eemp\u0103rat<br \/>6.8 \u2013 Templul lui Solomon<br \/>6.9 \u2013 \u00cemp\u0103r\u0103teasa din \u0218eba<br \/>6.10 \u2013 Roboam \u0219i Ieroboam<br \/>6.11 \u2013 Ilie \u00een Sarepta<br \/>6.12 \u2013 Ilie \u0219i profe\u021bii lui Baal<br \/>6.13 \u2013 Ilie ridicat la cer \u0219i Elisei<\/p>\n","protected":false},"excerpt":{"rendered":"<p>Emisiune pentru copii<\/p>\n","protected":false},"featured_media":7681,"template":"","meta":{"_acf_changed":false},"product_brand":[],"product_cat":[34],"product_tag":[],"class_list":{"0":"post-35991","1":"product","2":"type-product","3":"status-publish","4":"has-post-thumbnail","6":"product_cat-resurse-pentru-copii","7":"pa_autori-alfa-omega-tv","8":"pa_format-stick-usb","10":"first","11":"instock","12":"shipping-taxable","13":"purchasable","14":"product-type-variable"},"acf":[],"_links":{"self":[{"href":"https:\/\/alfaomega.tv\/librarie\/wp-json\/wp\/v2\/product\/35991","targetHints":{"allow":["GET"]}}],"collection":[{"href":"https:\/\/alfaomega.tv\/librarie\/wp-json\/wp\/v2\/product"}],"about":[{"href":"https:\/\/alfaomega.tv\/librarie\/wp-json\/wp\/v2\/types\/product"}],"wp:featuredmedia":[{"embeddable":true,"href":"https:\/\/alfaomega.tv\/librarie\/wp-json\/wp\/v2\/media\/7681"}],"wp:attachment":[{"href":"https:\/\/alfaomega.tv\/librarie\/wp-json\/wp\/v2\/media?parent=35991"}],"wp:term":[{"taxonomy":"product_brand","embeddable":true,"href":"https:\/\/alfaomega.tv\/librarie\/wp-json\/wp\/v2\/product_brand?post=35991"},{"taxonomy":"product_cat","embeddable":true,"href":"https:\/\/alfaomega.tv\/librarie\/wp-json\/wp\/v2\/product_cat?post=35991"},{"taxonomy":"product_tag","embeddable":true,"href":"https:\/\/alfaomega.tv\/librarie\/wp-json\/wp\/v2\/product_tag?post=35991"}],"curies":[{"name":"wp","href":"https:\/\/api.w.org\/{rel}","templated":true}]}}