{"id":35993,"date":"2025-08-29T13:00:39","date_gmt":"2025-08-29T13:00:39","guid":{"rendered":"https:\/\/alfaomega.tv\/librarie\/?post_type=product&#038;p=35993"},"modified":"2025-08-29T13:00:49","modified_gmt":"2025-08-29T13:00:49","slug":"povestirile-biblice-prind-viata-card-stick-usb-seria-7-8","status":"publish","type":"product","link":"https:\/\/alfaomega.tv\/librarie\/produse\/resurse-pentru-copii\/povestirile-biblice-prind-viata-card-stick-usb-seria-7-8\/","title":{"rendered":"Povestirile biblice prind via\u021b\u0103 &#8211; Card stick USB &#8211; Seria 7-8"},"content":{"rendered":"<p>Seria 7 \u2013 Minuni \u0219i lec\u021bii din Vechiul Testament<\/p>\n<p>Seria 7 din colec\u021bia \u201ePovestirile biblice prind via\u021b\u0103\u201d \u00ee\u021bi aduce o serie de momente spectaculoase din istoria Vechiului Testament. Printre episoadele importante se num\u0103r\u0103 minuni ale profetului Elisei, cum ar fi vindecarea slujitoarei lui Naaman \u0219i alte fapte miraculoase. Vei descoperi despre t\u00e2n\u0103rul Daniel \u0219i prietenii s\u0103i, care au supravie\u021buit \u00een cuptorul de foc \u0219i groapa cu lei, despre visul \u00eemp\u0103ratului \u0219i misterele scrise pe perete, dar \u0219i despre momentele tragice ale distrugerii Ierusalimului. Alte pove\u0219ti includ regii Ioas \u0219i Iosia, precum \u0219i reconstruirea Ierusalimului sub conducerea lui Neemia.<\/p>\n<p>Seria 8 \u2013 Povestea vie\u021bii lui Isus \u0219i a ucenicilor S\u0103i<\/p>\n<p>Seria 8 exploreaz\u0103 via\u021ba lui Isus \u0219i \u00eenceputurile \u00eenv\u0103\u021b\u0103turilor Sale. De la na\u0219terea Sa miraculoas\u0103, fuga \u00een Egipt pentru a-\u0219i salva via\u021ba, p\u00e2n\u0103 la copil\u0103ria \u0219i botezul Lui, vei \u00een\u021belege cum a \u00eenceput misiunea divin\u0103 a lui Isus. Urmeaz\u0103 primii ucenici \u0219i \u00eenv\u0103\u021b\u0103turile Sale din predica de pe munte, \u00een care vorbe\u0219te despre iubirea \u0219i iertarea lui Dumnezeu. Vei \u00eenv\u0103\u021ba despre vindec\u0103rile miraculoase realizate de Isus, despre pilda \u201eTat\u0103l nostru\u201d \u0219i despre mesajele ad\u00e2nci din pildele Sale. Aceast\u0103 serie ofer\u0103 o viziune detaliat\u0103 asupra \u00eenceputurilor cre\u0219tinismului \u0219i asupra puterii \u00eenv\u0103\u021b\u0103turilor lui Isus.<\/p>\n<p>Emisiune pentru copii. Card stick-ul USB con\u021bine 26 de episoade a c\u00e2te 10-14 minute fiecare. <\/p>\n<p>Episoade seria 7 \u0219i 8:<\/p>\n<p>7.1 \u2013 Elisei face minuni<br \/>7.2 \u2013 Slujitoarea lui Naaman<br \/>7.3 \u2013 Ioas_\u00eemp\u0103rat la 7 ani<br \/>7.4 \u2013 Ezechia<br \/>7.5 \u2013 Iosia_\u00eemp\u0103rat la 8 ani<br \/>7.6 \u2013 Iona<br \/>7.7 \u2013 Distrugerea Ierusalimului<br \/>7.8 \u2013 Daniel \u0219i prietenii s\u0103i<br \/>7.9 \u2013 Visul \u00eemp\u0103ratului<br \/>7.10 \u2013 Tinerii \u00een cuptorul de foc<br \/>7.11 \u2013 M\u00e2na ce scrie pe perete<br \/>7.12 \u2013 Daniel \u00een groapa cu lei<br \/>7.13 \u2013 Reconstruirea Ierusalimului &#8211; Neemia<br \/>8.1 \u2013 \u00cemp\u0103r\u0103teasa Estera<br \/>8.2 \u2013 Iov<br \/>8.3 \u2013 \u00cengerul la Zaharia \u0219i Maria<br \/>8.4 \u2013 Na\u0219terea lui Isus<br \/>8.5 \u2013 Fuga \u00een Egipt<br \/>8.6 \u2013 Copil\u0103ria lui Isus<br \/>8.7 \u2013 Botezul \u0219i ispitirea lui Isus<br \/>8.8 \u2013 Primii ucenici<br \/>8.9 \u2013 Cur\u0103\u021barea templului \u2013 Nicodim \u2013 Samariteanca<br \/>8.10 \u2013 Predica de pe munte \u2013 alegerea ucenicilor<br \/>8.11 \u2013 Isus vindeca bolnavii<br \/>8.12 \u2013 Tat\u0103l nostru<br \/>8.13 \u2013 Pildele lui Isus<\/p>\n","protected":false},"excerpt":{"rendered":"<p>Emisiune pentru copii<\/p>\n","protected":false},"featured_media":7683,"template":"","meta":{"_acf_changed":false},"product_brand":[],"product_cat":[34],"product_tag":[],"class_list":{"0":"post-35993","1":"product","2":"type-product","3":"status-publish","4":"has-post-thumbnail","6":"product_cat-resurse-pentru-copii","7":"pa_autori-alfa-omega-tv","8":"pa_format-stick-usb","10":"first","11":"instock","12":"shipping-taxable","13":"purchasable","14":"product-type-variable","15":"has-default-attributes"},"acf":[],"_links":{"self":[{"href":"https:\/\/alfaomega.tv\/librarie\/wp-json\/wp\/v2\/product\/35993","targetHints":{"allow":["GET"]}}],"collection":[{"href":"https:\/\/alfaomega.tv\/librarie\/wp-json\/wp\/v2\/product"}],"about":[{"href":"https:\/\/alfaomega.tv\/librarie\/wp-json\/wp\/v2\/types\/product"}],"wp:featuredmedia":[{"embeddable":true,"href":"https:\/\/alfaomega.tv\/librarie\/wp-json\/wp\/v2\/media\/7683"}],"wp:attachment":[{"href":"https:\/\/alfaomega.tv\/librarie\/wp-json\/wp\/v2\/media?parent=35993"}],"wp:term":[{"taxonomy":"product_brand","embeddable":true,"href":"https:\/\/alfaomega.tv\/librarie\/wp-json\/wp\/v2\/product_brand?post=35993"},{"taxonomy":"product_cat","embeddable":true,"href":"https:\/\/alfaomega.tv\/librarie\/wp-json\/wp\/v2\/product_cat?post=35993"},{"taxonomy":"product_tag","embeddable":true,"href":"https:\/\/alfaomega.tv\/librarie\/wp-json\/wp\/v2\/product_tag?post=35993"}],"curies":[{"name":"wp","href":"https:\/\/api.w.org\/{rel}","templated":true}]}}