{"id":36009,"date":"2025-08-29T13:00:50","date_gmt":"2025-08-29T13:00:50","guid":{"rendered":"https:\/\/alfaomega.tv\/librarie\/?post_type=product&#038;p=36009"},"modified":"2025-11-07T13:41:46","modified_gmt":"2025-11-07T13:41:46","slug":"pentru-o-vreme-ca-aceasta","status":"publish","type":"product","link":"https:\/\/alfaomega.tv\/librarie\/produse\/slujind-trupul-lui-hristos\/pentru-o-vreme-ca-aceasta\/","title":{"rendered":"Pentru o vreme ca aceasta"},"content":{"rendered":"<div>Tudor Pe\u021ban este fondatorul \u0219i pre\u0219edintele lucr\u0103rii de misiune prin media Alfa Omega, slujind-I lui Dumnezeu \u00een mass-media cre\u0219tin\u0103 din Rom\u00e2nia din 1994.<\/div>\n<div><\/div>\n<div>Activitatea principal\u0103 a lucr\u0103rii este produc\u021bia video, difuzarea \u0219i distribu\u021bia de con\u021binut cre\u0219tin.<\/div>\n<div><\/div>\n<div>\u00cenc\u0103 de la \u00eenceput, Alfa Omega a fost cunoscut\u0103 ca distribuitor de programe cre\u0219tine, filme, documentare \u0219i programe speciale pentru copii \u0219i pentru diferite categorii de varst\u0103 sau orientare confesional-cre\u0219tin\u0103, c\u0103tre mai multe canale TV comerciale, laice, locale, regionale sau na\u021bionale, din Rom\u00e2nia.<\/div>\n<div><\/div>\n<div>\u00cen 2006, la c\u00e2teva luni dup\u0103 ob\u021binerea licen\u021bei (in decembrie 2005), a fost lansat canalul prin satelit \u201eAlfa Omega TV\u201d, pe Eutelsat 16 grade, un canal 24\/7 \u201efree-to-air\u201d, (necodat), care acoper\u0103 Europa, Africa de Nord \u0219i o parte din Orientul Mijlociu.<\/div>\n<div><\/div>\n<div>Din 2010, canalul apare \u00een lista \u201emust-carry\u201d a CNA (Consiliul Na\u021bional al Audiovizualului), fiind astfel inclus \u00een toate re\u021belele de cablu TV din Rom\u00e2nia.<\/div>\n<div><\/div>\n<div>Alfa Omega a dezvoltat, an de an, numeroase canale social-media, site-uri web, mobile-up, o editur\u0103 cre\u0219tin\u0103 extins\u0103, iar din 2010 o revist\u0103 tip\u0103rit\u0103 (\u201eAlfa Omega TV Magazin\u201d) distribuit\u0103 gratuit \u00een Rom\u00e2nia \u00een mii de exemplare.<\/div>\n<div><\/div>\n<div>Prin \u0219tirile \u0219i reportajele proprii, s\u0103pt\u0103m\u00e2nale, din Rom\u00e2nia, prin difuzarea s\u0103pt\u0103m\u00e2nal\u0103 a mai multor programe interna\u021bionale de \u0219tiri, emisiuni informative din \u00eentreaga lume \u0219i \u00een special din Orientul Mijlociu, lucrarea de media cre\u0219tin\u0103 Alfa Omega a devenit o voce media credibil\u0103 \u00een Rom\u00e2nia, dar \u0219i un furnizor de \u0219tiri, prezentate din perpectiva biblica, pentru mai multe entit\u0103\u021bi de pres\u0103.<\/div>\n<div><\/div>\n<div>Sub c\u0103l\u0103uzirea permanent\u0103 a lui Dumnezeu, Alfa Omega este \u0219i continu\u0103 s\u0103 fie, partener media pentru evenimente \u0219i lucr\u0103ri-cheie din Rom\u00e2nia \u0219i promotor al multor conferin\u021be \u0219i ini\u021biative de rug\u0103ciune \u0219i mijlocire, care impacteaz\u0103 na\u021biunea roman\u0103 \u0219i Trupul lui Hristos.<\/div>\n<div><\/div>\n<div>De asemenea, Alfa Omega este o voce clar\u0103 pro-Israel \u00een media cre\u0219tin\u0103 contemporan\u0103.<\/div>\n<div><\/div>\n<div><\/div>\n<div><\/div>\n","protected":false},"excerpt":{"rendered":"<p>Alfa Omega &#8211; Lumin\u0103 \u00een \u00eentuneric<\/p>\n","protected":false},"featured_media":7699,"template":"","meta":{"_acf_changed":false},"product_brand":[],"product_cat":[19],"product_tag":[],"class_list":{"0":"post-36009","1":"product","2":"type-product","3":"status-publish","4":"has-post-thumbnail","6":"product_cat-slujind-trupul-lui-hristos","7":"pa_autori-tudor-petan","8":"pa_format-carte-tiparita","9":"pa_format-carte-electronica","11":"first","12":"instock","13":"shipping-taxable","14":"purchasable","15":"product-type-variable"},"acf":[],"_links":{"self":[{"href":"https:\/\/alfaomega.tv\/librarie\/wp-json\/wp\/v2\/product\/36009","targetHints":{"allow":["GET"]}}],"collection":[{"href":"https:\/\/alfaomega.tv\/librarie\/wp-json\/wp\/v2\/product"}],"about":[{"href":"https:\/\/alfaomega.tv\/librarie\/wp-json\/wp\/v2\/types\/product"}],"wp:featuredmedia":[{"embeddable":true,"href":"https:\/\/alfaomega.tv\/librarie\/wp-json\/wp\/v2\/media\/7699"}],"wp:attachment":[{"href":"https:\/\/alfaomega.tv\/librarie\/wp-json\/wp\/v2\/media?parent=36009"}],"wp:term":[{"taxonomy":"product_brand","embeddable":true,"href":"https:\/\/alfaomega.tv\/librarie\/wp-json\/wp\/v2\/product_brand?post=36009"},{"taxonomy":"product_cat","embeddable":true,"href":"https:\/\/alfaomega.tv\/librarie\/wp-json\/wp\/v2\/product_cat?post=36009"},{"taxonomy":"product_tag","embeddable":true,"href":"https:\/\/alfaomega.tv\/librarie\/wp-json\/wp\/v2\/product_tag?post=36009"}],"curies":[{"name":"wp","href":"https:\/\/api.w.org\/{rel}","templated":true}]}}