{"id":36018,"date":"2025-08-29T13:00:51","date_gmt":"2025-08-29T13:00:51","guid":{"rendered":"https:\/\/alfaomega.tv\/librarie\/?post_type=product&#038;p=36018"},"modified":"2025-09-04T09:00:31","modified_gmt":"2025-09-04T09:00:31","slug":"in-confruntarea-cu-intunericul","status":"publish","type":"product","link":"https:\/\/alfaomega.tv\/librarie\/produse\/restaurare-vindecare-eliberare\/in-confruntarea-cu-intunericul\/","title":{"rendered":"\u00cen confruntarea cu \u00eentunericul"},"content":{"rendered":"<p>Majoritatea oamenilor nu sunt con\u0219tien\u021bi \u0219i nici echipa\u021bi pentru a se confrunta cu for\u021bele spirituale ale \u00eentunericului. Cartea \u201e\u00cen confruntarea cu \u00eentunericul\u201d prezint\u0103 m\u0103rturia lui Jakob Barrientos \u0219i a felului \u00een care el a intrat \u00een r\u0103zboiul spiritual. Aceast\u0103 carte v\u0103 va oferi \u00eendrum\u0103ri de baz\u0103 despre cum s\u0103 v\u0103 ruga\u021bi, cum s\u0103 umbla\u021bi \u00een libertate \u0219i cum s\u0103 identifica\u021bi cu u\u0219urin\u021b\u0103 activitatea vr\u0103jma\u0219ului din jurul nostru.<\/p>\n<p>Jakob este \u00eenfl\u0103c\u0103rat de o pasiune arz\u0103toare de a-i vedea pe cei pierdu\u021bi venind la Isus \u0219i pe cei r\u0103ni\u021bi \u0219i lega\u021bi de c\u0103tre vr\u0103jma\u0219 vindeca\u021bi \u0219i elibera\u021bi! Dup\u0103 ce a fost arestat pentru consum de droguri \u0219i dup\u0103 ce Dumnezeu l-a ridicat \u00een mod miraculos dintr-un episod de supradoz\u0103, el a \u00eenceput o misiune orientat\u0103 spre a-L vedea pe Domnul cum atinge via\u021ba celor care au nevoie disperat\u0103 de Isus. Jakob este absolvent al Institutului \u201eHristos pentru na\u021biuni\u201d. A petrecut mai mul\u021bi ani c\u0103l\u0103torind \u0219i slujind al\u0103turi de mentorul s\u0103u, Steve Hill. Timp de \u0219apte ani, a slujit ca pastor senior \u00eentr-o biseric\u0103 rodnic\u0103 \u0219i \u00een cre\u0219tere, \u00een Central Illinois. \u00cen prezent, pe l\u00e2ng\u0103 vizitele sale \u00een biserici locale \u0219i interna\u021bionale, Jakob conduce misiuni de evanghelizare la Trinity Church \u00een Cedar Hill \u0219i la Hristos pentru Na\u021biuni. Jakob \u0219i so\u021bia sa, Leah, locuiesc \u00een Dallas, Texas, \u00eempreun\u0103 cu cei doi copii frumo\u0219i ai lor, Moriah \u0219i Gabriel.<\/p>\n<\/p>\n<p>Nr. pagini: 112<\/p>\n","protected":false},"excerpt":{"rendered":"<p>Peste tot \u00een jurul nostru se desf\u0103\u0219oar\u0103 o lupt\u0103 spiritual\u0103&#8230;<\/p>\n","protected":false},"featured_media":7709,"template":"","meta":{"_acf_changed":false},"product_brand":[],"product_cat":[25],"product_tag":[],"class_list":{"0":"post-36018","1":"product","2":"type-product","3":"status-publish","4":"has-post-thumbnail","6":"product_cat-restaurare-vindecare-eliberare","7":"pa_autori-jakob-barrientos","8":"pa_format-carte-tiparita","9":"pa_format-carte-electronica","11":"first","12":"instock","13":"shipping-taxable","14":"purchasable","15":"product-type-variable"},"acf":[],"_links":{"self":[{"href":"https:\/\/alfaomega.tv\/librarie\/wp-json\/wp\/v2\/product\/36018","targetHints":{"allow":["GET"]}}],"collection":[{"href":"https:\/\/alfaomega.tv\/librarie\/wp-json\/wp\/v2\/product"}],"about":[{"href":"https:\/\/alfaomega.tv\/librarie\/wp-json\/wp\/v2\/types\/product"}],"wp:featuredmedia":[{"embeddable":true,"href":"https:\/\/alfaomega.tv\/librarie\/wp-json\/wp\/v2\/media\/7709"}],"wp:attachment":[{"href":"https:\/\/alfaomega.tv\/librarie\/wp-json\/wp\/v2\/media?parent=36018"}],"wp:term":[{"taxonomy":"product_brand","embeddable":true,"href":"https:\/\/alfaomega.tv\/librarie\/wp-json\/wp\/v2\/product_brand?post=36018"},{"taxonomy":"product_cat","embeddable":true,"href":"https:\/\/alfaomega.tv\/librarie\/wp-json\/wp\/v2\/product_cat?post=36018"},{"taxonomy":"product_tag","embeddable":true,"href":"https:\/\/alfaomega.tv\/librarie\/wp-json\/wp\/v2\/product_tag?post=36018"}],"curies":[{"name":"wp","href":"https:\/\/api.w.org\/{rel}","templated":true}]}}