{"id":36039,"date":"2025-08-29T13:01:03","date_gmt":"2025-08-29T13:01:03","guid":{"rendered":"https:\/\/alfaomega.tv\/librarie\/?post_type=product&#038;p=36039"},"modified":"2025-08-29T13:02:07","modified_gmt":"2025-08-29T13:02:07","slug":"israel-dragostea-mea","status":"publish","type":"product","link":"https:\/\/alfaomega.tv\/librarie\/produse\/intelegerea-vremurilor-israel\/israel-dragostea-mea\/","title":{"rendered":"Israel, dragostea Mea"},"content":{"rendered":"<p>Problema p\u0103cii \u00een Orientul Mijlociu&#8230; nu este, de fapt, despre pace. Problema Orientului Mijlociu poate fi cel mai u\u0219or conflict din lume de descris, dar cel mai greu de rezolvat. Israelul dore\u0219te s\u0103 existe \u0219i s\u0103 fie recunoscut ca na\u021biune, \u00eens\u0103 palestinienii, musulmanii \u0219i arabii nu doresc acest lucru.<\/p>\n<p>Mass-media relateaz\u0103 zilnic ve\u0219ti rele din Orientul Mijlociu. \u201eFocul\u201d du\u0219manului \u00eenconjoar\u0103 Israelul. \u00cens\u0103 este mult mai mult dec\u00e2t at\u00e2t. \u00centoarcerea evreilor \u00een patria lor este \u00eemplinirea unei profe\u021bii \u2013 este mo\u0219tenirea lor. Na\u021biunea Israel este un munte de rostiri profetice. Profe\u021biile din Vechiul \u0219i Noul Testament ne deschid \u00een\u021belegerea asupra modului \u00een care Dumnezeu \u00ee\u0219i \u00eempline\u0219te planurile de r\u0103scump\u0103rare pentru poporul evreu.<\/p>\n<p>A\u0219adar, dac\u0103 problema nu este despre pace&#8230; atunci despre ce este vorba? ISRAEL, DRAGOSTEA MEA \u2013 PIATRA DE TREIERAT A LUI DUMNEZEU te va lumina cu privire la adev\u0103rul a ceea ce se \u00eent\u00e2mpl\u0103 cu adev\u0103rat \u0219i la timpul lui Dumnezeu pentru \u00eemplinirea final\u0103 a planului S\u0103u original.<\/p>\n","protected":false},"excerpt":{"rendered":"<p>Problema p\u0103cii \u00een Orientul Mijlociu&#8230; nu este, de fapt, despre pace. Problema Orientului Mijlociu poate fi cel mai u\u0219or conflict din lume de descris, dar cel mai greu de rezolvat. Israelul dore\u0219te s\u0103 existe \u0219i s\u0103 fie recunoscut ca na\u021biune, \u00eens\u0103 palestinienii, musulmanii \u0219i arabii nu doresc acest lucru. Mass-media relateaz\u0103 zilnic ve\u0219ti rele din [&hellip;]<\/p>\n","protected":false},"featured_media":29987,"template":"","meta":{"_acf_changed":false},"product_brand":[],"product_cat":[24],"product_tag":[],"class_list":{"0":"post-36039","1":"product","2":"type-product","3":"status-publish","4":"has-post-thumbnail","6":"product_cat-intelegerea-vremurilor-israel","7":"pa_autori-dennis-g-lindsay","8":"pa_format-carte-tiparita","9":"pa_format-carte-electronica","11":"first","12":"instock","13":"shipping-taxable","14":"purchasable","15":"product-type-variable"},"acf":[],"_links":{"self":[{"href":"https:\/\/alfaomega.tv\/librarie\/wp-json\/wp\/v2\/product\/36039","targetHints":{"allow":["GET"]}}],"collection":[{"href":"https:\/\/alfaomega.tv\/librarie\/wp-json\/wp\/v2\/product"}],"about":[{"href":"https:\/\/alfaomega.tv\/librarie\/wp-json\/wp\/v2\/types\/product"}],"wp:featuredmedia":[{"embeddable":true,"href":"https:\/\/alfaomega.tv\/librarie\/wp-json\/wp\/v2\/media\/29987"}],"wp:attachment":[{"href":"https:\/\/alfaomega.tv\/librarie\/wp-json\/wp\/v2\/media?parent=36039"}],"wp:term":[{"taxonomy":"product_brand","embeddable":true,"href":"https:\/\/alfaomega.tv\/librarie\/wp-json\/wp\/v2\/product_brand?post=36039"},{"taxonomy":"product_cat","embeddable":true,"href":"https:\/\/alfaomega.tv\/librarie\/wp-json\/wp\/v2\/product_cat?post=36039"},{"taxonomy":"product_tag","embeddable":true,"href":"https:\/\/alfaomega.tv\/librarie\/wp-json\/wp\/v2\/product_tag?post=36039"}],"curies":[{"name":"wp","href":"https:\/\/api.w.org\/{rel}","templated":true}]}}