{"id":36052,"date":"2025-08-29T13:01:04","date_gmt":"2025-08-29T13:01:04","guid":{"rendered":"https:\/\/alfaomega.tv\/librarie\/?post_type=product&#038;p=36052"},"modified":"2025-09-01T13:22:06","modified_gmt":"2025-09-01T13:22:06","slug":"secretul-rugaciunii","status":"publish","type":"product","link":"https:\/\/alfaomega.tv\/librarie\/produse\/rugaciune-mijlocire\/secretul-rugaciunii\/","title":{"rendered":"Secretul rug\u0103ciunii"},"content":{"rendered":"<p class=\"p1\">Scopul acestei c\u0103r\u0163i este de a v\u0103 ajuta s\u0103 umbla\u0163i cu Dumnezeu \u015fi de a avea p\u0103rt\u0103\u015fie cu El \u00een rug\u0103ciune. Fiecare cre\u015ftin sus\u0163ine c\u0103 \u015ftie cum s\u0103 se roage, dar vedem c\u0103 \u00een vie\u0163ile multora rug\u0103ciunile nu primesc r\u0103spuns.<\/p>\n<p class=\"p1\">Rug\u0103ciunea este un exerci\u0163iu spiritual ce necesit\u0103 seriozitate \u015fi disciplin\u0103. Unii cre\u015ftini numesc rug\u0103ciune repetarea acelora\u015fi cuvinte sau poate memorarea unei rug\u0103ciuni bazat\u0103 pe versete din Scriptur\u0103. Al\u0163ii se roag\u0103 doar de pe buze, \u015fi nu din inima lor.<\/p>\n<p class=\"p1\">Dumnezeu mi-a pus pe inim\u0103 rug\u0103ciunea, iar Duhul Sf\u00e2nt mi-a dat dorin\u0163a de a scrie despre acest subiect. Primi\u0163i-l ca din partea Domnului. Rug\u0103ciunea nu este un subiect nou, \u015fi totu\u015fi este \u00eenc\u0103 necunoscut, pentru unii fiind chiar un mister. De aceea, trebuie s\u0103 \u00eenv\u0103\u0163\u0103m mai multe despre ea. Cu c\u00e2t exers\u0103m mai mult rug\u0103ciunea, cu at\u00e2t mai mult realiz\u0103m c\u00e2t de departe suntem de ceea ce Dumnezeu vrea s\u0103 fim.<\/p>\n<p>&nbsp;<\/p>\n<p>&nbsp;<\/p>\n","protected":false},"excerpt":{"rendered":"<p>Scopul acestei c\u0103r\u0163i este de a v\u0103 ajuta s\u0103 umbla\u0163i cu Dumnezeu \u015fi de a avea p\u0103rt\u0103\u015fie cu El \u00een rug\u0103ciune. Fiecare cre\u015ftin sus\u0163ine c\u0103 \u015ftie cum s\u0103 se roage, dar vedem c\u0103 \u00een vie\u0163ile multora rug\u0103ciunile nu primesc r\u0103spuns. Rug\u0103ciunea este un exerci\u0163iu spiritual ce necesit\u0103 seriozitate \u015fi disciplin\u0103. Unii cre\u015ftini numesc rug\u0103ciune repetarea [&hellip;]<\/p>\n","protected":false},"featured_media":30147,"template":"","meta":{"_acf_changed":false},"product_brand":[],"product_cat":[22],"product_tag":[],"class_list":{"0":"post-36052","1":"product","2":"type-product","3":"status-publish","4":"has-post-thumbnail","6":"product_cat-rugaciune-mijlocire","7":"pa_autori-daniel-n-matei","8":"pa_format-carte-tiparita","9":"pa_format-carte-electronica","11":"first","12":"instock","13":"shipping-taxable","14":"purchasable","15":"product-type-variable"},"acf":[],"_links":{"self":[{"href":"https:\/\/alfaomega.tv\/librarie\/wp-json\/wp\/v2\/product\/36052","targetHints":{"allow":["GET"]}}],"collection":[{"href":"https:\/\/alfaomega.tv\/librarie\/wp-json\/wp\/v2\/product"}],"about":[{"href":"https:\/\/alfaomega.tv\/librarie\/wp-json\/wp\/v2\/types\/product"}],"wp:featuredmedia":[{"embeddable":true,"href":"https:\/\/alfaomega.tv\/librarie\/wp-json\/wp\/v2\/media\/30147"}],"wp:attachment":[{"href":"https:\/\/alfaomega.tv\/librarie\/wp-json\/wp\/v2\/media?parent=36052"}],"wp:term":[{"taxonomy":"product_brand","embeddable":true,"href":"https:\/\/alfaomega.tv\/librarie\/wp-json\/wp\/v2\/product_brand?post=36052"},{"taxonomy":"product_cat","embeddable":true,"href":"https:\/\/alfaomega.tv\/librarie\/wp-json\/wp\/v2\/product_cat?post=36052"},{"taxonomy":"product_tag","embeddable":true,"href":"https:\/\/alfaomega.tv\/librarie\/wp-json\/wp\/v2\/product_tag?post=36052"}],"curies":[{"name":"wp","href":"https:\/\/api.w.org\/{rel}","templated":true}]}}