{"id":36055,"date":"2025-08-29T13:01:04","date_gmt":"2025-08-29T13:01:04","guid":{"rendered":"https:\/\/alfaomega.tv\/librarie\/?post_type=product&#038;p=36055"},"modified":"2025-10-22T14:06:15","modified_gmt":"2025-10-22T14:06:15","slug":"doamne-vei-restaura-imparatia-lui-israel","status":"publish","type":"product","link":"https:\/\/alfaomega.tv\/librarie\/produse\/intelegerea-vremurilor-israel\/doamne-vei-restaura-imparatia-lui-israel\/","title":{"rendered":"Doamne, vei restaura \u00eemp\u0103r\u0103\u021bia lui Israel?"},"content":{"rendered":"<p>\u00cen cea mai recent\u0103 carte a sa, aclamata autoare \u0219i jurnalist\u0103 Christine Darg invit\u0103 cititorii s\u0103 exploreze una dintre cele mai urgente \u00eentreb\u0103ri ale credin\u021bei noastre. Folosind ca fundal istoria \u0219i viitorul Israelului, aceast\u0103 lucrare examineaz\u0103 p\u0103catele semnificative ale vremurilor noastre printr-o lentil\u0103 scriptural\u0103 clar\u0103.<\/p>\n<p>Fiecare sec\u021biune disec\u0103 profe\u021bii complexe cu o claritate direct\u0103, f\u0103c\u00e2nd leg\u0103tura \u00eentre promisiunile biblice \u0219i evenimentele actuale \u0219i aduc\u00e2nd un argument conving\u0103tor pentru importan\u021ba spiritual\u0103 a Israelului \u00een lumea de ast\u0103zi.<\/p>\n<p>Capitolele pline de revela\u021bie includ:<\/p>\n<ul>\n<li>Marea lacun\u0103 privind profe\u021bia biblic\u0103<\/li>\n<li>R\u0103ul ne\u00eengr\u0103dit din vremurile din urm\u0103<\/li>\n<li>America \u00een c\u0103dere liber\u0103 \u00een ceea ce prive\u0219te domeniul profetic<\/li>\n<li>Cui \u00eei apar\u021bine \u021aara Sf\u00e2nt\u0103?<\/li>\n<\/ul>\n<p>Israelul joac\u0103 un rol vital \u00een \u00eemplinirea planurilor lui Dumnezeu pentru omenire. Al\u0103tur\u0103-te Christinei \u00een timp ce expune argumentele pentru care, mai mult ca oric\u00e2nd, credincio\u0219ii trebuie s\u0103 sprijine Israelul.<\/p>\n<p>&nbsp;<\/p>\n<p>&nbsp;<\/p>\n","protected":false},"excerpt":{"rendered":"<p>\u00cen cea mai recent\u0103 carte a sa, aclamata autoare \u0219i jurnalist\u0103 Christine Darg invit\u0103 cititorii s\u0103 exploreze una dintre cele mai urgente \u00eentreb\u0103ri ale credin\u021bei noastre. Folosind ca fundal istoria \u0219i viitorul Israelului, aceast\u0103 lucrare examineaz\u0103 p\u0103catele semnificative ale vremurilor noastre printr-o lentil\u0103 scriptural\u0103 clar\u0103. Fiecare sec\u021biune disec\u0103 profe\u021bii complexe cu o claritate direct\u0103, f\u0103c\u00e2nd [&hellip;]<\/p>\n","protected":false},"featured_media":30156,"template":"","meta":{"_acf_changed":false},"product_brand":[],"product_cat":[24],"product_tag":[],"class_list":{"0":"post-36055","1":"product","2":"type-product","3":"status-publish","4":"has-post-thumbnail","6":"product_cat-intelegerea-vremurilor-israel","7":"pa_autori-christine-darg","8":"pa_format-carte-tiparita","9":"pa_format-carte-electronica","11":"first","12":"instock","13":"shipping-taxable","14":"purchasable","15":"product-type-variable"},"acf":[],"_links":{"self":[{"href":"https:\/\/alfaomega.tv\/librarie\/wp-json\/wp\/v2\/product\/36055","targetHints":{"allow":["GET"]}}],"collection":[{"href":"https:\/\/alfaomega.tv\/librarie\/wp-json\/wp\/v2\/product"}],"about":[{"href":"https:\/\/alfaomega.tv\/librarie\/wp-json\/wp\/v2\/types\/product"}],"wp:featuredmedia":[{"embeddable":true,"href":"https:\/\/alfaomega.tv\/librarie\/wp-json\/wp\/v2\/media\/30156"}],"wp:attachment":[{"href":"https:\/\/alfaomega.tv\/librarie\/wp-json\/wp\/v2\/media?parent=36055"}],"wp:term":[{"taxonomy":"product_brand","embeddable":true,"href":"https:\/\/alfaomega.tv\/librarie\/wp-json\/wp\/v2\/product_brand?post=36055"},{"taxonomy":"product_cat","embeddable":true,"href":"https:\/\/alfaomega.tv\/librarie\/wp-json\/wp\/v2\/product_cat?post=36055"},{"taxonomy":"product_tag","embeddable":true,"href":"https:\/\/alfaomega.tv\/librarie\/wp-json\/wp\/v2\/product_tag?post=36055"}],"curies":[{"name":"wp","href":"https:\/\/api.w.org\/{rel}","templated":true}]}}