{"id":36873,"date":"2025-10-30T11:47:44","date_gmt":"2025-10-30T11:47:44","guid":{"rendered":"https:\/\/alfaomega.tv\/librarie\/?post_type=product&#038;p=36873"},"modified":"2025-11-12T08:28:46","modified_gmt":"2025-11-12T08:28:46","slug":"de-ce-am-fost-creati","status":"publish","type":"product","link":"https:\/\/alfaomega.tv\/librarie\/produse\/identitate-crestere-spirituala-revelatie\/de-ce-am-fost-creati\/","title":{"rendered":"De ce am fost crea\u021bi"},"content":{"rendered":"<p data-start=\"0\" data-end=\"515\">Fiecare om \u00ee\u0219i dore\u0219te ca via\u021ba lui s\u0103 conteze, s\u0103 fie de impact \u0219i plin\u0103 de sens. Pentru aceasta, este esen\u021bial s\u0103 \u00een\u021belegem scopul pentru care am fost crea\u021bi. F\u0103r\u0103 o astfel de \u00een\u021belegere, via\u021ba devine confuz\u0103 \u0219i lipsit\u0103 de direc\u021bie. De\u0219i moartea \u0219i jertfa lui Yeshua pentru p\u0103catele noastre reprezint\u0103 punctul culminant al istoriei m\u00e2ntuirii, rela\u021bia noastr\u0103 cu Dumnezeu nu se rezum\u0103 doar la rolul S\u0103u de M\u00e2ntuitor. La \u00eenceput, \u00een Gr\u0103dina Edenului, omul \u00cel cuno\u0219tea pe Dumnezeu ca \u0219i Creator, Tat\u0103 \u0219i \u00cenv\u0103\u021b\u0103tor.<\/p>\n<p data-start=\"517\" data-end=\"958\">\u00cenainte de p\u0103cat, nu exista nevoie de m\u00e2ntuire \u2014 doar o rela\u021bie des\u0103v\u00e2r\u0219it\u0103 \u00eentre Creator \u0219i crea\u021bia Sa. Dac\u0103 omenirea nu ar fi c\u0103zut, am fi tr\u0103it pentru totdeauna \u00een acel paradis perfect, f\u0103r\u0103 durere, moarte sau desp\u0103r\u021bire. Rolul lui Dumnezeu ca M\u00e2ntuitor a devenit necesar doar din cauza neascult\u0103rii omului. Totu\u0219i, \u00een veacul viitor, c\u00e2nd p\u0103catul va fi abolit, Dumnezeu va r\u0103m\u00e2ne pentru totdeauna Creatorul, Tat\u0103l \u0219i \u00cenv\u0103\u021b\u0103torul nostru.<\/p>\n<p data-start=\"960\" data-end=\"1208\">Adev\u0103rul este c\u0103 nu am fost crea\u021bi doar ca s\u0103 fim m\u00e2ntui\u021bi, ci ca s\u0103 tr\u0103im \u00een comuniune deplin\u0103 cu El \u0219i s\u0103 \u00eemplinim scopul pentru care am fost f\u0103cu\u021bi. Acest ghid \u00ee\u0219i propune s\u0103 descopere exact acel scop \u2014 pentru via\u021ba de acum \u0219i pentru ve\u0219nicie.<\/p>\n","protected":false},"excerpt":{"rendered":"<p>Crea\u021bi pentru comuniune ve\u0219nic\u0103 cu Dumnezeu<\/p>\n","protected":false},"featured_media":36876,"template":"","meta":{"_acf_changed":false},"product_brand":[],"product_cat":[21],"product_tag":[447,443,452,456,453,458,455,448,451,449,454,457],"class_list":{"0":"post-36873","1":"product","2":"type-product","3":"status-publish","4":"has-post-thumbnail","6":"product_cat-identitate-crestere-spirituala-revelatie","7":"product_tag-alfa-omega","8":"product_tag-carte","9":"product_tag-chad-holland","10":"product_tag-de-ce","11":"product_tag-de-ce-am-fost-creati","12":"product_tag-destinul-nostru-etern","13":"product_tag-holland","14":"product_tag-librarie-crestina","15":"product_tag-pdf","16":"product_tag-produse-crestine","17":"product_tag-scop","18":"product_tag-traind-pentru-scopul","19":"pa_autori-chad-holland","20":"pa_format-carte-tiparita","22":"first","23":"instock","24":"shipping-taxable","25":"purchasable","26":"product-type-variable"},"acf":[],"_links":{"self":[{"href":"https:\/\/alfaomega.tv\/librarie\/wp-json\/wp\/v2\/product\/36873","targetHints":{"allow":["GET"]}}],"collection":[{"href":"https:\/\/alfaomega.tv\/librarie\/wp-json\/wp\/v2\/product"}],"about":[{"href":"https:\/\/alfaomega.tv\/librarie\/wp-json\/wp\/v2\/types\/product"}],"wp:featuredmedia":[{"embeddable":true,"href":"https:\/\/alfaomega.tv\/librarie\/wp-json\/wp\/v2\/media\/36876"}],"wp:attachment":[{"href":"https:\/\/alfaomega.tv\/librarie\/wp-json\/wp\/v2\/media?parent=36873"}],"wp:term":[{"taxonomy":"product_brand","embeddable":true,"href":"https:\/\/alfaomega.tv\/librarie\/wp-json\/wp\/v2\/product_brand?post=36873"},{"taxonomy":"product_cat","embeddable":true,"href":"https:\/\/alfaomega.tv\/librarie\/wp-json\/wp\/v2\/product_cat?post=36873"},{"taxonomy":"product_tag","embeddable":true,"href":"https:\/\/alfaomega.tv\/librarie\/wp-json\/wp\/v2\/product_tag?post=36873"}],"curies":[{"name":"wp","href":"https:\/\/api.w.org\/{rel}","templated":true}]}}