{"id":37508,"date":"2026-02-10T14:59:37","date_gmt":"2026-02-10T14:59:37","guid":{"rendered":"https:\/\/alfaomega.tv\/librarie\/?post_type=product&#038;p=37508"},"modified":"2026-02-10T15:02:31","modified_gmt":"2026-02-10T15:02:31","slug":"planul-lui-dumnezeu-anti-imbatranire","status":"publish","type":"product","link":"https:\/\/alfaomega.tv\/librarie\/produse\/slujind-trupul-lui-hristos\/planul-lui-dumnezeu-anti-imbatranire\/","title":{"rendered":"Planul lui Dumnezeu anti-imbatranire"},"content":{"rendered":"<p>\u00cen \u00cemp\u0103r\u0103\u021bie nu exist\u0103 \u201epensionare\u201d. Planurile, scopurile \u0219i chemarea lui Dumnezeu nu au termen de garan\u021bie. Nu am fost crea\u021bi s\u0103 \u00eencetinim, ci s\u0103 \u00eenaint\u0103m. Dumnezeu a promis c\u0103 slava \u201ecasei din urm\u0103\u201d va fi mai mare dec\u00e2t a celei dint\u00e2i. Ceea ce \u00eenseamn\u0103 c\u0103 nu inten\u021bioneaz\u0103 doar s\u0103 ne restaureze, ci \u0219i s\u0103 ne \u00eembun\u0103t\u0103\u021beasc\u0103 pe m\u0103sur\u0103 ce \u00eenaint\u0103m \u00een v\u00e2rst\u0103. \u00cen cartea de fa\u021b\u0103, Patricia King expune minciuna cultural\u0103 conform c\u0103reia trebuie s\u0103 \u00eencetinim \u0219i s\u0103 ne retragem pe m\u0103sur\u0103 ce \u00eemb\u0103tr\u00e2nim. Ea o \u00eenlocuie\u0219te cu adev\u0103rul c\u0103 suntem chema\u021bi s\u0103 fim plini de viziune, scop \u0219i productivitate \u00een toate zilele vie\u021bii noastre. Pun\u00e2ndu-\u021bi la dispozi\u021bie perspective scripturale, sfaturi practice \u0219i pove\u0219ti care inspir\u0103, Patricia te va ajuta s\u0103 adop\u021bi un nou mod de via\u021b\u0103 la v\u00e2rsta a doua \u2013 unul care te conecteaz\u0103 la planul lui Dumnezeu anti-\u00eemb\u0103tr\u00e2nire, \u00een a\u0219a fel \u00eenc\u00e2t anii care vor urma s\u0103 fie cei mai buni din via\u021ba ta.<\/p>\n<p>Patricia King este o voce pionier\u0103 \u00een slujire de mai bine de 30 de ani. Ea a scris numeroase c\u0103r\u021bi, a produs multe CD-uri \u0219i DVD-uri, prezint\u0103 emisiunea TV Patricia King \u2013 Everlasting Love, este life-coach, o femeie de afaceri \u0219i co-fondatoare a re\u021belei media online cre\u0219tine XPmedia.com<\/p>\n","protected":false},"excerpt":{"rendered":"<p>E\u0219ti la v\u00e2rsta a doua? Atunci cartea de fa\u021b\u0103 este pentru tine. Ce e mai bun urmeaz\u0103 s\u0103 vin\u0103! C\u00e2nd avea 85 de ani, Caleb nu a decis c\u0103 \u201evremea lui a trecut\u201d, ci c\u0103 a sosit timpul s\u0103 cucereasc\u0103 muntele!<\/p>\n","protected":false},"featured_media":37511,"template":"","meta":{"_acf_changed":false},"product_brand":[],"product_cat":[19],"product_tag":[],"class_list":{"0":"post-37508","1":"product","2":"type-product","3":"status-publish","4":"has-post-thumbnail","6":"product_cat-slujind-trupul-lui-hristos","7":"pa_autori-patricia-king","8":"pa_format-carte-tiparita","10":"first","11":"instock","12":"shipping-taxable","13":"purchasable","14":"product-type-variable","15":"has-default-attributes"},"acf":[],"_links":{"self":[{"href":"https:\/\/alfaomega.tv\/librarie\/wp-json\/wp\/v2\/product\/37508","targetHints":{"allow":["GET"]}}],"collection":[{"href":"https:\/\/alfaomega.tv\/librarie\/wp-json\/wp\/v2\/product"}],"about":[{"href":"https:\/\/alfaomega.tv\/librarie\/wp-json\/wp\/v2\/types\/product"}],"wp:featuredmedia":[{"embeddable":true,"href":"https:\/\/alfaomega.tv\/librarie\/wp-json\/wp\/v2\/media\/37511"}],"wp:attachment":[{"href":"https:\/\/alfaomega.tv\/librarie\/wp-json\/wp\/v2\/media?parent=37508"}],"wp:term":[{"taxonomy":"product_brand","embeddable":true,"href":"https:\/\/alfaomega.tv\/librarie\/wp-json\/wp\/v2\/product_brand?post=37508"},{"taxonomy":"product_cat","embeddable":true,"href":"https:\/\/alfaomega.tv\/librarie\/wp-json\/wp\/v2\/product_cat?post=37508"},{"taxonomy":"product_tag","embeddable":true,"href":"https:\/\/alfaomega.tv\/librarie\/wp-json\/wp\/v2\/product_tag?post=37508"}],"curies":[{"name":"wp","href":"https:\/\/api.w.org\/{rel}","templated":true}]}}