{"id":37982,"date":"2026-03-31T12:30:16","date_gmt":"2026-03-31T12:30:16","guid":{"rendered":"https:\/\/alfaomega.tv\/librarie\/?post_type=product&#038;p=37982"},"modified":"2026-03-31T12:30:17","modified_gmt":"2026-03-31T12:30:17","slug":"transformare-experimenteaza-schimbarea-supranaturala-manual-de-lucru","status":"publish","type":"product","link":"https:\/\/alfaomega.tv\/librarie\/produse\/crestinul-si-societatea\/transformare-experimenteaza-schimbarea-supranaturala-manual-de-lucru\/","title":{"rendered":"Transformare &#8211; Experimenteaz\u0103 schimbarea supranatural\u0103 \/ Manual de lucru"},"content":{"rendered":"","protected":false},"excerpt":{"rendered":"<p>Cunoa\u0219te-\u021bi adev\u0103rata identitate + \u00een\u021belege-\u021bi darurile unice. \u00cencepe s\u0103 te aliniezi cu voia lui Dumnezeu pentru via\u021ba ta + a\u0219az\u0103-te sub cupola binecuv\u00e2nt\u0103rilor Lui. Doar prive\u0219te la schimbarea pe care o vei aduce oriunde mergi atunci c\u00e2nd puterea \u0219i prezen\u021ba lui Dumnezeu te \u00eenso\u021besc.<\/p>\n","protected":false},"featured_media":37983,"template":"","meta":{"_acf_changed":false},"product_brand":[],"product_cat":[30],"product_tag":[],"class_list":{"0":"post-37982","1":"product","2":"type-product","3":"status-publish","4":"has-post-thumbnail","6":"product_cat-crestinul-si-societatea","7":"pa_autori-kent-beverly-mattox","8":"pa_format-carte-tiparita","9":"pa_format-carte-electronica","11":"first","12":"instock","13":"shipping-taxable","14":"purchasable","15":"product-type-variable"},"acf":[],"_links":{"self":[{"href":"https:\/\/alfaomega.tv\/librarie\/wp-json\/wp\/v2\/product\/37982","targetHints":{"allow":["GET"]}}],"collection":[{"href":"https:\/\/alfaomega.tv\/librarie\/wp-json\/wp\/v2\/product"}],"about":[{"href":"https:\/\/alfaomega.tv\/librarie\/wp-json\/wp\/v2\/types\/product"}],"wp:featuredmedia":[{"embeddable":true,"href":"https:\/\/alfaomega.tv\/librarie\/wp-json\/wp\/v2\/media\/37983"}],"wp:attachment":[{"href":"https:\/\/alfaomega.tv\/librarie\/wp-json\/wp\/v2\/media?parent=37982"}],"wp:term":[{"taxonomy":"product_brand","embeddable":true,"href":"https:\/\/alfaomega.tv\/librarie\/wp-json\/wp\/v2\/product_brand?post=37982"},{"taxonomy":"product_cat","embeddable":true,"href":"https:\/\/alfaomega.tv\/librarie\/wp-json\/wp\/v2\/product_cat?post=37982"},{"taxonomy":"product_tag","embeddable":true,"href":"https:\/\/alfaomega.tv\/librarie\/wp-json\/wp\/v2\/product_tag?post=37982"}],"curies":[{"name":"wp","href":"https:\/\/api.w.org\/{rel}","templated":true}]}}