{"id":38141,"date":"2026-04-30T11:28:08","date_gmt":"2026-04-30T11:28:08","guid":{"rendered":"https:\/\/alfaomega.tv\/librarie\/?post_type=product&#038;p=38141"},"modified":"2026-04-30T11:28:09","modified_gmt":"2026-04-30T11:28:09","slug":"stapanirea-si-mobilizarea-celor-patru-vanturi","status":"publish","type":"product","link":"https:\/\/alfaomega.tv\/librarie\/produse\/identitate-crestere-spirituala-revelatie\/stapanirea-si-mobilizarea-celor-patru-vanturi\/","title":{"rendered":"St\u0103p\u00e2nirea \u0219i mobilizarea celor patru v\u00e2nturi"},"content":{"rendered":"<p>\u00ceN SF\u00c2R\u0218IT a ap\u0103rut una dintre cele mai bune c\u0103r\u021bi ale dr. Francis Myles!<br \/>\n\u201eSt\u0103p\u00e2nirea \u0219i mobilizarea celor patru v\u00e2nturi\u201d este o super carte care poart\u0103 cititorii \u00eentr-o c\u0103l\u0103torie fascinant\u0103 \u00een miezul revela\u021biilor biblice, dezv\u0103luind misterele v\u00e2ntului Duhului \u0219i a \u201eCelor patru v\u00e2nturi\u201d, dup\u0103 cum sunt descrise \u00een Genesa 12, Ezechiel 37:1-11 \u0219i Daniel 7:1-3 \u0219i felul \u00een care le putem mobiliza pentru avansarea \u00cemp\u0103r\u0103\u021biei.<br \/>\nAVERTISMENT: \u201eSt\u0103p\u00e2nirea \u0219i mobilizarea celor patru v\u00e2nturi\u201d nu este doar un titlu; este o chemare pentru credincio\u0219ii \u00een Isus s\u0103 \u00een\u021beleag\u0103 \u0219i s\u0103 se alinieze cu momentele simfonice ale Duhului lui Dumnezeu. Fie c\u0103 e\u0219ti savant, r\u0103zboinic spiritual sau doar un om care caut\u0103 adev\u0103rul, aceast\u0103 carte ofer\u0103 o \u00een\u021belegere nepre\u021buit\u0103 a navig\u0103rii pe curentele r\u0103zboiului spiritual \u0219i a sufl\u0103rii vie\u021bii divine.<\/p>\n<p>DIN ACEAST\u0102 CARTE VEI \u00ceNV\u0102\u021aA:<br \/>\n\u2022 Cum Duhul lui Dumnezeu ca \u201ev\u00e2nt\u201d a orchestrat \u00eenceputurile crea\u021biei,<br \/>\n\u2022 Cum s\u0103 sufli via\u021b\u0103 \u00een Valea oaselor uscate<br \/>\n\u2022 Cum s\u0103 captezi \u0219i s\u0103 mobilizezi puterea celor Patru v\u00e2nturi pentru avansarea \u00cemp\u0103r\u0103\u021biei<br \/>\n\u2022 Cum s\u0103 transformi cele Patru v\u00e2nturi \u00een arme pentru a judeca \u0219i distruge lucr\u0103rile Satanei,<br \/>\n\u2022 Vei descoperi \u00een scurt timp cum s\u0103 alungi \u0219i s\u0103 reduci la t\u0103cere v\u00e2nturile malefice<br \/>\n\u2022 Cum s\u0103 tratezi cele \u201ePatru v\u00e2nturi\u201d ca pe o f\u0103ptur\u0103 vie a lui Dumnezeu<\/p>\n<p>DR. FRANCIS MYLES este un vorbitor motiva\u021bional interna\u021bional, cu multe daruri, autor de peste 12 best-sellere, consultant \u00een afaceri \u0219i Apostol al na\u021biunilor. Este de asemenea pastor senior al Bisericii \u201eDream Genesis Church International\u201d din Lusaka, Zambia \u0219i al Bisericii Francis Myles Church Online situat\u0103 \u00een Atlanta, Georgia, care num\u0103r\u0103 peste 1.000 de membri, r\u0103sp\u00e2ndi\u021bi pe patru continente. Este un vorbitor de conferin\u021be foarte c\u0103utat pentru seminare at\u00e2t de slujire, c\u00e2t \u0219i legate de mediul de pia\u021b\u0103. Are o c\u0103snicie fericit\u0103 cu Carmela Real.<\/p>\n","protected":false},"excerpt":{"rendered":"<p>pentru interven\u021bia supranatural\u0103 \u0219i avansarea \u00cemp\u0103r\u0103\u021biei<\/p>\n","protected":false},"featured_media":38142,"template":"","meta":{"_acf_changed":false},"product_brand":[],"product_cat":[21],"product_tag":[],"class_list":{"0":"post-38141","1":"product","2":"type-product","3":"status-publish","4":"has-post-thumbnail","6":"product_cat-identitate-crestere-spirituala-revelatie","7":"pa_autori-francis-myles","8":"pa_format-carte-tiparita","10":"first","11":"instock","12":"shipping-taxable","13":"purchasable","14":"product-type-variable","15":"has-default-attributes"},"acf":[],"_links":{"self":[{"href":"https:\/\/alfaomega.tv\/librarie\/wp-json\/wp\/v2\/product\/38141","targetHints":{"allow":["GET"]}}],"collection":[{"href":"https:\/\/alfaomega.tv\/librarie\/wp-json\/wp\/v2\/product"}],"about":[{"href":"https:\/\/alfaomega.tv\/librarie\/wp-json\/wp\/v2\/types\/product"}],"wp:featuredmedia":[{"embeddable":true,"href":"https:\/\/alfaomega.tv\/librarie\/wp-json\/wp\/v2\/media\/38142"}],"wp:attachment":[{"href":"https:\/\/alfaomega.tv\/librarie\/wp-json\/wp\/v2\/media?parent=38141"}],"wp:term":[{"taxonomy":"product_brand","embeddable":true,"href":"https:\/\/alfaomega.tv\/librarie\/wp-json\/wp\/v2\/product_brand?post=38141"},{"taxonomy":"product_cat","embeddable":true,"href":"https:\/\/alfaomega.tv\/librarie\/wp-json\/wp\/v2\/product_cat?post=38141"},{"taxonomy":"product_tag","embeddable":true,"href":"https:\/\/alfaomega.tv\/librarie\/wp-json\/wp\/v2\/product_tag?post=38141"}],"curies":[{"name":"wp","href":"https:\/\/api.w.org\/{rel}","templated":true}]}}