{"id":38211,"date":"2026-05-12T13:42:29","date_gmt":"2026-05-12T13:42:29","guid":{"rendered":"https:\/\/alfaomega.tv\/librarie\/?post_type=product&#038;p=38211"},"modified":"2026-05-12T13:42:30","modified_gmt":"2026-05-12T13:42:30","slug":"teologia-inlocuirii","status":"publish","type":"product","link":"https:\/\/alfaomega.tv\/librarie\/produse\/intelegerea-vremurilor-israel\/teologia-inlocuirii\/","title":{"rendered":"Teologia \u00eenlocuirii"},"content":{"rendered":"<p><span style=\"font-family: Times New Roman, serif;\"><b>A \u00eenlocuit biserica poporul Israel \u00een planul lui Dumnezeu? <\/b><\/span><\/p>\n<p><span style=\"font-family: Times New Roman, serif;\">Unii oameni cred c\u0103 leg\u0103m\u00e2ntul lui Dumnezeu cu poporul evreu s-a \u00eencheiat \u00een anul 30 d.Hr. \u0219i c\u0103 toate binecuv\u00e2nt\u0103rile acordate poporului Israel prin promisiunile f\u0103cute lui Avraam s-au transferat c\u0103tre biserica format\u0103 din Neamuri. Ei cred c\u0103 Dumnezeu \u00eei va m\u00e2ntui pe evreii care \u00cel accept\u0103 pe Isus, dar c\u0103, \u00een planul S\u0103u de m\u00e2ntuire, nu exist\u0103 \u0219i nici nu va exista vreun loc pentru Israelul na\u021bional \u0219i etnic. <\/span><\/p>\n<p><span style=\"font-family: Times New Roman, serif;\">Este un termen cunoscut sub denumirea de teologia \u00eenlocuirii, iar \u00een aceast\u0103 bro\u0219ur\u0103 concis\u0103 \u0219i u\u0219or de citit, vei descoperi de ce aceasta este fals\u0103 \u0219i chiar periculoas\u0103 pentru cei care-L urmeaz\u0103 pe Isus. Vei afla, totodat\u0103:<\/span><\/p>\n<p><span style=\"font-family: Times New Roman, serif;\">&#8211; Care sunt r\u0103d\u0103cinile istorice ale teologiei \u00eenlocuirii<\/span><\/p>\n<p><span style=\"font-family: Times New Roman, serif;\">&#8211; Dac\u0103 aceast\u0103 credin\u021b\u0103 are vreo baz\u0103 teologic\u0103<\/span><\/p>\n<p><span style=\"font-family: Times New Roman, serif;\">&#8211; Dac\u0103 Noul Testament sus\u021bine aceast\u0103 idee<\/span><\/p>\n<p><span style=\"font-family: Times New Roman, serif;\">&#8211; Care este punctul de vedere al apostolului Pavel cu privire la teologia \u00eenlocuirii<\/span><\/p>\n<p><span style=\"font-family: Times New Roman, serif;\">&#8211; \u0218i multe altele<\/span><\/p>\n<p><span style=\"font-family: Times New Roman, serif;\">\u00cen cele din urm\u0103, vei afla despre chemarea lui Israel \u0219i despre modul \u00een care necredin\u021ba sa nu a pus cap\u0103t niciodat\u0103 scopului lui Dumnezeu pentru na\u021biunea creat\u0103 de El s\u0103 aduc\u0103 slav\u0103 Numelui S\u0103u. <\/span><\/p>\n","protected":false},"excerpt":{"rendered":"<p>A \u00eenlocuit biserica poporul Israel \u00een planul lui Dumnezeu? Unii oameni cred c\u0103 leg\u0103m\u00e2ntul lui Dumnezeu cu poporul evreu s-a \u00eencheiat \u00een anul 30 d.Hr. \u0219i c\u0103 toate binecuv\u00e2nt\u0103rile acordate poporului Israel prin promisiunile f\u0103cute lui Avraam s-au transferat c\u0103tre biserica format\u0103 din Neamuri. Ei cred c\u0103 Dumnezeu \u00eei va m\u00e2ntui pe evreii care \u00cel [&hellip;]<\/p>\n","protected":false},"featured_media":38213,"template":"","meta":{"_acf_changed":false},"product_brand":[],"product_cat":[24],"product_tag":[],"class_list":{"0":"post-38211","1":"product","2":"type-product","3":"status-publish","4":"has-post-thumbnail","6":"product_cat-intelegerea-vremurilor-israel","7":"pa_autori-dr-susan-michael","8":"pa_format-carte-tiparita","10":"first","11":"instock","12":"shipping-taxable","13":"purchasable","14":"product-type-variable"},"acf":[],"_links":{"self":[{"href":"https:\/\/alfaomega.tv\/librarie\/wp-json\/wp\/v2\/product\/38211","targetHints":{"allow":["GET"]}}],"collection":[{"href":"https:\/\/alfaomega.tv\/librarie\/wp-json\/wp\/v2\/product"}],"about":[{"href":"https:\/\/alfaomega.tv\/librarie\/wp-json\/wp\/v2\/types\/product"}],"wp:featuredmedia":[{"embeddable":true,"href":"https:\/\/alfaomega.tv\/librarie\/wp-json\/wp\/v2\/media\/38213"}],"wp:attachment":[{"href":"https:\/\/alfaomega.tv\/librarie\/wp-json\/wp\/v2\/media?parent=38211"}],"wp:term":[{"taxonomy":"product_brand","embeddable":true,"href":"https:\/\/alfaomega.tv\/librarie\/wp-json\/wp\/v2\/product_brand?post=38211"},{"taxonomy":"product_cat","embeddable":true,"href":"https:\/\/alfaomega.tv\/librarie\/wp-json\/wp\/v2\/product_cat?post=38211"},{"taxonomy":"product_tag","embeddable":true,"href":"https:\/\/alfaomega.tv\/librarie\/wp-json\/wp\/v2\/product_tag?post=38211"}],"curies":[{"name":"wp","href":"https:\/\/api.w.org\/{rel}","templated":true}]}}